000
CXUS51 KPBZ 141249
CF6ZZV
PRELIMINARY LOCAL CLIMATOLOGICAL DATA (WS FORM: F-6)
STATION: ZANESVILLE OH
MONTH: JANUARY
YEAR: 2022
LATITUDE: 39 56 N
LONGITUDE: 81 54 W
TEMPERATURE IN F: :PCPN: SNOW: WIND :SUNSHINE: SKY :PK WND
================================================================================
1 2 3 4 5 6A 6B 7 8 9 10 11 12 13 14 15 16 17 18
12Z AVG MX 2MIN
DY MAX MIN AVG DEP HDD CDD WTR SNW DPTH SPD SPD DIR MIN PSBL S-S WX SPD DR
================================================================================
1 59 43 51 20 14 0 1.31 M M 5.7 17 270 M M 10 12 21 260
2 43 30 37 6 28 0 0.02 M M 8.2 16 330 M M 10 1 22 30
3 32 21 27 -4 38 0 0.00 M M 7.5 16 30 M M 7 23 20
4 40 19 30 -1 35 0 0.00 M M 5.9 15 170 M M 0 19 170
5 50 26 38 7 27 0 0.00 M M 14.1 25 240 M M 2 38 230
6 26 17 22 -9 43 0 0.06 M M 7.0 20 280 M M 4 18 26 270
7 20 11 16 -14 49 0 T M M 8.5 16 260 M M 8 8 22 270
8 37 6 22 -8 43 0 0.03 M M 5.7 13 160 M M 2 17 160
9 44 25 35 5 30 0 0.45 M M 10.4 21 290 M M 7 1 26 290
10 26 17 22 -8 43 0 T M M 10.6 21 310 M M 5 30 320
11 27 11 19 -11 46 0 0.00 M M 6.0 16 180 M M 2 21 310
12 47 25 36 6 29 0 0.00 M M 6.9 15 230 M M 1 23 210
13 44 28 36 6 29 0 0.00 M M 2.8 8 180 M M 5 11 340
14 37 29 33 3 32 0 0.00 M M 7.7 13 30 M M 10 1 18 360
15 29 19 24 -6 41 0 0.00 M M 7.9 14 40 M M 4 17 30
16 31 16 24 -6 41 0 0.57 M M 6.1 12 90 M M 5 1268 14 20
17 30 23 27 -3 38 0 0.15 M M 12.3 23 280 M M 9 128 31 290
18 30 26 28 -2 37 0 0.00 M M 9.1 17 170 M M 9 1 21 170
19 47 27 37 7 28 0 0.00 M M 8.7 16 320 M M 5 27 170
20 32 12 22 -8 43 0 T M M 7.4 16 340 M M 8 23 340
21 22 2 12 -18 53 0 0.00 M M 4.0 14 40 M M 4 18 50
22 27 -9 9 -21 56 0 0.00 M M 4.6 14 180 M M 3 18 170
23 30 19 25 -5 40 0 0.01 M M 10.0 18 200 M M 9 128 26 190
24 33 10 22 -8 43 0 0.07 M M 6.0 18 190 M M 10 12 23 190
25 33 17 25 -5 40 0 T M M 6.6 16 320 M M 6 18 22 340
26 20 -2 9 -21 56 0 0.00 M M 2.4 9 320 M M 1 1 10 320
27 33 -11 11 -19 54 0 T M M 3.8 16 200 M M 5 20 220
28 31 13 22 -8 43 0 0.08 M M 5.9 15 340 M M 9 1 20 340
29 20 1 11 -19 54 0 0.00 M M 4.7 10 230 M M 0 14 260
30 32 5 19 -11 46 0 T M M 2.9 9 180 M M 6 11 170
31 37 5 21 -9 44 0 0.00 M M 0.5 6 340 M M 0 18 7 340
================================================================================
SM 1049 481 1243 0 2.75 M 209.9 M 166
================================================================================
AV 33.8 15.5 6.8 FASTST M M 5 MAX(MPH)
MISC ----> 25 240 38 230
================================================================================
NOTES:
# LAST OF SEVERAL OCCURRENCES
COLUMN 17 PEAK WIND IN M.P.H.
PRELIMINARY LOCAL CLIMATOLOGICAL DATA (WS FORM: F-6) , PAGE 2
STATION: ZANESVILLE OH
MONTH: JANUARY
YEAR: 2022
LATITUDE: 39 56 N
LONGITUDE: 81 54 W
[TEMPERATURE DATA] [PRECIPITATION DATA] SYMBOLS USED IN COLUMN 16
AVERAGE MONTHLY: 24.7 TOTAL FOR MONTH: 2.75 1 = FOG OR MIST
DPTR FM NORMAL: -5.4 DPTR FM NORMAL: -0.05 2 = FOG REDUCING VISIBILITY
HIGHEST: 59 ON 1 GRTST 24HR 1.31 ON 1- 1 TO 1/4 MILE OR LESS
LOWEST: -11 ON 27 3 = THUNDER
SNOW, ICE PELLETS, HAIL 4 = ICE PELLETS
TOTAL MONTH: M 5 = HAIL
GRTST 24HR M ON M 6 = FREEZING RAIN OR DRIZZLE
GRTST DEPTH: M ON M 7 = DUSTSTORM OR SANDSTORM:
VSBY 1/2 MILE OR LESS
8 = SMOKE OR HAZE
[NO. OF DAYS WITH] [WEATHER - DAYS WITH] 9 = BLOWING SNOW
X = TORNADO
MAX 32 OR BELOW: 17 0.01 INCH OR MORE: 10
MAX 90 OR ABOVE: 0 0.10 INCH OR MORE: 4
MIN 32 OR BELOW: 30 0.50 INCH OR MORE: 2
MIN 0 OR BELOW: 3 1.00 INCH OR MORE: 1
[HDD (BASE 65) ]
TOTAL THIS MO. 1243 CLEAR (SCALE 0-3) 8
DPTR FM NORMAL 160 PTCLDY (SCALE 4-7) 15
TOTAL FM JUL 1 2869 CLOUDY (SCALE 8-10) 8
DPTR FM NORMAL -223
[CDD (BASE 65) ]
TOTAL THIS MO. 0
DPTR FM NORMAL 0 [PRESSURE DATA]
TOTAL FM JAN 1 0 HIGHEST SLP 30.63 ON 11
DPTR FM NORMAL 0 LOWEST SLP 29.32 ON 17
[REMARKS]
#FINAL-01-22#