000
CXUS51 KPBZ 011758
CLAZZV
CLIMATE REPORT
NATIONAL WEATHER SERVICE PITTSBURGH PA
1258 PM EST MON JAN 01 2024
...................................
...THE ZANESVILLE OH CLIMATE SUMMARY FOR THE YEAR OF 2023...
CLIMATE NORMAL PERIOD 1991 TO 2020
CLIMATE RECORD PERIOD 1895 TO 2023
WEATHER OBSERVED NORMAL DEPART LAST YEAR`S
VALUE DATE(S) VALUE FROM VALUE DATE(S)
NORMAL
................................................................
TEMPERATURE (F)
RECORD
HIGH 106 07/14/1936
07/25/1934
LOW -25 01/19/1994
HIGHEST 91 06/02 MM MM 94 06/15
06/03
07/26
06/22
LOWEST 9 02/04 MM MM -11 01/27
AVG. MAXIMUM 65.3 63.3 2.0 63.1
AVG. MINIMUM 44.3 42.6 1.7 42.6
MEAN 54.8 53.0 1.8 52.8
DAYS MAX >= 90 5 13.2 -8.2 8
DAYS MAX <= 32 6 26.9 -20.9 29
DAYS MIN <= 32 98 115.6 -17.6 105
DAYS MIN <= 0 0 3.3 -3.3 5
PRECIPITATION (INCHES)
RECORD
MAXIMUM 54.47 1990
MINIMUM 22.55 1900
TOTALS 37.00 38.57 -1.57 39.76
DAILY AVG. 0.10 0.11 -0.01 0.12
DAYS >= .01 127 137.6 -10.6 129
DAYS >= .10 78 80.5 -2.5 76
DAYS >= .50 25 25.9 -0.9 29
DAYS >= 1.00 6 6.9 -0.9 8
DAYS >= %-5.2F 1 2
GREATEST
24 HR. TOTAL 2.05 07/02 TO 07/02
STORM TOTAL 2.05
(MM/DD(HH))
DEGREE DAYS
HEATING TOTAL 4383 5268 -885 5119
SINCE 7/1 1634 2014 -380 MM
COOLING TOTAL 787 914 -127 912
SINCE 1/1 787 912 -125 MM
FREEZE DATES
RECORD
EARLIEST MM
LATEST MM
EARLIEST 10/23
LATEST 04/25
................................................................
WIND (MPH)
AVERAGE WIND SPEED 5.5
HIGHEST WIND SPEED/DIRECTION 40/260 DATE 03/25
HIGHEST GUST SPEED/DIRECTION 57/260 DATE 03/25
AVERAGE RH (PERCENT) 69
WEATHER CONDITIONS. NUMBER OF DAYS WITH
THUNDERSTORM 32 MIXED PRECIP 1
HEAVY RAIN 40 RAIN 70
LIGHT RAIN 136 FREEZING RAIN 0
LT FREEZING RAIN 0 HAIL 0
HEAVY SNOW 1 SNOW 5
LIGHT SNOW 23 SLEET 0
FOG 165 FOG W/VIS <= 1/4 MILE 24
HAZE 28
- INDICATES NEGATIVE NUMBERS.
R INDICATES RECORD WAS SET OR TIED.
MM INDICATES DATA IS MISSING.
T INDICATES TRACE AMOUNT.
$$