000
CXUS54 KFWD 200730
CF60F2
PRELIMINARY LOCAL CLIMATOLOGICAL DATA (WS FORM: F-6)

                                          STATION:   BOWIE
                                          MONTH:     FEBRUARY
                                          YEAR:      2018
                                          LATITUDE:   33 36 N
                                          LONGITUDE:  97 47 W

  TEMPERATURE IN F:       :PCPN:    SNOW:  WIND      :SUNSHINE: SKY     :PK WND
================================================================================
1   2   3   4   5  6A  6B    7    8   9   10  11  12  13   14  15   16   17  18
                                     12Z  AVG MX 2MIN
DY MAX MIN AVG DEP HDD CDD  WTR  SNW DPTH SPD SPD DIR MIN PSBL S-S WX    SPD DR
================================================================================

 1  59  37  48   5  17   0 0.00  0.0    0 10.4 16  10   M    M   0        28 360
 2  53  26  40  -3  25   0 0.00  0.0    0  5.0  9  10   M    M   0         M  M
 3  62  34  48   5  17   0 0.00  0.0    0  9.1 22 190   M    M   0 1      30 170
 4  60  25  43   0  22   0 0.00  0.0    0  8.1 23 350   M    M   5 12     31 350
 5  40  17  29 -14  36   0 0.00  0.0    0  4.4 13 180   M    M   4        16 180
 6  34  28  31 -12  34   0 0.00  0.0    0  7.8 13 340   M    M   8 1       M  M
 7  48  22  35  -9  30   0 0.00  0.0    0  7.4 17 350   M    M   1        27 350
 8  60  22  41  -3  24   0 0.00  0.0    0  4.7 13 150   M    M   0        20 160
 9  74  35  55  11  10   0 0.00  0.0    0  8.4 16 160   M    M   0        24 150
10  42  23  33 -11  32   0 0.00  0.0    0 12.9 20 330   M    M  10 1      25 330
11  38  22  30 -14  35   0 0.00  0.0    0 11.4 18 320   M    M   4        25 320
12  44  20  32 -12  33   0 0.00  0.0    0  2.5  7  80   M    M   0         M  M
13  46  35  41  -4  24   0    M  0.0    0  5.4 10 140   M    M  10 1      16 140
14  82  44  63  18   2   0 0.00  0.0    0  9.4 17 170   M    M   5 1      28 200
15  81  60  71  26   0   6 0.00  0.0    0 11.7 20 190   M    M   2        30 200
16  68  42  55  10  10   0    T  0.0    0 10.6 22 350   M    M   6        35 340
17  61  37  49   3  16   0 0.22  0.0    0  4.0 13 340   M    M   3        18 340
18  62  38  50   4  15   0 0.00  0.0    0  8.2 14 160   M    M   7 1      22 150
19  75  61  68  22   0   3 0.00  0.0    0 13.8 22 190   M    M   9        33 190
================================================================================
SM 1089  628       382   9  0.22     0.0 155.2          M       74
================================================================================
AV 57.3 33.1                               8.2 FASTST   M    M   4    MAX(MPH)
                                 MISC ---->  # 23 350               # 35  340
================================================================================
NOTES:
# LAST OF SEVERAL OCCURRENCES

COLUMN 17 PEAK WIND IN M.P.H.

PRELIMINARY LOCAL CLIMATOLOGICAL DATA (WS FORM: F-6) , PAGE 2

                                          STATION:  BOWIE
                                          MONTH:    FEBRUARY
                                          YEAR:     2018
                                          LATITUDE:   33 36 N
                                          LONGITUDE:  97 47 W

[TEMPERATURE DATA]      [PRECIPITATION DATA]       SYMBOLS USED IN COLUMN 16

AVERAGE MONTHLY: 45.2   TOTAL FOR MONTH:   0.22    1 = FOG OR MIST
DPTR FM NORMAL:   1.0   DPTR FM NORMAL:   -1.34    2 = FOG REDUCING VISIBILITY
HIGHEST:    82 ON 14    GRTST 24HR  0.22 ON 17-17      TO 1/4 MILE OR LESS
LOWEST:     17 ON  5                               3 = THUNDER
                        SNOW, ICE PELLETS, HAIL    4 = ICE PELLETS
                        TOTAL MONTH:   0.0 INCH    5 = HAIL
                        GRTST 24HR     0.0         6 = FREEZING RAIN OR DRIZZLE
                        GRTST DEPTH:   0           7 = DUSTSTORM OR SANDSTORM:
                                                       VSBY 1/2 MILE OR LESS
                                                   8 = SMOKE OR HAZE
[NO. OF DAYS WITH]      [WEATHER - DAYS WITH]      9 = BLOWING SNOW
                                                   X = TORNADO
MAX 32 OR BELOW:   0    0.01 INCH OR MORE:   1
MAX 90 OR ABOVE:   0    0.10 INCH OR MORE:   1
MIN 32 OR BELOW:   9    0.50 INCH OR MORE:   0
MIN  0 OR BELOW:   0    1.00 INCH OR MORE:   0

[HDD (BASE 65) ]
TOTAL THIS MO.   382    CLEAR  (SCALE 0-3)   8
DPTR FM NORMAL   -15    PTCLDY (SCALE 4-7)   8
TOTAL FM JUL 1  2128    CLOUDY (SCALE 8-10)  3
DPTR FM NORMAL  -220

[CDD (BASE 65) ]
TOTAL THIS MO.     9
DPTR FM NORMAL     9    [PRESSURE DATA]
TOTAL FM JAN 1     9    HIGHEST SLP M ON M
DPTR FM NORMAL     9    LOWEST  SLP M ON M

[REMARKS]
