000
CXUS51 KBTV 270700
CF61V4
PRELIMINARY LOCAL CLIMATOLOGICAL DATA (WS FORM: F-6)

                                          STATION:   ST. JOHNSBURY VT
                                          MONTH:     FEBRUARY
                                          YEAR:      2015
                                          LATITUDE:   44 25 N
                                          LONGITUDE:  72  1 W

  TEMPERATURE IN F:       :PCPN:    SNOW:  WIND      :SUNSHINE: SKY     :PK WND
================================================================================
1   2   3   4   5  6A  6B    7    8   9   10  11  12  13   14  15   16   17  18
                                     12Z  AVG MX 2MIN
DY MAX MIN AVG DEP HDD CDD  WTR  SNW DPTH SPD SPD DIR MIN PSBL S-S WX    SPD DR
================================================================================

 1  13 -15  -1 -18  66   0 0.00  0.0    0   M   M   M   M    M   0         M  M
 2  14  -9   3 -14  62   0 0.49    M    0   M   M   M   M    M   0         M  M
 3  28 -13   8  -9  57   0 0.00  0.0    0   M   M   M   M    M   0         M  M
 4  27   0  14  -3  51   0 0.06    M    0   M   M   M   M    M   0         M  M
 5  28 -11   9  -8  56   0 0.05    M    0   M   M   M   M    M   0         M  M
 6  14 -20  -3 -20  68   0 0.02    M    0   M   M   M   M    M   0         M  M
 7  20  12  16  -2  49   0 0.04    M    0   M   M   M   M    M   0         M  M
 8  14   7  11  -7  54   0 0.45    M    0   M   M   M   M    M   0         M  M
 9  18  12  15  -3  50   0 0.03    M    0   M   M   M   M    M   0         M  M
10  26   3  15  -3  50   0 0.00  0.0    0   M   M   M   M    M   0         M  M
11  25  -9   8 -10  57   0 0.00  0.0    0   M   M   M   M    M   0         M  M
12  27   7  17  -1  48   0 0.02    M    0   M   M   M   M    M   0         M  M
13   7 -12  -2 -21  67   0 0.00  0.0    0   M   M   M   M    M   0         M  M
14  11 -16  -2 -21  67   0 0.15    M    0   M   M   M   M    M   0         M  M
15  12  -8   2 -17  63   0 0.02    M    0   M   M   M   M    M   0         M  M
16   8 -13  -2 -22  67   0 0.00  0.0    0   M   M   M   M    M   0         M  M
17  17 -21  -2 -22  67   0 0.00  0.0    0   M   M   M   M    M   0         M  M
18  26  -8   9 -11  56   0 0.04    M    0   M   M   M   M    M   0         M  M
19  21   2  12  -8  53   0 0.19    M    0   M   M   M   M    M   0         M  M
20  12  -9   2 -19  63   0 0.00  0.0    0   M   M   M   M    M   0         M  M
21  22 -18   2 -19  63   0 0.15    M    0   M   M   M   M    M   0         M  M
22  30  10  20  -1  45   0 0.02    M    0   M   M   M   M    M   0         M  M
23  23 -17   3 -19  62   0 0.00  0.0    0   M   M   M   M    M   0         M  M
24  16 -26  -5 -27  70   0 0.00  0.0    0   M   M   M   M    M   0         M  M
25  28   7  18  -4  47   0 0.00  0.0    0   M   M   M   M    M   0         M  M
26  15  -1   7 -16  58   0 0.00  0.0    0   M   M   M   M    M   0         M  M
================================================================================
SM  502 -166      1516   0  1.73     0.0     M          M        0
================================================================================
AV 19.3 -6.4                                 M FASTST   M    M   0    MAX(MPH)
                                 MISC ---->     M   M                  M    M
================================================================================
NOTES:
# LAST OF SEVERAL OCCURRENCES

COLUMN 17 PEAK WIND IN M.P.H.

PRELIMINARY LOCAL CLIMATOLOGICAL DATA (WS FORM: F-6) , PAGE 2

                                          STATION:  ST. JOHNSBURY VT
                                          MONTH:    FEBRUARY
                                          YEAR:     2015
                                          LATITUDE:   44 25 N
                                          LONGITUDE:  72  1 W

[TEMPERATURE DATA]      [PRECIPITATION DATA]       SYMBOLS USED IN COLUMN 16

AVERAGE MONTHLY:  6.5   TOTAL FOR MONTH:   1.73    1 = FOG OR MIST
DPTR FM NORMAL: -12.7   DPTR FM NORMAL:   -0.29    2 = FOG REDUCING VISIBILITY
HIGHEST:    30 ON 22    GRTST 24HR  0.49 ON  2- 2      TO 1/4 MILE OR LESS
LOWEST:    -26 ON 24                               3 = THUNDER
                        SNOW, ICE PELLETS, HAIL    4 = ICE PELLETS
                        TOTAL MONTH:   0.0 INCH    5 = HAIL
                        GRTST 24HR     0.0         6 = FREEZING RAIN OR DRIZZLE
                        GRTST DEPTH:   0           7 = DUSTSTORM OR SANDSTORM:
                                                       VSBY 1/2 MILE OR LESS
                                                   8 = SMOKE OR HAZE
[NO. OF DAYS WITH]      [WEATHER - DAYS WITH]      9 = BLOWING SNOW
                                                   X = TORNADO
MAX 32 OR BELOW:  26    0.01 INCH OR MORE:  14
MAX 90 OR ABOVE:   0    0.10 INCH OR MORE:   5
MIN 32 OR BELOW:  26    0.50 INCH OR MORE:   0
MIN  0 OR BELOW:  18    1.00 INCH OR MORE:   0

[HDD (BASE 65) ]
TOTAL THIS MO.  1516    CLEAR  (SCALE 0-3)  26
DPTR FM NORMAL   325    PTCLDY (SCALE 4-7)   0
TOTAL FM JUL 1  5945    CLOUDY (SCALE 8-10)  0
DPTR FM NORMAL   305

[CDD (BASE 65) ]
TOTAL THIS MO.     0
DPTR FM NORMAL     0    [PRESSURE DATA]
TOTAL FM JAN 1     0    HIGHEST SLP M ON M
DPTR FM NORMAL     0    LOWEST  SLP M ON M

[REMARKS]
