000
CXUS53 KUNR 230945
CF62WX
PRELIMINARY LOCAL CLIMATOLOGICAL DATA (WS FORM: F-6)

                                          STATION:   BUFFALO SD
                                          MONTH:     JANUARY
                                          YEAR:      2017
                                          LATITUDE:   45 35 N
                                          LONGITUDE: 103 33 W

  TEMPERATURE IN F:       :PCPN:    SNOW:  WIND      :SUNSHINE: SKY     :PK WND
================================================================================
1   2   3   4   5  6A  6B    7    8   9   10  11  12  13   14  15   16   17  18
                                     12Z  AVG MX 2MIN
DY MAX MIN AVG DEP HDD CDD  WTR  SNW DPTH SPD SPD DIR MIN PSBL S-S WX    SPD DR
================================================================================

 1  20   5  13  -7  52   0    M    M    M 14.3 26  80   M    M   M        32  80
 2  14  -6   4 -16  61   0    M    M    M 18.9 25 310   M    M   M        30 320
 3   1 -17  -8 -28  73   0    M    M    M 13.5 26 310   M    M   M        29 310
 4   3 -14  -5 -25  70   0    M    M    M 13.7 28 320   M    M   M        32 280
 5   3 -11  -4 -24  69   0    M    M    M 16.7 28 300   M    M   M        33 310
 6  16  -5   6 -14  59   0    M    M    M 12.2 26 320   M    M   M        29 320
 7   5 -12  -3 -23  68   0 0.00    M    M  6.8 15 150   M    M   M        18 140
 8  12  -1   6 -14  59   0    M    M    M 15.0 41 300   M    M   M        46 300
 9  14   3   9 -11  56   0    M    M    M 13.6 29 310   M    M   M        34 310
10  12   1   7 -13  58   0    M    M    M 15.0 31 300   M    M   M        35 300
11   4  -9  -2 -22  67   0    M    M    M 12.3 24 310   M    M   M        26 310
12   5  -7  -1 -21  66   0 0.00    M    M 11.3 21 270   M    M   M        27 270
13  23  -8   8 -12  57   0 0.00    M    M  6.6 14 170   M    M   M        17 160
14  22   1  12  -8  53   0 0.00    M    M  3.3  9 190   M    M   M         9 290
15  30   8  19  -1  46   0 0.00    M    M  4.8 12 260   M    M   M        14 270
16  27  12  20   0  45   0 0.00    M    M 10.7 23 310   M    M   M        25 310
17  38  15  27   7  38   0 0.00    M    M  9.3 21 250   M    M   M        23 250
18  42  27  35  15  30   0 0.00    M    M  7.9 23 270   M    M   M        24 270
19  37  21  29   8  36   0 0.00    M    M  7.4 17 300   M    M   M        18 300
20  37  23  30   9  35   0 0.00    M    M 19.4 29 310   M    M   M        34 310
21  36  19  28   7  37   0 0.00    M    M 10.4 17 300   M    M   M        19 300
22  32  17  25   4  40   0 0.00    M    M  7.8 17 290   M    M   M        19 250
================================================================================
SM  433   62      1175   0  0.00    M    250.9          M        M
================================================================================
AV 19.7  2.8                              11.4 FASTST   M    M   3    MAX(MPH)
                                 MISC ---->  # 41 300               # 46  300
================================================================================
NOTES:
# LAST OF SEVERAL OCCURRENCES

COLUMN 17 PEAK WIND IN M.P.H.

PRELIMINARY LOCAL CLIMATOLOGICAL DATA (WS FORM: F-6) , PAGE 2

                                          STATION:  BUFFALO SD
                                          MONTH:    JANUARY
                                          YEAR:     2017
                                          LATITUDE:   45 35 N
                                          LONGITUDE: 103 33 W

[TEMPERATURE DATA]      [PRECIPITATION DATA]       SYMBOLS USED IN COLUMN 16

AVERAGE MONTHLY: 11.2   TOTAL FOR MONTH:   0.00    1 = FOG OR MIST
DPTR FM NORMAL:  -8.9   DPTR FM NORMAL:   -0.20    2 = FOG REDUCING VISIBILITY
HIGHEST:    42 ON 18    GRTST 24HR  2.25 ON 13-14      TO 1/4 MILE OR LESS
LOWEST:    -17 ON  3                               3 = THUNDER
                        SNOW, ICE PELLETS, HAIL    4 = ICE PELLETS
                        TOTAL MONTH:    M          5 = HAIL
                        GRTST 24HR    M  ON   M    6 = FREEZING RAIN OR DRIZZLE
                        GRTST DEPTH:  M  ON   M    7 = DUSTSTORM OR SANDSTORM:
                                                       VSBY 1/2 MILE OR LESS
                                                   8 = SMOKE OR HAZE
[NO. OF DAYS WITH]      [WEATHER - DAYS WITH]      9 = BLOWING SNOW
                                                   X = TORNADO
MAX 32 OR BELOW:  17    0.01 INCH OR MORE:   0
MAX 90 OR ABOVE:   0    0.10 INCH OR MORE:   0
MIN 32 OR BELOW:  22    0.50 INCH OR MORE:   0
MIN  0 OR BELOW:  10    1.00 INCH OR MORE:   0

[HDD (BASE 65) ]
TOTAL THIS MO.  1175    CLEAR  (SCALE 0-3)   0
DPTR FM NORMAL   190    PTCLDY (SCALE 4-7)   0
TOTAL FM JUL 1  4020    CLOUDY (SCALE 8-10)  0
DPTR FM NORMAL  -225

[CDD (BASE 65) ]
TOTAL THIS MO.     0
DPTR FM NORMAL     0    [PRESSURE DATA]
TOTAL FM JAN 1     0    HIGHEST SLP M ON M
DPTR FM NORMAL     0    LOWEST  SLP 29.11 ON 20

[REMARKS]
