000
CXUS55 KBOU 281317
CF633V
PRELIMINARY LOCAL CLIMATOLOGICAL DATA (WS FORM: F-6)

                                          STATION:   Walden
                                          MONTH:     MAY
                                          YEAR:      2015
                                          LATITUDE:   40 45 N
                                          LONGITUDE: 106 16 W

  TEMPERATURE IN F:       :PCPN:    SNOW:  WIND      :SUNSHINE: SKY     :PK WND
================================================================================
1   2   3   4   5  6A  6B    7    8   9   10  11  12  13   14  15   16   17  18
                                     12Z  AVG MX 2MIN
DY MAX MIN AVG DEP HDD CDD  WTR  SNW DPTH SPD SPD DIR MIN PSBL S-S WX    SPD DR
================================================================================

 1  63  30  47   M  18   0    M    M    M  7.8 25 270   M    M   2        32 270
 2  63  30  47   M  18   0    M    M    M  9.5 29 350   M    M   3        38 350
 3  63  30  47   M  18   0    M    M    M  7.4 16 210   M    M   3        23 210
 4  54  32  43   M  22   0    M    M    M  4.7 21 200   M    M   6        28 200
 5  59  30  45   M  20   0    M    M    M  4.5 21 340   M    M   6        25 340
 6  50  37  44   M  21   0    M    M    M  5.3 14 210   M    M  10         M  M
 7  52  34  43   M  22   0    M    M    M  7.4 14 240   M    M   5        18 150
 8  50  30  40   M  25   0    M    M    M  4.7 17 180   M    M   7        27 180
 9  43  27  35   M  30   0    M    M    M  8.9 23 360   M    M   8        28 360
10  34  25  30   M  35   0    M    M    M 12.8 23 340   M    M  10        30 330
11  50  23  37   M  28   0    M    M    M  5.3 10 190   M    M   3        17 190
12  61  30  46   M  19   0    M    M    M  7.4 14 190   M    M   3        21 230
13  54  34  44   M  21   0    M    M    M  7.2 13  10   M    M   7        17 170
14  59  30  45   M  20   0    M    M    M  3.7 16 200   M    M   4        31 200
15  52  32  42   M  23   0    M    M    M  6.6 18 220   M    M   6        25 220
16  52  27  40   M  25   0    M    M    M  7.8 15 240   M    M   4        17 230
17  54  34  44   M  21   0    M    M    M  7.3 15 190   M    M   9        21 190
18  59  30  45   M  20   0    M    M    M  5.6 21  60   M    M   5        28  60
19  43  34  39   M  26   0    M    M    M  5.5 17 210   M    M   9         M  M
20  50  34  42   M  23   0    M    M    M  5.4 13 350   M    M   7         M  M
21  57  30  44   M  21   0    M    M    M  5.7 13 160   M    M   5        20 160
22  54  36  45   M  20   0    M    M    M  6.7 21 240   M    M   8        32 240
23  54  34  44   M  21   0    M    M    M  7.3 24 230   M    M   5        28 140
24  52  32  42   M  23   0    M    M    M  7.5 21 200   M    M   7        24 200
25  50  34  42   M  23   0    M    M    M  4.7 13 350   M    M   8        22 350
26  55  34  45   M  20   0    M    M    M  6.5 17 220   M    M   6        23 220
27  61  41  51   M  14   0    M    M    M  9.0 23 230   M    M   7        28 230
================================================================================
SM 1448  854       597   0    M     M    182.2          M      163
================================================================================
AV 53.6 31.6                               6.7 FASTST   M    M   6    MAX(MPH)
                                 MISC ---->    29   M               # 38  350
================================================================================
NOTES:
# LAST OF SEVERAL OCCURRENCES

COLUMN 17 PEAK WIND IN M.P.H.

PRELIMINARY LOCAL CLIMATOLOGICAL DATA (WS FORM: F-6) , PAGE 2

                                          STATION:  Walden
                                          MONTH:    MAY
                                          YEAR:     2015
                                          LATITUDE:   40 45 N
                                          LONGITUDE: 106 16 W

[TEMPERATURE DATA]      [PRECIPITATION DATA]       SYMBOLS USED IN COLUMN 16

AVERAGE MONTHLY: 42.6   TOTAL FOR MONTH:      M    1 = FOG OR MIST
DPTR FM NORMAL:     M   DPTR FM NORMAL:       M    2 = FOG REDUCING VISIBILITY
HIGHEST:    63 ON  3, 2 GRTST 24HR    M  ON   M        TO 1/4 MILE OR LESS
LOWEST:     23 ON 11                               3 = THUNDER
                        SNOW, ICE PELLETS, HAIL    4 = ICE PELLETS
                        TOTAL MONTH:    M          5 = HAIL
                        GRTST 24HR    M  ON   M    6 = FREEZING RAIN OR DRIZZLE
                        GRTST DEPTH:  M  ON   M    7 = DUSTSTORM OR SANDSTORM:
                                                       VSBY 1/2 MILE OR LESS
                                                   8 = SMOKE OR HAZE
[NO. OF DAYS WITH]      [WEATHER - DAYS WITH]      9 = BLOWING SNOW
                                                   X = TORNADO
MAX 32 OR BELOW:   0    0.01 INCH OR MORE:   0
MAX 90 OR ABOVE:   0    0.10 INCH OR MORE:   0
MIN 32 OR BELOW:  16    0.50 INCH OR MORE:   0
MIN  0 OR BELOW:   0    1.00 INCH OR MORE:   0

[HDD (BASE 65) ]
TOTAL THIS MO.   597    CLEAR  (SCALE 0-3)   4
DPTR FM NORMAL     M    PTCLDY (SCALE 4-7)  18
TOTAL FM JUL 1  8959    CLOUDY (SCALE 8-10)  5
DPTR FM NORMAL     M

[CDD (BASE 65) ]
TOTAL THIS MO.     0
DPTR FM NORMAL     M    [PRESSURE DATA]
TOTAL FM JAN 1     0    HIGHEST SLP M ON M
DPTR FM NORMAL     M    LOWEST  SLP M ON M

[REMARKS]
