000
CXUS56 KMFR 201000
CF6AAT
PRELIMINARY LOCAL CLIMATOLOGICAL DATA (WS FORM: F-6)

                                          STATION:   ALTURAS CA
                                          MONTH:     APRIL
                                          YEAR:      2014
                                          LATITUDE:   41 29 N
                                          LONGITUDE: 120 34 W

  TEMPERATURE IN F:       :PCPN:    SNOW:  WIND      :SUNSHINE: SKY     :PK WND
================================================================================
1   2   3   4   5  6A  6B    7    8   9   10  11  12  13   14  15   16   17  18
                                     12Z  AVG MX 2MIN
DY MAX MIN AVG DEP HDD CDD  WTR  SNW DPTH SPD SPD DIR MIN PSBL S-S WX    SPD DR
================================================================================

 1  46  28  37  -3  28   0    T    M    M  8.3 23 260   M    M   7 18     27 260
 2  51  28  40   0  25   0    T    M    M  4.3 15 300   M    M   7 18     19 270
 3  51  23  37  -3  28   0 0.01    M    M  4.9 26 250   M    M   5 1      33 250
 4  47  26  37  -4  28   0 0.09    M    M  4.1 16 320   M    M   8 12     19 190
 5  54  27  41   0  24   0    T    M    M  3.7 16 250   M    M   7 1      19 250
 6  63  33  48   7  17   0    T    M    M  4.2 14 290   M    M   5 8      21 330
 7  74  27  51  10  14   0 0.00    M    M  3.5 16 190   M    M   0 1      21 180
 8  74  30  52  11  13   0 0.00    M    M  5.5 20 260   M    M   0        26 260
 9  72  36  54  12  11   0 0.00    M    M  6.3 20 230   M    M   3        27 280
10  73  32  53  11  12   0 0.00    M    M  4.1 15 260   M    M   0        19 280
11  75  30  53  11  12   0 0.00    M    M  2.7 13 350   M    M   1        17 310
12  74  35  55  13  10   0 0.00    M    M  9.0 29 320   M    M   0        36 300
13  65  33  49   7  16   0 0.00    M    M  7.4 17  70   M    M   0        24  70
14  73  22  48   5  17   0 0.00    M    M  3.9 15 260   M    M   0        20 270
15  66  30  48   5  17   0 0.00    M    M  8.0 20 320   M    M   1        26 340
16  67  34  51   8  14   0 0.00    M    M  4.1 16 320   M    M   1        20 320
17  74  30  52   9  13   0 0.10    M    M  8.9 30 320   M    M   4 1      38 320
18  67  34  51   7  14   0 0.00    M    M  2.8 14 310   M    M   4 1      18 310
19  69  28  49   5  16   0 0.00    M    M  9.7 31 270   M    M   0        40 280
================================================================================
SM 1235  566       329   0  0.20    M    105.4          M       53
================================================================================
AV 65.0 29.8                               5.5 FASTST   M    M   3    MAX(MPH)
                                 MISC ---->  # 31 270               # 40  280
================================================================================
NOTES:
# LAST OF SEVERAL OCCURRENCES

COLUMN 17 PEAK WIND IN M.P.H.

PRELIMINARY LOCAL CLIMATOLOGICAL DATA (WS FORM: F-6) , PAGE 2

                                          STATION:  ALTURAS CA
                                          MONTH:    APRIL
                                          YEAR:     2014
                                          LATITUDE:   41 29 N
                                          LONGITUDE: 120 34 W

[TEMPERATURE DATA]      [PRECIPITATION DATA]       SYMBOLS USED IN COLUMN 16

AVERAGE MONTHLY: 47.4   TOTAL FOR MONTH:   0.20    1 = FOG OR MIST
DPTR FM NORMAL:   5.6   DPTR FM NORMAL:   -0.76    2 = FOG REDUCING VISIBILITY
HIGHEST:    75 ON 11    GRTST 24HR  0.10 ON 17-17      TO 1/4 MILE OR LESS
LOWEST:     22 ON 14                               3 = THUNDER
                        SNOW, ICE PELLETS, HAIL    4 = ICE PELLETS
                        TOTAL MONTH:    M          5 = HAIL
                        GRTST 24HR    M  ON   M    6 = FREEZING RAIN OR DRIZZLE
                        GRTST DEPTH:  M  ON   M    7 = DUSTSTORM OR SANDSTORM:
                                                       VSBY 1/2 MILE OR LESS
                                                   8 = SMOKE OR HAZE
[NO. OF DAYS WITH]      [WEATHER - DAYS WITH]      9 = BLOWING SNOW
                                                   X = TORNADO
MAX 32 OR BELOW:   0    0.01 INCH OR MORE:   3
MAX 90 OR ABOVE:   0    0.10 INCH OR MORE:   1
MIN 32 OR BELOW:  13    0.50 INCH OR MORE:   0
MIN  0 OR BELOW:   0    1.00 INCH OR MORE:   0

[HDD (BASE 65) ]
TOTAL THIS MO.   329    CLEAR  (SCALE 0-3)  11
DPTR FM NORMAL  -111    PTCLDY (SCALE 4-7)   8
TOTAL FM JUL 1  5838    CLOUDY (SCALE 8-10)  0
DPTR FM NORMAL  -294

[CDD (BASE 65) ]
TOTAL THIS MO.     0
DPTR FM NORMAL     0    [PRESSURE DATA]
TOTAL FM JAN 1     0    HIGHEST SLP M ON M
DPTR FM NORMAL     0    LOWEST  SLP 29.80 ON  1

[REMARKS]
