000
CXUS56 KMFR 291000
CF6AAT
PRELIMINARY LOCAL CLIMATOLOGICAL DATA (WS FORM: F-6)

                                          STATION:   ALTURAS CA
                                          MONTH:     MARCH
                                          YEAR:      2017
                                          LATITUDE:   41 29 N
                                          LONGITUDE: 120 34 W

  TEMPERATURE IN F:       :PCPN:    SNOW:  WIND      :SUNSHINE: SKY     :PK WND
================================================================================
1   2   3   4   5  6A  6B    7    8   9   10  11  12  13   14  15   16   17  18
                                     12Z  AVG MX 2MIN
DY MAX MIN AVG DEP HDD CDD  WTR  SNW DPTH SPD SPD DIR MIN PSBL S-S WX    SPD DR
================================================================================

 1  48  14  31  -6  34   0 0.00    M    M  1.6  8  70   M    M   0 18      9  60
 2  56  17  37   0  28   0 0.00    M    M  1.8  9 170   M    M   0 18     11 170
 3  53  24  39   2  26   0    T    M    M  4.4 24 260   M    M   5 18     30 260
 4  48  31  40   3  25   0 0.16    M    M 11.2 29 210   M    M   8 1      39 200
 5  33  21  27 -10  38   0 0.07    M    M 11.5 26 270   M    M   5 18     34 220
 6  36  22  29  -8  36   0 0.01    M    M  9.6 24 260   M    M  10 1      31 230
 7  43  32  38   0  27   0 0.12    M    M  7.2 16 210   M    M  10 1      20 200
 8  53  35  44   6  21   0 0.00    M    M  4.9 14 230   M    M   9 1      19 240
 9  61  38  50  12  15   0 0.00    M    M  4.2 15 240   M    M   4        22 230
10  59  35  47   9  18   0 0.02    M    M  2.8 12 350   M    M   3 18     14 340
11  63  30  47   9  18   0 0.00    M    M  7.3 24 250   M    M   0 1      29 250
12  66  27  47   9  18   0 0.00    M    M  2.1  9  20   M    M   0 18     12  20
13  70  27  49  11  16   0 0.00    M    M  1.8 14 340   M    M   0 1      17 340
14  70  28  49  11  16   0 0.00    M    M  5.0 17 270   M    M   0 1      22 250
15  64  40  52  14  13   0 0.01    M    M  9.1 26 190   M    M   6        34 190
16  58  35  47   9  18   0 0.00    M    M  6.5 16 250   M    M   6        21 250
17  69  29  49  10  16   0 0.00    M    M  5.5 20 250   M    M   1 8      24 250
18  57  39  48   9  17   0 0.03    M    M 10.1 32 220   M    M   6        41 210
19  56  39  48   9  17   0    T    M    M  4.0 21 260   M    M   9        24 260
20  64  42  53  14  12   0    T    M    M  9.8 28 230   M    M   7        36 200
21  51  39  45   6  20   0 0.21    M    M 14.1 26 190   M    M   5 1      33 170
22  46  33  40   1  25   0 0.14    M    M  7.6 20 280   M    M   7 1      23 280
23  52  25  39   0  26   0 0.00    M    M  6.2 20 230   M    M   4 1      25 240
24  44  36  40   1  25   0 0.02    M    M 11.2 28 190   M    M  10        37 190
25  52  29  41   2  24   0 0.01    M    M  4.9 17 270   M    M   6        23 270
26  48  26  37  -2  28   0 0.09    M    M  7.1 20 260   M    M   9 1      24 190
27  48  30  39  -1  26   0 0.01    M    M  7.1 22 310   M    M   5 8      27 320
28  53  24  39  -1  26   0 0.00    M    M  2.2 13 310   M    M   2 18     19 330
================================================================================
SM 1521  847       629   0  0.90    M    180.8          M      137
================================================================================
AV 54.3 30.3                               6.5 FASTST   M    M   5    MAX(MPH)
                                 MISC ---->  # 32 220               # 41  210
================================================================================
NOTES:
# LAST OF SEVERAL OCCURRENCES

COLUMN 17 PEAK WIND IN M.P.H.

PRELIMINARY LOCAL CLIMATOLOGICAL DATA (WS FORM: F-6) , PAGE 2

                                          STATION:  ALTURAS CA
                                          MONTH:    MARCH
                                          YEAR:     2017
                                          LATITUDE:   41 29 N
                                          LONGITUDE: 120 34 W

[TEMPERATURE DATA]      [PRECIPITATION DATA]       SYMBOLS USED IN COLUMN 16

AVERAGE MONTHLY: 42.3   TOTAL FOR MONTH:   0.90    1 = FOG OR MIST
DPTR FM NORMAL:   4.0   DPTR FM NORMAL:   -0.46    2 = FOG REDUCING VISIBILITY
HIGHEST:    70 ON 14,13 GRTST 24HR  0.21 ON 21-21      TO 1/4 MILE OR LESS
LOWEST:     14 ON  1                               3 = THUNDER
                        SNOW, ICE PELLETS, HAIL    4 = ICE PELLETS
                        TOTAL MONTH:    M          5 = HAIL
                        GRTST 24HR    M  ON   M    6 = FREEZING RAIN OR DRIZZLE
                        GRTST DEPTH:  M  ON   M    7 = DUSTSTORM OR SANDSTORM:
                                                       VSBY 1/2 MILE OR LESS
                                                   8 = SMOKE OR HAZE
[NO. OF DAYS WITH]      [WEATHER - DAYS WITH]      9 = BLOWING SNOW
                                                   X = TORNADO
MAX 32 OR BELOW:   0    0.01 INCH OR MORE:  13
MAX 90 OR ABOVE:   0    0.10 INCH OR MORE:   4
MIN 32 OR BELOW:  17    0.50 INCH OR MORE:   0
MIN  0 OR BELOW:   0    1.00 INCH OR MORE:   0

[HDD (BASE 65) ]
TOTAL THIS MO.   629    CLEAR  (SCALE 0-3)   9
DPTR FM NORMAL  -120    PTCLDY (SCALE 4-7)  13
TOTAL FM JUL 1  5291    CLOUDY (SCALE 8-10)  6
DPTR FM NORMAL  -325

[CDD (BASE 65) ]
TOTAL THIS MO.     0
DPTR FM NORMAL     0    [PRESSURE DATA]
TOTAL FM JAN 1     0    HIGHEST SLP M ON M
DPTR FM NORMAL     0    LOWEST  SLP 29.60 ON  4

[REMARKS]
