000
CXUS51 KPHI 010800
CF6ABE
PRELIMINARY LOCAL CLIMATOLOGICAL DATA (WS FORM: F-6)

                                          STATION:   ALLENTOWN PA
                                          MONTH:     APRIL
                                          YEAR:      2016
                                          LATITUDE:   40 39 N
                                          LONGITUDE:  75 26 W

  TEMPERATURE IN F:       :PCPN:    SNOW:  WIND      :SUNSHINE: SKY     :PK WND
================================================================================
1   2   3   4   5  6A  6B    7    8   9   10  11  12  13   14  15   16   17  18
                                     12Z  AVG MX 2MIN
DY MAX MIN AVG DEP HDD CDD  WTR  SNW DPTH SPD SPD DIR MIN PSBL S-S WX    SPD DR
================================================================================

 1  80  60  70  25   0   5 0.01  0.0    0 12.2 22 310   M    M   7        30 250
 2  62  40  51   6  14   0 0.17    M    0  8.2 32 260   M    M   9        44 260
 3  43  31  37  -9  28   0    T    M    0 16.6 38 300   M    M   6        49 300
 4  48  31  40  -6  25   0 0.23    M    0  7.4 21 350   M    M  10 1      26 360
 5  43  26  35 -11  30   0 0.00  0.0    0 10.4 22  20   M    M   3        28 330
 6  52  20  36 -11  29   0 0.00  0.0    0  7.9 23 190   M    M   2        35 190
 7  58  44  51   4  14   0 0.46  0.0    0  9.6 23 250   M    M   8 1      31 240
 8  47  31  39  -8  26   0    T  0.0    0 12.2 26 250   M    M   4        33 250
 9  40  27  34 -14  31   0 0.19    T    0  8.2 22 320   M    M   8 1      31 320
10  48  26  37 -11  28   0 0.00  0.0    0  7.9 15 250   M    M   3        23 240
11  61  42  52   4  13   0 0.02  0.0    0  7.2 16 190   M    M   8        22 190
12  60  35  48  -1  17   0 0.28  0.0    0  9.0 22 340   M    M   4 1      29 340
13  58  30  44  -5  21   0 0.00  0.0    0  3.4 14  40   M    M   0        22  30
14  63  34  49   0  16   0 0.00  0.0    0  2.1 14  60   M    M   1        16  60
15  66  33  50   0  15   0 0.00  0.0    0  1.9  9  50   M    M   0        12  30
16  70  34  52   2  13   0 0.00  0.0    0  3.5 14  90   M    M   0        16 100
17  77  34  56   6   9   0 0.00  0.0    0  3.4  9 250   M    M   0        14 260
18  83  45  64  13   1   0 0.00  0.0    0  2.6 13 260   M    M   0        16 250
19  70  48  59   8   6   0 0.00  0.0    0 10.7 22 330   M    M   0        29 350
20  72  41  57   5   8   0 0.00  0.0    0  5.4 13 220   M    M   0        24 200
21  75  36  56   4   9   0 0.00  0.0    0  5.9 17 180   M    M   1        25 210
22  77  54  66  14   0   1 0.02  0.0    0  6.1 14 250   M    M   3        18 250
23  66  46  56   4   9   0 0.01  0.0    0 10.4 22 330   M    M   4        29 350
24  69  37  53   0  12   0 0.00  0.0    0  4.6 14 320   M    M   0        20 250
25  76  46  61   8   4   0 0.00  0.0    0  2.2 10 180   M    M   1        16 160
26  81  51  66  12   0   1 0.21  0.0    0  7.0 21 320   M    M   5 138    25 330
27  59  43  51  -3  14   0    T  0.0    0  6.9 14 240   M    M   7 18     18 250
28  58  41  50  -4  15   0 0.11  0.0    0  3.9 12 190   M    M   5 1      15 110
29  55  45  50  -4  15   0 0.08  0.0    0  5.7 16 110   M    M  10 18     20 130
30  59  45  52  -3  13   0    T  0.0    0  4.1 10 160   M    M  10        15 210
================================================================================
SM 1876 1156       435   7  1.79    T    206.6          M      119
================================================================================
AV 62.5 38.5                               6.9 FASTST   M    M   4    MAX(MPH)
                                 MISC ---->  # 38 300               # 49  300
================================================================================
NOTES:
# LAST OF SEVERAL OCCURRENCES

COLUMN 17 PEAK WIND IN M.P.H.

PRELIMINARY LOCAL CLIMATOLOGICAL DATA (WS FORM: F-6) , PAGE 2

                                          STATION:  ALLENTOWN PA
                                          MONTH:    APRIL
                                          YEAR:     2016
                                          LATITUDE:   40 39 N
                                          LONGITUDE:  75 26 W

[TEMPERATURE DATA]      [PRECIPITATION DATA]       SYMBOLS USED IN COLUMN 16

AVERAGE MONTHLY: 50.5   TOTAL FOR MONTH:   1.79    1 = FOG OR MIST
DPTR FM NORMAL:   0.6   DPTR FM NORMAL:   -1.77    2 = FOG REDUCING VISIBILITY
HIGHEST:    83 ON 18    GRTST 24HR  0.46 ON  7- 7      TO 1/4 MILE OR LESS
LOWEST:     20 ON  6                               3 = THUNDER
                        SNOW, ICE PELLETS, HAIL    4 = ICE PELLETS
                        TOTAL MONTH:    T          5 = HAIL
                        GRTST 24HR    T  ON  9- 9  6 = FREEZING RAIN OR DRIZZLE
                        GRTST DEPTH:   0           7 = DUSTSTORM OR SANDSTORM:
                                                       VSBY 1/2 MILE OR LESS
                                                   8 = SMOKE OR HAZE
[NO. OF DAYS WITH]      [WEATHER - DAYS WITH]      9 = BLOWING SNOW
                                                   X = TORNADO
MAX 32 OR BELOW:   0    0.01 INCH OR MORE:  12
MAX 90 OR ABOVE:   0    0.10 INCH OR MORE:   7
MIN 32 OR BELOW:   8    0.50 INCH OR MORE:   0
MIN  0 OR BELOW:   0    1.00 INCH OR MORE:   0

[HDD (BASE 65) ]
TOTAL THIS MO.   435    CLEAR  (SCALE 0-3)  14
DPTR FM NORMAL   -23    PTCLDY (SCALE 4-7)  10
TOTAL FM JUL 1  4462    CLOUDY (SCALE 8-10)  6
DPTR FM NORMAL -1108

[CDD (BASE 65) ]
TOTAL THIS MO.     7
DPTR FM NORMAL     2    [PRESSURE DATA]
TOTAL FM JAN 1     9    HIGHEST SLP 30.48 ON 16
DPTR FM NORMAL     4    LOWEST  SLP 29.31 ON  2

[REMARKS]
#FINAL-04-16#
