000
CXUS51 KPHI 160800
CF6ABE
PRELIMINARY LOCAL CLIMATOLOGICAL DATA (WS FORM: F-6)

                                          STATION:   ALLENTOWN PA
                                          MONTH:     SEPTEMBER
                                          YEAR:      2014
                                          LATITUDE:   40 39 N
                                          LONGITUDE:  75 26 W

  TEMPERATURE IN F:       :PCPN:    SNOW:  WIND      :SUNSHINE: SKY     :PK WND
================================================================================
1   2   3   4   5  6A  6B    7    8   9   10  11  12  13   14  15   16   17  18
                                     12Z  AVG MX 2MIN
DY MAX MIN AVG DEP HDD CDD  WTR  SNW DPTH SPD SPD DIR MIN PSBL S-S WX    SPD DR
================================================================================

 1  88  70  79  10   0  14 0.00  0.0    0  3.7 14 230   M    M   6 128    18 220
 2  91  67  79  10   0  14 0.00  0.0    0  7.0 21 240   M    M   2 1      26 230
 3  84  62  73   5   0   8 0.00  0.0    0  3.4 12 250   M    M   0        16 310
 4  90  57  74   6   0   9 0.00  0.0    0  3.7 14 240   M    M   1 1      18 170
 5  85  66  76   8   0  11 0.00  0.0    0  2.8 12 250   M    M   5 18     15 230
 6  93  64  79  11   0  14 0.66  0.0    0  5.4 18 230   M    M   4 138    23 260
 7  80  59  70   3   0   5    T  0.0    0  4.6 12 360   M    M   2        16 360
 8  76  57  67   0   0   2 0.00  0.0    0  7.0 16 110   M    M   2        23 140
 9  77  57  67   1   0   2 0.00  0.0    0  7.4 14 100   M    M   7        20  70
10  80  63  72   6   0   7 0.00  0.0    0  4.3 13 150   M    M   6        17 160
11  83  63  73   7   0   8 0.03  0.0    0  7.8 15 350   M    M   7        21 250
12  75  53  64  -1   1   0 0.00  0.0    0  6.3 13 350   M    M   3        17 350
13  62  52  57  -8   8   0 0.45  0.0    0  3.7 12  70   M    M   6 1      15  70
14  69  47  58  -7   7   0 0.00  0.0    0  4.0 12 320   M    M   2 1      17  10
15  71  43  57  -7   8   0 0.00  0.0    0  1.0  9 240   M    M   0 1      13 230
================================================================================
SM 1204  880        24  94  1.14     0.0  72.1          M       53
================================================================================
AV 80.3 58.7                               4.8 FASTST   M    M   4    MAX(MPH)
                                 MISC ---->  # 21 240               # 26  230
================================================================================
NOTES:
# LAST OF SEVERAL OCCURRENCES

COLUMN 17 PEAK WIND IN M.P.H.

PRELIMINARY LOCAL CLIMATOLOGICAL DATA (WS FORM: F-6) , PAGE 2

                                          STATION:  ALLENTOWN PA
                                          MONTH:    SEPTEMBER
                                          YEAR:     2014
                                          LATITUDE:   40 39 N
                                          LONGITUDE:  75 26 W

[TEMPERATURE DATA]      [PRECIPITATION DATA]       SYMBOLS USED IN COLUMN 16

AVERAGE MONTHLY: 69.5   TOTAL FOR MONTH:   1.14    1 = FOG OR MIST
DPTR FM NORMAL:   2.7   DPTR FM NORMAL:   -0.92    2 = FOG REDUCING VISIBILITY
HIGHEST:    93 ON  6    GRTST 24HR  0.66 ON  6- 6      TO 1/4 MILE OR LESS
LOWEST:     43 ON 15                               3 = THUNDER
                        SNOW, ICE PELLETS, HAIL    4 = ICE PELLETS
                        TOTAL MONTH:   0.0 INCH    5 = HAIL
                        GRTST 24HR     0.0         6 = FREEZING RAIN OR DRIZZLE
                        GRTST DEPTH:   0           7 = DUSTSTORM OR SANDSTORM:
                                                       VSBY 1/2 MILE OR LESS
                                                   8 = SMOKE OR HAZE
[NO. OF DAYS WITH]      [WEATHER - DAYS WITH]      9 = BLOWING SNOW
                                                   X = TORNADO
MAX 32 OR BELOW:   0    0.01 INCH OR MORE:   3
MAX 90 OR ABOVE:   3    0.10 INCH OR MORE:   2
MIN 32 OR BELOW:   0    0.50 INCH OR MORE:   1
MIN  0 OR BELOW:   0    1.00 INCH OR MORE:   0

[HDD (BASE 65) ]
TOTAL THIS MO.    24    CLEAR  (SCALE 0-3)   8
DPTR FM NORMAL    -2    PTCLDY (SCALE 4-7)   7
TOTAL FM JUL 1    28    CLOUDY (SCALE 8-10)  0
DPTR FM NORMAL    -9

[CDD (BASE 65) ]
TOTAL THIS MO.    94
DPTR FM NORMAL    42    [PRESSURE DATA]
TOTAL FM JAN 1   781    HIGHEST SLP M ON M
DPTR FM NORMAL    50    LOWEST  SLP 29.84 ON  2

[REMARKS]
