000
CXUS54 KSJT 241000
CF6ABI
PRELIMINARY LOCAL CLIMATOLOGICAL DATA (WS FORM: F-6)
STATION: ABILENE
MONTH: APRIL
YEAR: 2024
LATITUDE: 32 25 N
LONGITUDE: 99 41 W
TEMPERATURE IN F: :PCPN: SNOW: WIND :SUNSHINE: SKY :PK WND
================================================================================
1 2 3 4 5 6A 6B 7 8 9 10 11 12 13 14 15 16 17 18
12Z AVG MX 2MIN
DY MAX MIN AVG DEP HDD CDD WTR SNW DPTH SPD SPD DIR MIN PSBL S-S WX SPD DR
================================================================================
1 84 52 68 5 0 3 0.01 0.0 0 13.0 36 290 M M 2 13 54 280
2 63 45 54 -9 11 0 0.00 0.0 0 14.1 31 320 M M 3 44 330
3 77 41 59 -4 6 0 0.00 0.0 0 7.9 21 340 M M 0 36 330
4 87 49 68 4 0 3 0.00 0.0 0 7.1 15 200 M M 0 8 24 190
5 87 54 71 7 0 6 0.00 0.0 0 16.7 28 170 M M 0 48 150
6 90 59 75 11 0 10 0.00 0.0 0 16.5 29 170 M M 2 8 43 160
7 81 48 65 1 0 0 0.00 0.0 0 11.1 23 280 M M 0 37 300
8 85 54 70 6 0 5 0.00 0.0 0 10.0 21 120 M M 1 37 140
9 68 52 60 -5 5 0 0.09 0.0 0 10.9 38 90 M M 8 138 44 90
10 71 50 61 -4 4 0 0.00 0.0 0 16.1 31 330 M M 6 44 330
11 74 44 59 -6 6 0 0.00 0.0 0 7.2 16 10 M M 0 23 20
12 87 46 67 2 0 2 0.00 0.0 0 17.3 23 170 M M 0 31 190
13 89 63 76 11 0 11 0.00 0.0 0 17.5 20 200 M M 0 31 200
14 92 64 78 12 0 13 0.00 0.0 0 M M M M M 0 M M
15 87 68 78 12 0 13 0.00 0.0 0 17.1 22 120 M M 0 8 41 110
16 89 50 70 4 0 5 0.00 0.0 0 M 17 260 M M 0 26 260
17 89 62 76 10 0 11 0.00 0.0 0 12.0 21 130 M M 0 35 150
18 87 56 72 6 0 7 0.00 0.0 0 13.4 25 350 M M 0 18 39 330
19 67 53 60 -7 5 0 0.00 0.0 0 9.6 17 360 M M 10 22 350
20 57 48 53 -14 12 0 1.47 0.0 0 11.6 24 60 M M 10 138 40 90
21 64 48 56 -11 9 0 0.00 0.0 0 7.8 15 10 M M 5 25 10
22 73 45 59 -8 6 0 0.00 0.0 M 11.5 20 180 M M 2 32 150
23 87 59 73 5 0 8 0.04 0.0 0 14.3 41 340 M M 1 3 58 330
================================================================================
SM 1835 1210 64 97 1.61 0.0 262.7 M 50
================================================================================
AV 79.8 52.6 12.5 FASTST M M 2 MAX(MPH)
MISC ----> 41 340 58 330
================================================================================
NOTES:
# LAST OF SEVERAL OCCURRENCES
COLUMN 17 PEAK WIND IN M.P.H.
PRELIMINARY LOCAL CLIMATOLOGICAL DATA (WS FORM: F-6) , PAGE 2
STATION: ABILENE
MONTH: APRIL
YEAR: 2024
LATITUDE: 32 25 N
LONGITUDE: 99 41 W
[TEMPERATURE DATA] [PRECIPITATION DATA] SYMBOLS USED IN COLUMN 16
AVERAGE MONTHLY: 66.2 TOTAL FOR MONTH: 1.61 1 = FOG OR MIST
DPTR FM NORMAL: 1.0 DPTR FM NORMAL: 0.31 2 = FOG REDUCING VISIBILITY
HIGHEST: 92 ON 14 GRTST 24HR 1.47 ON 20-20 TO 1/4 MILE OR LESS
LOWEST: 41 ON 3 3 = THUNDER
SNOW, ICE PELLETS, HAIL 4 = ICE PELLETS
TOTAL MONTH: 0.0 INCH 5 = HAIL
GRTST 24HR 0.0 6 = FREEZING RAIN OR DRIZZLE
GRTST DEPTH: 0 7 = DUSTSTORM OR SANDSTORM:
VSBY 1/2 MILE OR LESS
8 = SMOKE OR HAZE
[NO. OF DAYS WITH] [WEATHER - DAYS WITH] 9 = BLOWING SNOW
X = TORNADO
MAX 32 OR BELOW: 0 0.01 INCH OR MORE: 4
MAX 90 OR ABOVE: 2 0.10 INCH OR MORE: 1
MIN 32 OR BELOW: 0 0.50 INCH OR MORE: 1
MIN 0 OR BELOW: 0 1.00 INCH OR MORE: 1
[HDD (BASE 65) ]
TOTAL THIS MO. 64 CLEAR (SCALE 0-3) 17
DPTR FM NORMAL -16 PTCLDY (SCALE 4-7) 3
TOTAL FM JUL 1 1999 CLOUDY (SCALE 8-10) 3
DPTR FM NORMAL -293
[CDD (BASE 65) ]
TOTAL THIS MO. 97
DPTR FM NORMAL 13 [PRESSURE DATA]
TOTAL FM JAN 1 182 HIGHEST SLP M ON M
DPTR FM NORMAL 47 LOWEST SLP 29.43 ON 1
[REMARKS]