000
CXUS54 KSJT 261210
CF6ABI
PRELIMINARY LOCAL CLIMATOLOGICAL DATA (WS FORM: F-6)

                                          STATION:   ABILENE
                                          MONTH:     JULY
                                          YEAR:      2016
                                          LATITUDE:   32 25 N
                                          LONGITUDE:  99 41 W

  TEMPERATURE IN F:       :PCPN:    SNOW:  WIND      :SUNSHINE: SKY     :PK WND
================================================================================
1   2   3   4   5  6A  6B    7    8   9   10  11  12  13   14  15   16   17  18
                                     12Z  AVG MX 2MIN
DY MAX MIN AVG DEP HDD CDD  WTR  SNW DPTH SPD SPD DIR MIN PSBL S-S WX    SPD DR
================================================================================

 1  94  74  84   2   0  19 0.00  0.0    0 10.5 18 140   M    M   1        23 130
 2  98  74  86   4   0  21 0.00  0.0    0 12.8 23 220   M    M   0        27 180
 3  99  79  89   7   0  24 0.00  0.0    0 13.7 24 200   M    M   0        31 190
 4 102  77  90   8   0  25 0.02  0.0    0 10.9 37 290   M    M   1        47 290
 5  92  75  84   2   0  19 0.17  0.0    0 16.1 28 140   M    M   1 138    34 140
 6 100  78  89   7   0  24 0.00  0.0    0 17.4 25 190   M    M   0        34 170
 7 100  77  89   7   0  24 0.00  0.0    0 16.4 25 200   M    M   0        35 190
 8  98  77  88   5   0  23 0.01  0.0    0 12.4 22 160   M    M   0        29 190
 9  96  72  84   1   0  19 0.20  0.0    0 10.6 36 130   M    M   1 138    43  90
10  98  73  86   3   0  21 0.00  0.0    0 13.0 22 150   M    M   0        27 140
11  99  76  88   5   0  23 0.00  0.0    0 17.5 25 170   M    M   0 8      33 180
12 100  76  88   5   0  23 0.00  0.0    0 19.6 26 170   M    M   0        36 190
13 102  77  90   7   0  25 0.00  0.0    0 16.5 28 180   M    M   0        35 190
14 100  75  88   5   0  23 0.00  0.0    0 12.5 23 170   M    M   0        31 170
15  99  78  89   6   0  24 0.00  0.0    0 10.7 20 130   M    M   1 8      26 160
16  97  68  83   0   0  18 0.00  0.0    0 11.5 38 340   M    M   0 8      43 340
17  98  75  87   4   0  22 0.00  0.0    0 14.7 23 140   M    M   0 8      30 130
18  97  74  86   3   0  21 0.00  0.0    0 11.0 18 110   M    M   0        24 120
19  97  75  86   3   0  21 0.00  0.0    0 11.7 18 130   M    M   1        24 130
20  98  76  87   3   0  22 0.00  0.0    0 11.3 20 150   M    M   0        26 150
21  99  77  88   4   0  23 0.00  0.0    0 12.3 21 210   M    M   0        27 160
22  99  76  88   4   0  23 0.00  0.0    0 10.0 17 150   M    M   0        21 160
23 100  75  88   4   0  23 0.00  0.0    0 10.7 20 120   M    M   0        28 150
24 100  78  89   5   0  24 0.00  0.0    0 10.9 18 130   M    M   1        26 170
25 100  76  88   4   0  23 0.06  0.0    0  9.1 23 120   M    M   1        28 130
================================================================================
SM 2462 1888         0 557  0.46     0.0 323.8          M        8
================================================================================
AV 98.5 75.5                              13.0 FASTST   M    M   0    MAX(MPH)
                                 MISC ---->  # 38 340               # 47  290
================================================================================
NOTES:
# LAST OF SEVERAL OCCURRENCES

COLUMN 17 PEAK WIND IN M.P.H.

PRELIMINARY LOCAL CLIMATOLOGICAL DATA (WS FORM: F-6) , PAGE 2

                                          STATION:  ABILENE
                                          MONTH:    JULY
                                          YEAR:     2016
                                          LATITUDE:   32 25 N
                                          LONGITUDE:  99 41 W

[TEMPERATURE DATA]      [PRECIPITATION DATA]       SYMBOLS USED IN COLUMN 16

AVERAGE MONTHLY: 87.0   TOTAL FOR MONTH:   0.46    1 = FOG OR MIST
DPTR FM NORMAL:   4.0   DPTR FM NORMAL:   -1.06    2 = FOG REDUCING VISIBILITY
HIGHEST:   102 ON 13, 4 GRTST 24HR  0.20 ON  9- 9      TO 1/4 MILE OR LESS
LOWEST:     68 ON 16                               3 = THUNDER
                        SNOW, ICE PELLETS, HAIL    4 = ICE PELLETS
                        TOTAL MONTH:   0.0 INCH    5 = HAIL
                        GRTST 24HR     0.0         6 = FREEZING RAIN OR DRIZZLE
                        GRTST DEPTH:   0           7 = DUSTSTORM OR SANDSTORM:
                                                       VSBY 1/2 MILE OR LESS
                                                   8 = SMOKE OR HAZE
[NO. OF DAYS WITH]      [WEATHER - DAYS WITH]      9 = BLOWING SNOW
                                                   X = TORNADO
MAX 32 OR BELOW:   0    0.01 INCH OR MORE:   5
MAX 90 OR ABOVE:  25    0.10 INCH OR MORE:   2
MIN 32 OR BELOW:   0    0.50 INCH OR MORE:   0
MIN  0 OR BELOW:   0    1.00 INCH OR MORE:   0

[HDD (BASE 65) ]
TOTAL THIS MO.     0    CLEAR  (SCALE 0-3)  25
DPTR FM NORMAL     0    PTCLDY (SCALE 4-7)   0
TOTAL FM JUL 1     0    CLOUDY (SCALE 8-10)  0
DPTR FM NORMAL     0

[CDD (BASE 65) ]
TOTAL THIS MO.   557
DPTR FM NORMAL   109    [PRESSURE DATA]
TOTAL FM JAN 1  1319    HIGHEST SLP M ON M
DPTR FM NORMAL    39    LOWEST  SLP 29.68 ON  3

[REMARKS]
