000
CXUS54 KSJT 251210
CF6ABI
PRELIMINARY LOCAL CLIMATOLOGICAL DATA (WS FORM: F-6)

                                          STATION:   ABILENE
                                          MONTH:     MAY
                                          YEAR:      2016
                                          LATITUDE:   32 25 N
                                          LONGITUDE:  99 41 W

  TEMPERATURE IN F:       :PCPN:    SNOW:  WIND      :SUNSHINE: SKY     :PK WND
================================================================================
1   2   3   4   5  6A  6B    7    8   9   10  11  12  13   14  15   16   17  18
                                     12Z  AVG MX 2MIN
DY MAX MIN AVG DEP HDD CDD  WTR  SNW DPTH SPD SPD DIR MIN PSBL S-S WX    SPD DR
================================================================================

 1  68  50  59 -10   6   0 0.00  0.0    0 14.6 23  10   M    M   6 3      29  10
 2  68  48  58 -11   7   0 0.43  0.0    0 10.3 21  10   M    M   6 13     28  10
 3  76  46  61  -9   4   0 0.08  0.0    0  6.5 26 350   M    M   2 1      33  10
 4  81  50  66  -4   0   1 0.00  0.0    0  6.6 17 350   M    M   0        22 340
 5  84  53  69  -1   0   4 0.00  0.0    0  5.0 13 130   M    M   0        15 130
 6  84  57  71   1   0   6 0.00  0.0    0 12.2 23 140   M    M   0        27 140
 7  82  57  70  -1   0   5    T  0.0    0 16.0 29 170   M    M   0        40 160
 8  90  58  74   3   0   9 1.14    T    0 17.8 45 250   M    M   1 1358   55 180
 9  85  62  74   3   0   9 0.02  0.0    0 14.1 31 240   M    M   2        41 250
10  92  65  79   7   0  14 0.00  0.0    0 13.8 24 150   M    M   0 8      30 140
11  90  63  77   5   0  12 0.40  0.0    0 13.8 35 320   M    M   2 138    47 310
12  78  57  68  -4   0   3 2.43    T    0 10.4 47 340   M    M   6 135    57 340
13  83  63  73   1   0   8 0.31  0.0    0 10.5 31 300   M    M   2 13     40 280
14  68  57  63 -10   2   0 0.11  0.0    0  9.4 23 360   M    M   6 13     28 350
15  71  56  64  -9   1   0 0.00  0.0    0  9.2 17 150   M    M   9        21 150
16  82  64  73   0   0   8 0.00  0.0    0 15.2 28 170   M    M   6 1      35 170
17  72  56  64  -9   1   0 0.01  0.0    0 15.7 30 110   M    M   7 1      39  80
18  58  53  56 -18   9   0 0.30  0.0    0  9.9 20  10   M    M  10 13     25 300
19  62  54  58 -16   7   0 0.24  0.0    0  4.0 17 310   M    M  10 1      22 300
20  81  57  69  -5   0   4 0.00  0.0    0  8.5 17 160   M    M   5        25 160
21  86  65  76   2   0  11 0.00  0.0    0 14.1 24 140   M    M   3        30 150
22  87  71  79   4   0  14    T  0.0    0 16.7 36 160   M    M   7 3      46 160
23  82  70  76   1   0  11 0.00  0.0    0 15.2 24 140   M    M   5        29 140
24  84  72  78   3   0  13 0.00  0.0    0 16.0 23 150   M    M   5 1      29 170
================================================================================
SM 1894 1404        37 132  5.47    T    285.5          M      100
================================================================================
AV 78.9 58.5                              11.9 FASTST   M    M   4    MAX(MPH)
                                 MISC ---->  # 47 340               # 57  340
================================================================================
NOTES:
# LAST OF SEVERAL OCCURRENCES

COLUMN 17 PEAK WIND IN M.P.H.

PRELIMINARY LOCAL CLIMATOLOGICAL DATA (WS FORM: F-6) , PAGE 2

                                          STATION:  ABILENE
                                          MONTH:    MAY
                                          YEAR:     2016
                                          LATITUDE:   32 25 N
                                          LONGITUDE:  99 41 W

[TEMPERATURE DATA]      [PRECIPITATION DATA]       SYMBOLS USED IN COLUMN 16

AVERAGE MONTHLY: 68.7   TOTAL FOR MONTH:   5.47    1 = FOG OR MIST
DPTR FM NORMAL:  -3.5   DPTR FM NORMAL:    3.17    2 = FOG REDUCING VISIBILITY
HIGHEST:    92 ON 10    GRTST 24HR  2.83 ON 11-12      TO 1/4 MILE OR LESS
LOWEST:     46 ON  3                               3 = THUNDER
                        SNOW, ICE PELLETS, HAIL    4 = ICE PELLETS
                        TOTAL MONTH:    T          5 = HAIL
                        GRTST 24HR    T  ON 12-12  6 = FREEZING RAIN OR DRIZZLE
                        GRTST DEPTH:   0           7 = DUSTSTORM OR SANDSTORM:
                                                       VSBY 1/2 MILE OR LESS
                                                   8 = SMOKE OR HAZE
[NO. OF DAYS WITH]      [WEATHER - DAYS WITH]      9 = BLOWING SNOW
                                                   X = TORNADO
MAX 32 OR BELOW:   0    0.01 INCH OR MORE:  11
MAX 90 OR ABOVE:   3    0.10 INCH OR MORE:   8
MIN 32 OR BELOW:   0    0.50 INCH OR MORE:   2
MIN  0 OR BELOW:   0    1.00 INCH OR MORE:   2

[HDD (BASE 65) ]
TOTAL THIS MO.    37    CLEAR  (SCALE 0-3)  11
DPTR FM NORMAL    24    PTCLDY (SCALE 4-7)  10
TOTAL FM JUL 1  2058    CLOUDY (SCALE 8-10)  3
DPTR FM NORMAL  -497

[CDD (BASE 65) ]
TOTAL THIS MO.   132
DPTR FM NORMAL   -55    [PRESSURE DATA]
TOTAL FM JAN 1   227    HIGHEST SLP M ON M
DPTR FM NORMAL   -93    LOWEST  SLP 29.57 ON  9

[REMARKS]
