000
CXUS52 KTAE 280800
CF6ABY
PRELIMINARY LOCAL CLIMATOLOGICAL DATA (WS FORM: F-6)

                                          STATION:   ALBANY
                                          MONTH:     MAY
                                          YEAR:      2017
                                          LATITUDE:   31 31 N
                                          LONGITUDE:  84 11 W

  TEMPERATURE IN F:       :PCPN:    SNOW:  WIND      :SUNSHINE: SKY     :PK WND
================================================================================
1   2   3   4   5  6A  6B    7    8   9   10  11  12  13   14  15   16   17  18
                                     12Z  AVG MX 2MIN
DY MAX MIN AVG DEP HDD CDD  WTR  SNW DPTH SPD SPD DIR MIN PSBL S-S WX    SPD DR
================================================================================

 1  84  58  71   1   0   6 0.06  0.0    0  9.7 24 280   M    M   4 1      34 160
 2  86  52  69  -2   0   4 0.00  0.0    0  4.0 16 300   M    M   0        23 330
 3  91  53  72   1   0   7 0.00  0.0    0  4.5 16 170   M    M   0 18     25 180
 4  75  60  68  -3   0   3 1.25  0.0    0  8.7 24 270   M    M   7 13     33 270
 5  60  52  56 -16   9   0    T  0.0    0 10.3 18 240   M    M   9 1      26 250
 6  78  50  64  -8   1   0 0.00  0.0    0  9.6 21 310   M    M   1        27 260
 7  82  52  67  -5   0   2 0.00  0.0    0  5.9 16 340   M    M   0        22 340
 8  84  49  67  -5   0   2 0.00  0.0    0  3.2 15 320   M    M   0 8      17 330
 9  89  55  72  -1   0   7 0.00  0.0    0  2.5 13 280   M    M   0 18     15 270
10  91  60  76   3   0  11 0.00  0.0    0  3.9 13 230   M    M   0        18 290
11  90  62  76   3   0  11 0.00  0.0    0  6.0 14 240   M    M   0        18 240
12  86  66  76   2   0  11    T  0.0    0  8.1 18 240   M    M   4 13     24 230
13  84  66  75   1   0  10 0.02  0.0    0  6.4 18 220   M    M   6        24 200
14  87  65  76   2   0  11 0.00  0.0    0  4.8 14  70   M    M   1        18  60
15  91  60  76   2   0  11 0.00  0.0    0  3.3 10 320   M    M   1        14 170
16  96  63  80   5   0  15 0.00  0.0    0  3.8 14 150   M    M   0        22 140
17  94  69  82   7   0  17 0.00  0.0    0  7.7 16 180   M    M   2        23 180
18  94  71  83   8   0  18 0.00  0.0    0  7.5 14 140   M    M   2        19 170
19  92  70  81   5   0  16 0.00  0.0    0  6.2 12 110   M    M   0        17 140
20  90  73  82   6   0  17 0.38  0.0    0  6.3 21 190   M    M   4 13     25 190
21  86  69  78   2   0  13 0.61  0.0    0  5.6 25 310   M    M   3 13     32 320
22  88  70  79   3   0  14    T  0.0    0  5.8 15 200   M    M   4        19 220
23  80  71  76   0   0  11 0.82  0.0    0  4.5 24 290   M    M   6 13     33 290
24  80  64  72  -5   0   7 0.69  0.0    0  9.2 26 190   M    M   8 138    32 180
25  79  59  69  -8   0   4 0.00  0.0    0  8.1 21 270   M    M   1        27 280
26  86  56  71  -6   0   6 0.00  0.0    0  2.5 10 290   M    M   0        14 330
27  89  63  76  -1   0  11 0.00  0.0    0  4.7 14 270   M    M   0        17 250
================================================================================
SM 2312 1658        10 245  3.83     0.0 162.8          M       63
================================================================================
AV 85.6 61.4                               6.0 FASTST   M    M   2    MAX(MPH)
                                 MISC ---->  # 26 190               # 34  160
================================================================================
NOTES:
# LAST OF SEVERAL OCCURRENCES

COLUMN 17 PEAK WIND IN M.P.H.

PRELIMINARY LOCAL CLIMATOLOGICAL DATA (WS FORM: F-6) , PAGE 2

                                          STATION:  ALBANY
                                          MONTH:    MAY
                                          YEAR:     2017
                                          LATITUDE:   31 31 N
                                          LONGITUDE:  84 11 W

[TEMPERATURE DATA]      [PRECIPITATION DATA]       SYMBOLS USED IN COLUMN 16

AVERAGE MONTHLY: 73.5   TOTAL FOR MONTH:   3.83    1 = FOG OR MIST
DPTR FM NORMAL:  -0.5   DPTR FM NORMAL:    1.70    2 = FOG REDUCING VISIBILITY
HIGHEST:    96 ON 16    GRTST 24HR  1.25 ON  4- 4      TO 1/4 MILE OR LESS
LOWEST:     49 ON  8                               3 = THUNDER
                        SNOW, ICE PELLETS, HAIL    4 = ICE PELLETS
                        TOTAL MONTH:   0.0 INCH    5 = HAIL
                        GRTST 24HR     0.0         6 = FREEZING RAIN OR DRIZZLE
                        GRTST DEPTH:   0           7 = DUSTSTORM OR SANDSTORM:
                                                       VSBY 1/2 MILE OR LESS
                                                   8 = SMOKE OR HAZE
[NO. OF DAYS WITH]      [WEATHER - DAYS WITH]      9 = BLOWING SNOW
                                                   X = TORNADO
MAX 32 OR BELOW:   0    0.01 INCH OR MORE:   7
MAX 90 OR ABOVE:   9    0.10 INCH OR MORE:   5
MIN 32 OR BELOW:   0    0.50 INCH OR MORE:   4
MIN  0 OR BELOW:   0    1.00 INCH OR MORE:   1

[HDD (BASE 65) ]
TOTAL THIS MO.    10    CLEAR  (SCALE 0-3)  18
DPTR FM NORMAL    10    PTCLDY (SCALE 4-7)   8
TOTAL FM JUL 1  1002    CLOUDY (SCALE 8-10)  1
DPTR FM NORMAL  -832

[CDD (BASE 65) ]
TOTAL THIS MO.   245
DPTR FM NORMAL    -4    [PRESSURE DATA]
TOTAL FM JAN 1   564    HIGHEST SLP M ON M
DPTR FM NORMAL   175    LOWEST  SLP 29.53 ON 24

[REMARKS]
