910
CXUS56 KEKA 301230
CF6ACV
PRELIMINARY LOCAL CLIMATOLOGICAL DATA (WS FORM: F-6)

                                          STATION:   ARCATA CA
                                          MONTH:     SEPTEMBER
                                          YEAR:      2016
                                          LATITUDE:   40 58 N
                                          LONGITUDE: 124  6 W

  TEMPERATURE IN F:       :PCPN:    SNOW:  WIND      :SUNSHINE: SKY     :PK WND
================================================================================
1   2   3   4   5  6A  6B    7    8   9   10  11  12  13   14  15   16   17  18
                                     12Z  AVG MX 2MIN
DY MAX MIN AVG DEP HDD CDD  WTR  SNW DPTH SPD SPD DIR MIN PSBL S-S WX    SPD DR
================================================================================

 1  67  50  59   3   6   0 0.00  0.0    0  5.3 17 320   M    M   5 28     26 290
 2  67  50  59   3   6   0 0.00  0.0    0  6.8 20 320   M    M   6 18     28 250
 3  66  49  58   2   7   0 0.00  0.0    0  6.7 20 310   M    M   6 18     24 320
 4  65  46  56   0   9   0 0.00  0.0    0  7.2 20 320   M    M   1        25 320
 5  65  43  54  -2  11   0 0.00  0.0    0  8.0 24 320   M    M   1        28 330
 6  70  47  59   3   6   0 0.00  0.0    0  8.0 23 320   M    M   3 1      34 290
 7  66  53  60   4   5   0 0.00  0.0    0  5.4 22 330   M    M   6 2      27 320
 8  64  50  57   1   8   0 0.00  0.0    0  6.3 16 220   M    M   2 1      66 160
 9  65  46  56   0   9   0 0.00  0.0    0  4.0 12 240   M    M   2 18     16 230
10  59  47  53  -3  12   0 0.00  0.0    0  2.8  9 300   M    M   7 28     12 300
11  60  49  55  -1  10   0 0.00  0.0    0  4.7 10 140   M    M   6 28     26 270
12  62  43  53  -3  12   0 0.00  0.0    0  4.6 10 180   M    M   2 1      15 280
13  63  44  54  -1  11   0 0.00  0.0    0  3.4 13 320   M    M   2 2      19 330
14  62  44  53  -2  12   0 0.00  0.0    0  4.0 13 290   M    M   3 1      16 300
15  55  45  50  -5  15   0 0.00  0.0    0  3.1 10 330   M    M  10 2      18 290
16  56  49  53  -2  12   0 0.00  0.0    0  4.0 13 310   M    M  10 2      16 310
17  63  50  57   2   8   0 0.00  0.0    0  3.7 12 310   M    M   7 2      14 310
18  68  51  60   5   5   0 0.00  0.0    0  4.4 18 320   M    M   5 28     24 320
19  66  49  58   3   7   0 0.00  0.0    0  5.5 20 320   M    M   5 2      26 320
20  62  46  54  -1  11   0 0.00  0.0    0  6.9 18 320   M    M   3 18     23 320
21  62  47  55   0  10   0    T    M    0  5.5 17 320   M    M   6 1      21 320
22  63  47  55   0  10   0 0.00  0.0    0  5.4 16 320   M    M   5 18     21 320
23  67  45  56   1   9   0    T    M    0  3.3 10 160   M    M   6 18     12 170
24  67  50  59   4   6   0 0.00  0.0    0  6.4 21 320   M    M   3 128    25 320
25  90  46  68  13   0   3 0.00  0.0    0  3.8 17  20   M    M   2 12     32  70
26  77  51  64   9   1   0 0.00  0.0    0  4.9 12 320   M    M   2 128    14 320
27  60  51  56   2   9   0 0.00  0.0    0  5.3  9 190   M    M   7 128    13 300
28  55  52  54   0  11   0 0.00  0.0    0  5.2 12 160   M    M  10 1      14 280
29  56  52  54   0  11   0 0.00  0.0    0  5.1  9 290   M    M  10 1      14 320
================================================================================
SM 1868 1392       249   3    T      0.0 149.7          M      143
================================================================================
AV 64.4 48.0                               5.2 FASTST   M    M   5    MAX(MPH)
                                 MISC ---->  # 24 320               # 66  160
================================================================================
NOTES:
# LAST OF SEVERAL OCCURRENCES

COLUMN 17 PEAK WIND IN M.P.H.

PRELIMINARY LOCAL CLIMATOLOGICAL DATA (WS FORM: F-6) , PAGE 2

                                          STATION:  ARCATA CA
                                          MONTH:    SEPTEMBER
                                          YEAR:     2016
                                          LATITUDE:   40 58 N
                                          LONGITUDE: 124  6 W

[TEMPERATURE DATA]      [PRECIPITATION DATA]       SYMBOLS USED IN COLUMN 16

AVERAGE MONTHLY: 56.2   TOTAL FOR MONTH:      T    1 = FOG OR MIST
DPTR FM NORMAL:   0.9   DPTR FM NORMAL:   -0.90    2 = FOG REDUCING VISIBILITY
HIGHEST:    90 ON 25    GRTST 24HR    T  ON 23-23      TO 1/4 MILE OR LESS
LOWEST:     43 ON 12, 5                            3 = THUNDER
                        SNOW, ICE PELLETS, HAIL    4 = ICE PELLETS
                        TOTAL MONTH:   0.0 INCH    5 = HAIL
                        GRTST 24HR     0.0         6 = FREEZING RAIN OR DRIZZLE
                        GRTST DEPTH:   0           7 = DUSTSTORM OR SANDSTORM:
                                                       VSBY 1/2 MILE OR LESS
                                                   8 = SMOKE OR HAZE
[NO. OF DAYS WITH]      [WEATHER - DAYS WITH]      9 = BLOWING SNOW
                                                   X = TORNADO
MAX 32 OR BELOW:   0    0.01 INCH OR MORE:   0
MAX 90 OR ABOVE:   1    0.10 INCH OR MORE:   0
MIN 32 OR BELOW:   0    0.50 INCH OR MORE:   0
MIN  0 OR BELOW:   0    1.00 INCH OR MORE:   0

[HDD (BASE 65) ]
TOTAL THIS MO.   249    CLEAR  (SCALE 0-3)   9
DPTR FM NORMAL   -32    PTCLDY (SCALE 4-7)  16
TOTAL FM JUL 1   713    CLOUDY (SCALE 8-10)  4
DPTR FM NORMAL  -107

[CDD (BASE 65) ]
TOTAL THIS MO.     3
DPTR FM NORMAL     3    [PRESSURE DATA]
TOTAL FM JAN 1     3    HIGHEST SLP M ON M
DPTR FM NORMAL     3    LOWEST  SLP 29.76 ON 12

[REMARKS]
