000
CXUS51 KPHI 290800
CF6ACY
PRELIMINARY LOCAL CLIMATOLOGICAL DATA (WS FORM: F-6)

                                          STATION:   ATLANTIC CITY NJ
                                          MONTH:     AUGUST
                                          YEAR:      2016
                                          LATITUDE:   39 27 N
                                          LONGITUDE:  74 34 W

  TEMPERATURE IN F:       :PCPN:    SNOW:  WIND      :SUNSHINE: SKY     :PK WND
================================================================================
1   2   3   4   5  6A  6B    7    8   9   10  11  12  13   14  15   16   17  18
                                     12Z  AVG MX 2MIN
DY MAX MIN AVG DEP HDD CDD  WTR  SNW DPTH SPD SPD DIR MIN PSBL S-S WX    SPD DR
================================================================================

 1  79  72  76   0   0  11 0.17  0.0    0  6.9 14  70   M    M   9 18     19  50
 2  79  65  72  -4   0   7 0.00  0.0    0  7.7 21  70   M    M   7        27  50
 3  79  62  71  -5   0   6 0.00  0.0    0  7.8 17 100   M    M   1        23  50
 4  81  61  71  -5   0   6 0.00  0.0    0  5.1 14 150   M    M   1        22 110
 5  82  59  71  -5   0   6 0.00  0.0    0  4.7 14 190   M    M   0        17 150
 6  90  74  82   6   0  17 0.00  0.0    0  8.1 14 360   M    M   6        19 230
 7  89  67  78   2   0  13 0.00  0.0    0  6.2 15 290   M    M   0        19 310
 8  83  67  75  -1   0  10 0.00  0.0    0  3.5 10  90   M    M   1 1      16  60
 9  86  64  75   0   0  10 0.00  0.0    0  6.4 15 140   M    M   3 12     20 140
10  90  77  84   9   0  19 0.01  0.0    0  9.8 20 160   M    M   3        25 160
11  94  77  86  11   0  21 0.00  0.0    0 10.0 20 220   0    0   0        27 210
12  96  79  88  13   0  23 0.00  0.0    0 10.8 18 220   M    M   0        29 110
13  97  82  90  15   0  25 0.00  0.0    0 10.1 17 200   M    M   0        27 210
14  98  83  91  16   0  26 0.00  0.0    0  9.2 20 260   M    M   1        26 280
15  94  74  84   9   0  19 0.00  0.0    0  6.6 14 130   M    M   M        17 160
16  90  75  83   8   0  18 0.15  0.0    0  8.8 18 160   0    0   0        24 180
17  93  72  83   9   0  18 0.19  0.0    0 10.2 22 220   0    0   0 3      34 220
18  88  72  80   6   0  15 0.24  0.0    0  3.9 14 330   0    0   0        19 230
19  88  71  80   6   0  15 0.18  0.0    0  4.9 14 100   M    M   M 1      18 280
20  87  68  78   4   0  13 0.00  0.0    0  5.2 13 170   M    M   M 18     20 130
21  88  67  78   4   0  13 0.16  0.0    0  6.4 18 170   M    M   M 1      24 170
22  84  59  72  -2   0   7 0.00  0.0    0  9.7 20 300   M    M   1        24 320
23  82  55  69  -5   0   4 0.00  0.0    0  4.2 13 150   M    M   0        17 160
24  85  57  71  -3   0   6 0.00  0.0    0  4.8 16 160   M    M   1        20 180
25  86  63  75   2   0  10 0.00  0.0    0  8.3 20 170   M    M   1        25 160
26  96  73  85  12   0  20 0.00  0.0    0  8.1 17 330   M    M   2        20 310
27  88  66  77   4   0  12 0.00  0.0    0  6.9 14  80   M    M   0        18  60
28  87  64  76   3   0  11 0.00  0.0    0  5.3 13 120   M    M   0 1      17 100
================================================================================
SM 2459 1925         0 381  1.10     0.0 199.6            0     37
================================================================================
AV 87.8 68.8                               7.1 FASTST    0   0   2    MAX(MPH)
                                 MISC ---->  # 22 220               # 34  220
================================================================================
NOTES:
# LAST OF SEVERAL OCCURRENCES

COLUMN 17 PEAK WIND IN M.P.H.

PRELIMINARY LOCAL CLIMATOLOGICAL DATA (WS FORM: F-6) , PAGE 2

                                          STATION:  ATLANTIC CITY NJ
                                          MONTH:    AUGUST
                                          YEAR:     2016
                                          LATITUDE:   39 27 N
                                          LONGITUDE:  74 34 W

[TEMPERATURE DATA]      [PRECIPITATION DATA]       SYMBOLS USED IN COLUMN 16

AVERAGE MONTHLY: 78.3   TOTAL FOR MONTH:   1.10    1 = FOG OR MIST
DPTR FM NORMAL:   3.6   DPTR FM NORMAL:   -2.70    2 = FOG REDUCING VISIBILITY
HIGHEST:    98 ON 14    GRTST 24HR  0.24 ON 18-18      TO 1/4 MILE OR LESS
LOWEST:     55 ON 23                               3 = THUNDER
                        SNOW, ICE PELLETS, HAIL    4 = ICE PELLETS
                        TOTAL MONTH:   0.0 INCH    5 = HAIL
                        GRTST 24HR     0.0         6 = FREEZING RAIN OR DRIZZLE
                        GRTST DEPTH:   0           7 = DUSTSTORM OR SANDSTORM:
                                                       VSBY 1/2 MILE OR LESS
                                                   8 = SMOKE OR HAZE
[NO. OF DAYS WITH]      [WEATHER - DAYS WITH]      9 = BLOWING SNOW
                                                   X = TORNADO
MAX 32 OR BELOW:   0    0.01 INCH OR MORE:   7
MAX 90 OR ABOVE:  10    0.10 INCH OR MORE:   6
MIN 32 OR BELOW:   0    0.50 INCH OR MORE:   0
MIN  0 OR BELOW:   0    1.00 INCH OR MORE:   0

[HDD (BASE 65) ]
TOTAL THIS MO.     0    CLEAR  (SCALE 0-3)  19
DPTR FM NORMAL     0    PTCLDY (SCALE 4-7)   4
TOTAL FM JUL 1     0    CLOUDY (SCALE 8-10)  1
DPTR FM NORMAL     0

[CDD (BASE 65) ]
TOTAL THIS MO.   381
DPTR FM NORMAL   108    [PRESSURE DATA]
TOTAL FM JAN 1  1064    HIGHEST SLP M ON M
DPTR FM NORMAL   177    LOWEST  SLP  0.00 ON M

[REMARKS]
