000
CXAK56 PADQ 221147
CF6ADQ

PRELIMINARY LOCAL CLIMATOLOGICAL DATA (WS FORM: F-6)

                                          STATION:   KODIAK
                                          MONTH:     11
                                          YEAR:      2014
                                          LATITUDE:   57 45 N
                                          LONGITUDE: 152 30 W

  TEMPERATURE IN F:       :PCPN:    SNOW:  WIND      :SUNSHINE: SKY     :PK WND
================================================================================
1   2   3   4   5  6A  6B    7     8   9   10  11  12  13   14  15   16  17  18
                                      12Z  AVG MX 2MIN
DY MAX MIN AVG DEP HDD CDD  WTR   SNW DPTH SPD SPD DIR MIN PSBL S-S WX   SPD DR
================================================================================

 1  43  31  37   0  28   0  0.01  0.0   0  5.2 13  310   M    M   M 1     16 280
 2  42  31  37   1  28   0  0.02  0.0   0  5.3 16  140   M    M   M       18 280
 3  45  31  38   2  27   0  0.03  0.0   0  5.5 14  290   M    M   M       21 320
 4  45  31  38   2  27   0     T  0.0   0  8.7 16  300   M    M   M       22 290
 5  43  32  38   2  27   0  0.07  0.0   0  4.9 14  190   M    M   M       16 190
 6  45  32  39   3  26   0  0.51  0.0   0 16.5 44   40   M    M   M 1     53  40
 7  47  41  44   9  21   0  0.37  0.0   0 13.0 26   20   M    M   M 1     31  30
 8  46  34  40   5  25   0  0.19  0.0   0  8.3 25  160   M    M   M 1     32 170
 9  48  42  45  10  20   0  1.53  0.0   0 15.8 28  140   M    M   M 1     34 160
10  47  38  43   8  22   0  0.22  0.0   0  8.5 20  180   M    M   M 1     23 180
11  49  44  47  12  18   0  2.42  0.0   0 19.7 32   90   M    M   M 1     39  90
12  48  46  47  13  18   0  2.21  0.0   0 24.7 32   90   M    M   M 1     40  80
13  47  45  46  12  19   0  0.57  0.0   0 21.1 29   60   M    M   M 1     38  80
14  47  45  46  12  19   0  0.70  0.0   0 19.2 26   70   M    M   M 1     40  60
15  47  45  46  12  19   0  0.62  0.0   0 22.1 32   50   M    M   M 1     42  50
16  47  45  46  12  19   0  0.58  0.0   0  0.0 33   30   M    M   M 1     43  30
17  46  37  42   8  23   0  0.97  0.0   0 12.6 36   50   M    M   M 1     43  60
18  47  40  44  11  21   0  1.15  0.0   0 21.2 40   50   M    M   M 1     52  50
19  44  34  39   6  26   0  0.03  0.0   0 11.3 31  120   M    M   M 1     39 130
20  46  42  44  11  21   0  0.47  0.0   0 28.6 46   90   M    M   M 1     58  90
21  45  32  39   6  26   0  0.06  0.0   0  8.1 26   90   M    M   M 1     32  90
================================================================================
SM  964  798       480   0 12.73 0.0    280.3           M        M
================================================================================
AV 45.9 38.0                             13.3 FASTST  PSBL  %   M    MAX(MPH)
                                 MISC ---->     46   90                 58  90
================================================================================
NOTES:
# LAST OF SEVERAL OCCURRENCES

COLUMN 17 PEAK WIND IN M.P.H.

PRELIMINARY LOCAL CLIMATOLOGICAL DATA (WS FORM: F-6) , PAGE 2

                                          STATION:   KODIAK
                                          MONTH:     11
                                          YEAR:      2014
                                          LATITUDE:  57 45 N
                                          LONGITUDE: 152 30 W

[TEMPERATURE DATA]      [PRECIPITATION DATA]       SYMBOLS USED IN COLUMN 16

AVERAGE MONTHLY:42.0   TOTAL FOR MONTH:12.73       1 = FOG
DPTR FM NORMAL:  7.3   DPTR FM NORMAL: 8.07       2 = FOG REDUCING VISIBILITY
HIGHEST:    49 ON 11    GRTST 24HR   2.42 ON 11        TO 1/4 MILE OR LESS
LOWEST:     31 ON  4                               3 = THUNDER
                        SNOW, ICE PELLETS, HAIL    4 = ICE PELLETS
                        TOTAL MONTH: 0.0         5 = HAIL
                        GRTST 24HR   0.0           6 = GLAZE OR RIME
                        GRTST DEPTH:    0          7 = BLOWING DUST OR SAND:
                                                       VSBY 1/2 MILE OR LESS
                                                   8 = SMOKE OR HAZE
[NO. OF DAYS WITH]      [WEATHER - DAYS WITH]      9 = BLOWING SNOW
                                                   X = TORNADO
MAX 32 OR BELOW:   0    0.01 INCH OR MORE:  20
MAX 70 OR ABOVE:   0    0.10 INCH OR MORE:  14
MIN 32 OR BELOW:   7    0.50 INCH OR MORE:  10
MIN  0 OR BELOW:   0    1.00 INCH OR MORE:   4

[HDD (BASE 65) ]
TOTAL THIS MO.   480    CLEAR  (SCALE 0-3)   M
DPTR FM NORMAL  -160    PTCLDY (SCALE 4-7)   M
SEASONAL TOTAL  2129    CLOUDY (SCALE 8-10)  M
DPTR FM NORMAL  -369

[CDD (BASE 65) ]
TOTAL THIS MO.     0
DPTR FM NORMAL     0    [PRESSURE DATA]
SEASONAL TOTAL     4    HIGHEST SLP     M
DPTR FM NORMAL     4    LOWEST  SLP     M

[REMARKS]
