000
CXUS54 KLCH 010510
CF6AEX
PRELIMINARY LOCAL CLIMATOLOGICAL DATA (WS FORM: F-6)

                                          STATION:   ALEXANDRIA
                                          MONTH:     MAY
                                          YEAR:      2016
                                          LATITUDE:   31 19 N
                                          LONGITUDE:  92 33 W

  TEMPERATURE IN F:       :PCPN:    SNOW:  WIND      :SUNSHINE: SKY     :PK WND
================================================================================
1   2   3   4   5  6A  6B    7    8   9   10  11  12  13   14  15   16   17  18
                                     12Z  AVG MX 2MIN
DY MAX MIN AVG DEP HDD CDD  WTR  SNW DPTH SPD SPD DIR MIN PSBL S-S WX    SPD DR
================================================================================

 1  84  68  76   5   0  11 0.02  0.0    0  6.9 17 150   M    M   4 1      23 150
 2  72  64  68  -3   0   3 0.80  0.0    0  6.1 21 330   M    M   8 1      27 320
 3  76  56  66  -5   0   1 0.00  0.0    0  7.0 15 320   M    M   4        24 350
 4  80  52  66  -5   0   1 0.00  0.0    0  6.3 20 290   M    M   0        26 340
 5  80  53  67  -5   0   2 0.00  0.0    0  7.0 17 310   M    M   0        24 300
 6  81  53  67  -5   0   2 0.00  0.0    0  3.3 12 350   M    M   0        16  60
 7  83  51  67  -5   0   2 0.00  0.0    0  4.6 12 160   M    M   0        16 110
 8  82  58  70  -2   0   5 0.00  0.0    0  8.3 17 170   M    M   1 1      23 160
 9  80  67  74   1   0   9    T  0.0    0 11.3 22 190   M    M   6        29 190
10  88  68  78   5   0  13 0.00  0.0    0  9.7 18 180   M    M   6 18     24 180
11  85  69  77   4   0  12    T  0.0    0  7.6 16 190   M    M   4 1      20 200
12  90  65  78   4   0  13 0.00  0.0    0  4.0 13 250   M    M   5 18     16 280
13  86  59  73  -1   0   8 0.00  0.0    0  5.7 15  40   M    M   1        20  50
14  89  59  74   0   0   9 0.00  0.0    0  3.1 13  50   M    M   1 1      15  50
15  80  64  72  -2   0   7 0.00  0.0    0  7.6 14  80   M    M   3        18  80
16  75  64  70  -5   0   5 0.60  0.0    0  7.3 20 110   M    M   7 1      25 110
17  83  66  75   0   0  10 0.02  0.0    0  5.6 14 130   M    M   7 1      23  30
18  73  61  67  -8   0   2 0.00  0.0    0  5.6 14  30   M    M   6 1      18  10
19  77  59  68  -7   0   3 0.31  0.0    0  5.9 36 120   M    M   5 1      44 120
20  82  64  73  -3   0   8 0.00  0.0    0  5.7 10 290   M    M   6 128    16 330
21  88  61  75  -1   0  10 0.00  0.0    0  3.6 12  60   M    M   1 1      17  70
22  87  64  76   0   0  11 0.00  0.0    0  5.8 15  70   M    M   0        20  60
23  86  63  75  -1   0  10 0.00  0.0    0  5.9 14 140   M    M   2        19 130
24  90  67  79   3   0  14 0.00  0.0    0  7.8 15 170   M    M   2 1      20 190
25  92  73  83   7   0  18 0.00  0.0    0  9.3 16 190   M    M   5 1      23 180
26  89  74  82   5   0  17 0.13  0.0    0  9.2 18 180   M    M   3 1      25 170
27  84  66  75  -2   0  10 1.79  0.0    0 12.3 31 120   M    M   7 18     39 120
28  86  65  76  -1   0  11 0.00  0.0    0  4.3 12 150   M    M   2        13 150
29  92  67  80   3   0  15 0.00  0.0    0  2.4  9 110   M    M   2 12     13 170
30  90  69  80   2   0  15    T  0.0    0  3.3 13  90   M    M   1 1      14 100
31   M   M   M   M   M   M    M    M    M   M   M   M   M    M   M 1       M  M
================================================================================
SM 2510 1889         0 257  3.67     0.0 192.5          M       99
================================================================================
AV 83.7 63.0                               6.4 FASTST   M    M   3    MAX(MPH)
                                 MISC ---->  # 36 120               # 44  120
================================================================================
NOTES:
# LAST OF SEVERAL OCCURRENCES

COLUMN 17 PEAK WIND IN M.P.H.

PRELIMINARY LOCAL CLIMATOLOGICAL DATA (WS FORM: F-6) , PAGE 2

                                          STATION:  ALEXANDRIA
                                          MONTH:    MAY
                                          YEAR:     2016
                                          LATITUDE:   31 19 N
                                          LONGITUDE:  92 33 W

[TEMPERATURE DATA]      [PRECIPITATION DATA]       SYMBOLS USED IN COLUMN 16

AVERAGE MONTHLY: 73.3   TOTAL FOR MONTH:   3.67    1 = FOG OR MIST
DPTR FM NORMAL:  -1.1   DPTR FM NORMAL:   -1.05    2 = FOG REDUCING VISIBILITY
HIGHEST:    92 ON 29,25 GRTST 24HR  1.89 ON 26-27      TO 1/4 MILE OR LESS
LOWEST:     51 ON  7                               3 = THUNDER
                        SNOW, ICE PELLETS, HAIL    4 = ICE PELLETS
                        TOTAL MONTH:   0.0 INCH    5 = HAIL
                        GRTST 24HR     0.0         6 = FREEZING RAIN OR DRIZZLE
                        GRTST DEPTH:   0           7 = DUSTSTORM OR SANDSTORM:
                                                       VSBY 1/2 MILE OR LESS
                                                   8 = SMOKE OR HAZE
[NO. OF DAYS WITH]      [WEATHER - DAYS WITH]      9 = BLOWING SNOW
                                                   X = TORNADO
MAX 32 OR BELOW:   0    0.01 INCH OR MORE:   7
MAX 90 OR ABOVE:   5    0.10 INCH OR MORE:   5
MIN 32 OR BELOW:   0    0.50 INCH OR MORE:   3
MIN  0 OR BELOW:   0    1.00 INCH OR MORE:   1

[HDD (BASE 65) ]
TOTAL THIS MO.     0    CLEAR  (SCALE 0-3)  16
DPTR FM NORMAL    -4    PTCLDY (SCALE 4-7)  14
TOTAL FM JUL 1  1325    CLOUDY (SCALE 8-10)  0
DPTR FM NORMAL  -626

[CDD (BASE 65) ]
TOTAL THIS MO.   257
DPTR FM NORMAL   -38    [PRESSURE DATA]
TOTAL FM JAN 1   453    HIGHEST SLP M ON M
DPTR FM NORMAL    -1    LOWEST  SLP 29.76 ON  1

[REMARKS]
#FINAL-05-16#
