000
CXUS54 KFWD 270730
CF6AFW
PRELIMINARY LOCAL CLIMATOLOGICAL DATA (WS FORM: F-6)

                                          STATION:   FORT WORTH ALLIANCE
                                          MONTH:     FEBRUARY
                                          YEAR:      2017
                                          LATITUDE:   32 58 N
                                          LONGITUDE:  97 19 W

  TEMPERATURE IN F:       :PCPN:    SNOW:  WIND      :SUNSHINE: SKY     :PK WND
================================================================================
1   2   3   4   5  6A  6B    7    8   9   10  11  12  13   14  15   16   17  18
                                     12Z  AVG MX 2MIN
DY MAX MIN AVG DEP HDD CDD  WTR  SNW DPTH SPD SPD DIR MIN PSBL S-S WX    SPD DR
================================================================================

 1  78  49  64  17   1   0 0.00  0.0    0  9.5 17 300   M    M   3        22 190
 2  49  40  45  -2  20   0 0.00  0.0    0 13.0 23 360   M    M   7        30 360
 3  52  39  46  -1  19   0 0.00  0.0    0  7.7 16  20   M    M   8        21  20
 4  54  42  48   1  17   0 0.00  0.0    0 10.7 17 170   M    M  10 1      22 180
 5  77  49  63  16   2   0 0.00  0.0    0  8.1 18 170   M    M   8 18     24 140
 6  83  63  73  26   0   8 0.00  0.0    0 14.9 24 190   M    M   7        35 220
 7  79  51  65  18   0   0 0.00  0.0    0  8.6 18 290   M    M   7        28 200
 8  64  41  53   5  12   0 0.00  0.0    0 13.2 26 360   M    M   6        33 340
 9  60  33  47  -1  18   0 0.00  0.0    0  6.9 15  40   M    M   3        18  50
10  77  46  62  14   3   0 0.00  0.0    0 12.8 25 190   M    M   2        34 180
11  88  60  74  26   0   9 0.00  0.0    0 12.4 21 190   M    M   1        28 210
12  72  58  65  17   0   0 0.00  0.0    0 16.6 29  10   M    M   4        35  20
13  65  46  56   8   9   0 0.17  0.0    0 11.3 21  40   M    M  10 13     26  40
14  47  41  44  -4  21   0 1.01  0.0    0 13.5 23 320   M    M  10 13     31 320
15  59  35  47  -2  18   0 0.00  0.0    0  9.3 20 360   M    M   2        24 320
16  68  31  50   1  15   0 0.00  0.0    0  6.7 14 170   M    M   1        19 230
17  71  43  57   8   8   0 0.00  0.0    0 11.1 22 150   M    M   5        29 150
18  80  53  67  18   0   2 0.00  0.0    0  6.7 20 170   M    M   6 1      26 170
19  75  51  63  13   2   0 0.02  0.0    0  9.2 25 270   M    M   8 1238   33 270
20  69  54  62  12   3   0 0.38  0.0    0  7.8 25 280   M    M   7 13     37 280
21  76  45  61  11   4   0 0.00  0.0    0  8.5 20 340   M    M   1 12     30 330
22  85  39  62  12   3   0 0.00  0.0    0  5.0 17 180   M    M   1        21 210
23  91  54  73  23   0   8 0.00  0.0    0 10.8 23 170   M    M   1        31 170
24  70  43  57   6   8   0 0.00  0.0    0 12.0 22 320   M    M   1        28 340
25  54  31  43  -8  22   0 0.00  0.0    0  6.0 20  20   M    M   1        25  30
26  66  38  52   1  13   0    T    M    0  7.7 18 180   M    M   8 3      27 210
================================================================================
SM 1809 1175       218  27  1.58     0.0 260.0          M      128
================================================================================
AV 69.6 45.2                              10.0 FASTST   M    M   5    MAX(MPH)
                                 MISC ---->  # 29  10               # 37  280
================================================================================
NOTES:
# LAST OF SEVERAL OCCURRENCES

COLUMN 17 PEAK WIND IN M.P.H.

PRELIMINARY LOCAL CLIMATOLOGICAL DATA (WS FORM: F-6) , PAGE 2

                                          STATION:  FORT WORTH ALLIANCE
                                          MONTH:    FEBRUARY
                                          YEAR:     2017
                                          LATITUDE:   32 58 N
                                          LONGITUDE:  97 19 W

[TEMPERATURE DATA]      [PRECIPITATION DATA]       SYMBOLS USED IN COLUMN 16

AVERAGE MONTHLY: 57.4   TOTAL FOR MONTH:   1.58    1 = FOG OR MIST
DPTR FM NORMAL:   8.8   DPTR FM NORMAL:   -0.87    2 = FOG REDUCING VISIBILITY
HIGHEST:    91 ON 23    GRTST 24HR  1.18 ON 13-14      TO 1/4 MILE OR LESS
LOWEST:     31 ON 25,16                            3 = THUNDER
                        SNOW, ICE PELLETS, HAIL    4 = ICE PELLETS
                        TOTAL MONTH:   0.0 INCH    5 = HAIL
                        GRTST 24HR     0.0         6 = FREEZING RAIN OR DRIZZLE
                        GRTST DEPTH:   0           7 = DUSTSTORM OR SANDSTORM:
                                                       VSBY 1/2 MILE OR LESS
                                                   8 = SMOKE OR HAZE
[NO. OF DAYS WITH]      [WEATHER - DAYS WITH]      9 = BLOWING SNOW
                                                   X = TORNADO
MAX 32 OR BELOW:   0    0.01 INCH OR MORE:   4
MAX 90 OR ABOVE:   1    0.10 INCH OR MORE:   3
MIN 32 OR BELOW:   2    0.50 INCH OR MORE:   1
MIN  0 OR BELOW:   0    1.00 INCH OR MORE:   1

[HDD (BASE 65) ]
TOTAL THIS MO.   218    CLEAR  (SCALE 0-3)  10
DPTR FM NORMAL  -211    PTCLDY (SCALE 4-7)  12
TOTAL FM JUL 1  1424    CLOUDY (SCALE 8-10)  4
DPTR FM NORMAL  -608

[CDD (BASE 65) ]
TOTAL THIS MO.    27
DPTR FM NORMAL    27    [PRESSURE DATA]
TOTAL FM JAN 1    27    HIGHEST SLP M ON M
DPTR FM NORMAL    25    LOWEST  SLP 29.42 ON 23

[REMARKS]
