000
CXUS55 KCYS 241000
CF6AIA
PRELIMINARY LOCAL CLIMATOLOGICAL DATA (WS FORM: F-6)

                                          STATION:   ALLIANCE NEBRASKA AIRPORT
                                          MONTH:     APRIL
                                          YEAR:      2014
                                          LATITUDE:   42  2 N
                                          LONGITUDE: 102 48 W

  TEMPERATURE IN F:       :PCPN:    SNOW:  WIND      :SUNSHINE: SKY     :PK WND
================================================================================
1   2   3   4   5  6A  6B    7    8   9   10  11  12  13   14  15   16   17  18
                                     12Z  AVG MX 2MIN
DY MAX MIN AVG DEP HDD CDD  WTR  SNW DPTH SPD SPD DIR MIN PSBL S-S WX    SPD DR
================================================================================

 1  40  16  28 -13  37   0    T    M    M 12.8 28 110   M    M   5 1      33 120
 2  45  29  37  -5  28   0    T    M    M 10.7 22 140   M    M   9 1      28 140
 3  46  23  35  -7  30   0 0.00    M    M 14.0 33 340   M    M   4        41 320
 4  56  19  38  -4  27   0 0.00    M    M  7.4 18 170   M    M   6 12     21 180
 5  63  28  46   4  19   0 0.00    M    M  7.9 18 340   M    M   3        26 320
 6  59  23  41  -1  24   0    T    M    M  8.3 29 350   M    M   2        35 350
 7  53  24  39  -4  26   0    T    M    M 16.0 36  10   M    M   3        44  10
 8  68  24  46   3  19   0 0.00    M    M  9.3 23 340   M    M   2        28 350
 9  77  27  52   9  13   0 0.00    M    M 13.8 31 290   M    M   0        40 300
10  60  34  47   4  18   0 0.01    M    M  7.9 32 330   M    M   5 123    53 330
11  73  25  49   5  16   0 0.00    M    M  9.0 24 180   M    M   1 12     33 180
12  67  28  48   4  17   0 0.00    M    M 15.0 31  30   M    M   2        39  30
13  41  25  33 -11  32   0    T    M    M 19.8 32  20   M    M  10 18     39  20
14  43  10  27 -17  38   0 0.00    M    M 14.7 31 310   M    M   2        39 310
15  65  21  43  -2  22   0    T    M    M 14.3 38 300   M    M   2        47 300
16  54  30  42  -3  23   0 0.01    M    M 17.8 30 340   M    M   7        39 320
17  54  29  42  -3  23   0    T    M    M 13.2 22 150   M    M   6 1      27 150
18  80  34  57  12   8   0 0.00    M    M 14.4 29 180   M    M   0        36 170
19  65  39  52   6  13   0 0.00    M    M  9.2 26  40   M    M   1        32  40
20  78  36  57  11   8   0 0.00    M    M 10.6 23 350   M    M   0        27 350
21  68  33  51   5  14   0 0.00    M    M  6.9 14 150   M    M   1        15 150
22  80  42  61  15   4   0 0.01    M    M 19.2 35 180   M    M   1 3      41 170
23  70  44  57  10   8   0 0.00    M    M 15.0 33 290   M    M   2 8      44 300
================================================================================
SM 1405  643       467   0  0.03    M    287.2          M       74
================================================================================
AV 61.1 28.0                              12.5 FASTST   M    M   3    MAX(MPH)
                                 MISC ---->  # 38 300               # 53  330
================================================================================
NOTES:
# LAST OF SEVERAL OCCURRENCES

COLUMN 17 PEAK WIND IN M.P.H.

PRELIMINARY LOCAL CLIMATOLOGICAL DATA (WS FORM: F-6) , PAGE 2

                                          STATION:  ALLIANCE NEBRASKA AIRPORT
                                          MONTH:    APRIL
                                          YEAR:     2014
                                          LATITUDE:   42  2 N
                                          LONGITUDE: 102 48 W

[TEMPERATURE DATA]      [PRECIPITATION DATA]       SYMBOLS USED IN COLUMN 16

AVERAGE MONTHLY: 44.5   TOTAL FOR MONTH:   0.03    1 = FOG OR MIST
DPTR FM NORMAL:   0.6   DPTR FM NORMAL:   -1.06    2 = FOG REDUCING VISIBILITY
HIGHEST:    80 ON 22,18 GRTST 24HR  0.05 ON 31- 1      TO 1/4 MILE OR LESS
LOWEST:     10 ON 14                               3 = THUNDER
                        SNOW, ICE PELLETS, HAIL    4 = ICE PELLETS
                        TOTAL MONTH:    M          5 = HAIL
                        GRTST 24HR    M  ON   M    6 = FREEZING RAIN OR DRIZZLE
                        GRTST DEPTH:  M  ON   M    7 = DUSTSTORM OR SANDSTORM:
                                                       VSBY 1/2 MILE OR LESS
                                                   8 = SMOKE OR HAZE
[NO. OF DAYS WITH]      [WEATHER - DAYS WITH]      9 = BLOWING SNOW
                                                   X = TORNADO
MAX 32 OR BELOW:   0    0.01 INCH OR MORE:   3
MAX 90 OR ABOVE:   0    0.10 INCH OR MORE:   0
MIN 32 OR BELOW:  16    0.50 INCH OR MORE:   0
MIN  0 OR BELOW:   0    1.00 INCH OR MORE:   0

[HDD (BASE 65) ]
TOTAL THIS MO.   467    CLEAR  (SCALE 0-3)  15
DPTR FM NORMAL   -17    PTCLDY (SCALE 4-7)   6
TOTAL FM JUL 1  6948    CLOUDY (SCALE 8-10)  2
DPTR FM NORMAL   178

[CDD (BASE 65) ]
TOTAL THIS MO.     0
DPTR FM NORMAL     0    [PRESSURE DATA]
TOTAL FM JAN 1     0    HIGHEST SLP M ON M
DPTR FM NORMAL     0    LOWEST  SLP 29.37 ON 23

[REMARKS]
