000
CXUS55 KCYS 251000
CF6AIA
PRELIMINARY LOCAL CLIMATOLOGICAL DATA (WS FORM: F-6)

                                          STATION:   ALLIANCE NEBRASKA AIRPORT
                                          MONTH:     JANUARY
                                          YEAR:      2015
                                          LATITUDE:   42  2 N
                                          LONGITUDE: 102 48 W

  TEMPERATURE IN F:       :PCPN:    SNOW:  WIND      :SUNSHINE: SKY     :PK WND
================================================================================
1   2   3   4   5  6A  6B    7    8   9   10  11  12  13   14  15   16   17  18
                                     12Z  AVG MX 2MIN
DY MAX MIN AVG DEP HDD CDD  WTR  SNW DPTH SPD SPD DIR MIN PSBL S-S WX    SPD DR
================================================================================

 1  25  -5  10 -13  55   0 0.00    M    M  7.5 16 280   M    M   2        19 290
 2  33   5  19  -4  46   0 0.02    M    M  5.4 13 220   M    M   6 128    14 220
 3  27  -7  10 -14  55   0    T    M    M 14.4 33 360   M    M   6 1289   40 360
 4   5 -19  -7 -31  72   0 0.00    M    M  3.3 10  30   M    M   5 8      12  30
 5  41  -7  17  -7  48   0 0.00    M    M 13.4 25 280   M    M   5        29 340
 6  37   8  23  -1  42   0    T    M    M  9.5 30  20   M    M   5 18     36  20
 7  19   5  12 -12  53   0    T    M    0 13.0 25 190   M    M   4 18     31 200
 8  39   9  24   0  41   0    T    M    M 16.7 36 350   M    M   6 1      43 350
 9  16  -6   5 -19  60   0 0.00    M    M 11.0 23 320   M    M   0        32 320
10  33   4  19  -5  46   0 0.00    M    M  5.0 14 280   M    M   0        14 280
11  28  11  20  -4  45   0    T    M    M 10.2 24 360   M    M   5 1      30 360
12  19  13  16  -8  49   0    T    M    M 13.0 24 160   M    M  10 1      26 160
13  29   7  18  -6  47   0 0.00    M    M  9.8 22 160   M    M   7 1      27 170
14  31   1  16  -8  49   0 0.00    M    M  7.4 17 280   M    M   0        19 280
15  38  13  26   2  39   0 0.00    M    M  9.7 21 280   M    M   0        24 280
16  43  11  27   3  38   0 0.00    M    M  9.9 29 260   M    M   1        36 260
17  40  25  33   9  32   0 0.00    M    M 13.8 26 300   M    M   2        33 290
18  46  22  34  10  31   0 0.00    M    M  8.9 16 260   M    M   0        21 250
19  43  22  33   9  32   0 0.00    M    M  8.6 17 330   M    M   3        21 330
20  38  20  29   5  36   0 0.00    M    M 12.9 26 320   M    M   3        33 320
21  33  11  22  -2  43   0 0.00    M    M 11.6 23 320   M    M   4        29 320
22  38   6  22  -3  43   0 0.00    M    M  8.7 18 240   M    M   0        22 240
23  42  14  28   3  37   0 0.00    M    M 11.2 21 340   M    M   2        24 340
24  46  25  36  11  29   0 0.00    M    M 17.7 36 310   M    M   3        45 310
================================================================================
SM  789  188      1068   0  0.02    M    252.6          M       79
================================================================================
AV 32.9  7.8                              10.5 FASTST   M    M   3    MAX(MPH)
                                 MISC ---->  # 36 350               # 45  310
================================================================================
NOTES:
# LAST OF SEVERAL OCCURRENCES

COLUMN 17 PEAK WIND IN M.P.H.

PRELIMINARY LOCAL CLIMATOLOGICAL DATA (WS FORM: F-6) , PAGE 2

                                          STATION:  ALLIANCE NEBRASKA AIRPORT
                                          MONTH:    JANUARY
                                          YEAR:     2015
                                          LATITUDE:   42  2 N
                                          LONGITUDE: 102 48 W

[TEMPERATURE DATA]      [PRECIPITATION DATA]       SYMBOLS USED IN COLUMN 16

AVERAGE MONTHLY: 20.4   TOTAL FOR MONTH:   0.02    1 = FOG OR MIST
DPTR FM NORMAL:  -3.7   DPTR FM NORMAL:   -0.11    2 = FOG REDUCING VISIBILITY
HIGHEST:    46 ON 24,18 GRTST 24HR  0.02 ON  2- 2      TO 1/4 MILE OR LESS
LOWEST:    -19 ON  4                               3 = THUNDER
                        SNOW, ICE PELLETS, HAIL    4 = ICE PELLETS
                        TOTAL MONTH:    M          5 = HAIL
                        GRTST 24HR    M  ON   M    6 = FREEZING RAIN OR DRIZZLE
                        GRTST DEPTH:   0           7 = DUSTSTORM OR SANDSTORM:
                                                       VSBY 1/2 MILE OR LESS
                                                   8 = SMOKE OR HAZE
[NO. OF DAYS WITH]      [WEATHER - DAYS WITH]      9 = BLOWING SNOW
                                                   X = TORNADO
MAX 32 OR BELOW:   9    0.01 INCH OR MORE:   1
MAX 90 OR ABOVE:   0    0.10 INCH OR MORE:   0
MIN 32 OR BELOW:  24    0.50 INCH OR MORE:   0
MIN  0 OR BELOW:   5    1.00 INCH OR MORE:   0

[HDD (BASE 65) ]
TOTAL THIS MO.  1068    CLEAR  (SCALE 0-3)  12
DPTR FM NORMAL    86    PTCLDY (SCALE 4-7)  11
TOTAL FM JUL 1  4035    CLOUDY (SCALE 8-10)  1
DPTR FM NORMAL   -29

[CDD (BASE 65) ]
TOTAL THIS MO.     0
DPTR FM NORMAL     0    [PRESSURE DATA]
TOTAL FM JAN 1     0    HIGHEST SLP  0.00 ON  5
DPTR FM NORMAL     0    LOWEST  SLP 29.72 ON 16

[REMARKS]
