000
CXAK56 PAJK 231245
CF6AJN
PRELIMINARY LOCAL CLIMATOLOGICAL DATA (WS FORM: F-6)

                                          STATION:   JUNEAU
                                          MONTH:     MAY
                                          YEAR:      2015
                                          LATITUDE:   58 22 N
                                          LONGITUDE: 134 35 W

  TEMPERATURE IN F:       :PCPN:    SNOW:  WIND      :SUNSHINE: SKY     :PK WND
================================================================================
1   2   3   4   5  6A  6B    7    8   9   10  11  12  13   14  15   16   17  18
                                     12Z  AVG MX 2MIN
DY MAX MIN AVG DEP HDD CDD  WTR  SNW DPTH SPD SPD DIR MIN PSBL S-S WX    SPD DR
================================================================================

 1  51  40  46   1  19   0 0.24  0.0    0  6.3 14 100   M    M   9 1      16 100
 2  53  38  46   1  19   0    T  0.0    0  6.8 15 110   M    M   8        19 110
 3  59  33  46   1  19   0 0.00  0.0    0  4.6 14  70   M    M   2 1      17 100
 4  61  37  49   3  16   0 0.00  0.0    0  7.1 23  90   M    M   2        32  90
 5  62  32  47   1  18   0 0.00  0.0    0  4.1 13 230   M    M   5        16 230
 6  58  34  46   0  19   0 0.00  0.0    0  4.8 14 240   M    M   9        22 240
 7  55  36  46   0  19   0    T    M    0  9.1 21 110   M    M   9        25 110
 8  63  46  55   9  10   0    T  0.0    0  5.3 14 240   M    M   9        17 250
 9  56  40  48   1  17   0 0.22    M    0  4.8 18 120   M    M   9 1      21 110
10  61  38  50   3  15   0 0.01  0.0    0  6.1 14 310   M    M   9 12     17 250
11  60  44  52   5  13   0    T  0.0    0  8.2 22 130   M    M   8        26 140
12  69  38  54   6  11   0 0.00  0.0    0  4.2 13 230   M    M   4        17 220
13  71  42  57   9   8   0 0.00  0.0    0  5.6 13 110   M    M   4        15 110
14  69  42  56   8   9   0 0.00  0.0    0  5.2 14 240   M    M   3 8      18 250
15  70  42  56   8   9   0 0.00  0.0    0  6.8 14 240   M    M   2        18 230
16  65  45  55   6  10   0 0.00  0.0    0  6.9 15 230   M    M   4        19 260
17  70  43  57   8   8   0 0.00  0.0    0  5.5 15 240   M    M   1        20 230
18  73  44  59  10   6   0 0.00  0.0    0  5.7 16 260   M    M   1        18 250
19  72  46  59  10   6   0 0.00  0.0    0  4.9 15 230   M    M   2        19 240
20  70  46  58   8   7   0 0.00  0.0    0  6.2 15 240   M    M   1        18 220
21  73  50  62  12   3   0 0.00  0.0    0  6.4 21 130   M    M   6        24 130
22  73  45  59   9   6   0 0.00  0.0    0  5.2 14 240   M    M   5        18 240
================================================================================
SM 1414  901       267   0  0.47     0.0 129.8          M      112
================================================================================
AV 64.3 41.0                               5.9 FASTST   M    M   5    MAX(MPH)
                                 MISC ---->  # 23  90               # 32   90
================================================================================
NOTES:
# LAST OF SEVERAL OCCURRENCES

COLUMN 17 PEAK WIND IN M.P.H.

PRELIMINARY LOCAL CLIMATOLOGICAL DATA (WS FORM: F-6) , PAGE 2

                                          STATION:  JUNEAU
                                          MONTH:    MAY
                                          YEAR:     2015
                                          LATITUDE:   58 22 N
                                          LONGITUDE: 134 35 W

[TEMPERATURE DATA]      [PRECIPITATION DATA]       SYMBOLS USED IN COLUMN 16

AVERAGE MONTHLY: 52.6   TOTAL FOR MONTH:   0.47    1 = FOG OR MIST
DPTR FM NORMAL:   5.2   DPTR FM NORMAL:   -1.92    2 = FOG REDUCING VISIBILITY
HIGHEST:    73 ON 22,21 GRTST 24HR  0.31 ON 30- 1      TO 1/4 MILE OR LESS
LOWEST:     32 ON  5                               3 = THUNDER
                        SNOW, ICE PELLETS, HAIL    4 = ICE PELLETS
                        TOTAL MONTH:   0.0 INCH    5 = HAIL
                        GRTST 24HR     0.0         6 = FREEZING RAIN OR DRIZZLE
                        GRTST DEPTH:   0           7 = DUSTSTORM OR SANDSTORM:
                                                       VSBY 1/2 MILE OR LESS
                                                   8 = SMOKE OR HAZE
[NO. OF DAYS WITH]      [WEATHER - DAYS WITH]      9 = BLOWING SNOW
                                                   X = TORNADO
MAX 32 OR BELOW:   0    0.01 INCH OR MORE:   3
MAX 90 OR ABOVE:   0    0.10 INCH OR MORE:   2
MIN 32 OR BELOW:   1    0.50 INCH OR MORE:   0
MIN  0 OR BELOW:   0    1.00 INCH OR MORE:   0

[HDD (BASE 65) ]
TOTAL THIS MO.   267    CLEAR  (SCALE 0-3)   8
DPTR FM NORMAL  -119    PTCLDY (SCALE 4-7)   6
TOTAL FM JUL 1  7032    CLOUDY (SCALE 8-10)  8
DPTR FM NORMAL  -882

[CDD (BASE 65) ]
TOTAL THIS MO.     0
DPTR FM NORMAL     0    [PRESSURE DATA]
TOTAL FM JAN 1     0    HIGHEST SLP M ON M
DPTR FM NORMAL     0    LOWEST  SLP 29.74 ON 12

[REMARKS]
