000
CXUS55 KALY 170710
CF6ALB
PRELIMINARY LOCAL CLIMATOLOGICAL DATA (WS FORM: F-6)

                                          STATION:   ALBANY NY
                                          MONTH:     DECEMBER
                                          YEAR:      2017
                                          LATITUDE:   42 45 N
                                          LONGITUDE:  73 48 W

  TEMPERATURE IN F:       :PCPN:    SNOW:  WIND      :SUNSHINE: SKY     :PK WND
================================================================================
1   2   3   4   5  6A  6B    7    8   9   10  11  12  13   14  15   16   17  18
                                     12Z  AVG MX 2MIN
DY MAX MIN AVG DEP HDD CDD  WTR  SNW DPTH SPD SPD DIR MIN PSBL S-S WX    SPD DR
================================================================================

 1  45  31  38   4  27   0 0.02  0.0    0  7.9 20 320   M    M   7 1      24 290
 2  41  26  34   0  31   0 0.00  0.0    0  1.1  6 280   M    M   8         7 190
 3  46  25  36   3  29   0 0.00  0.0    0  0.8  7 170   M    M   8 1      10 170
 4  39  21  30  -3  35   0 0.00  0.0    0  2.1  8 170   M    M   6 128    12 160
 5  53  39  46  14  19   0 0.23  0.0    0 12.9 20 160   M    M  10 1      33 170
 6  53  29  41   9  24   0 0.19  0.0    0  8.5 25 300   M    M   6 1      36 300
 7  41  26  34   2  31   0    T    T    0  7.2 15 260   M    M   9        22 250
 8  38  20  29  -2  36   0    T    T    0  5.6 17 270   M    M   8 8      22 300
 9  33  27  30  -1  35   0 0.19  3.4    3  2.2  9 310   M    M  10 1      11 320
10  36  18  27  -3  38   0    T    T    3  5.7 22 270   M    M   8 1      27 270
11  34  24  29  -1  36   0    T    T    1  5.4 16 320   M    M   9        20 330
12  36  22  29  -1  36   0 0.20  1.3    2 11.2 30 300   M    M   9 1      41 300
13  22  16  19 -10  46   0    T    T    1 16.6 36 280   M    M   8        55 280
14  23  11  17 -12  48   0 0.02  0.3    1  8.1 28 300   M    M   7 8      38 280
15  22   7  15 -14  50   0    T    T    1  4.8 13 200   M    M   8        21 130
16  31  11  21  -7  44   0    T    T    1  5.4 17 280   M    M   4        22 290
================================================================================
SM  593  353       565   0  0.85     5.0 105.5          M      125
================================================================================
AV 37.1 22.1                               6.6 FASTST   M    M   8    MAX(MPH)
                                 MISC ---->  # 36 280               # 55  280
================================================================================
NOTES:
# LAST OF SEVERAL OCCURRENCES

COLUMN 17 PEAK WIND IN M.P.H.

PRELIMINARY LOCAL CLIMATOLOGICAL DATA (WS FORM: F-6) , PAGE 2

                                          STATION:  ALBANY NY
                                          MONTH:    DECEMBER
                                          YEAR:     2017
                                          LATITUDE:   42 45 N
                                          LONGITUDE:  73 48 W

[TEMPERATURE DATA]      [PRECIPITATION DATA]       SYMBOLS USED IN COLUMN 16

AVERAGE MONTHLY: 29.6   TOTAL FOR MONTH:   0.85    1 = FOG OR MIST
DPTR FM NORMAL:  -1.5   DPTR FM NORMAL:   -0.78    2 = FOG REDUCING VISIBILITY
HIGHEST:    53 ON  6, 5 GRTST 24HR  0.23 ON  5- 5      TO 1/4 MILE OR LESS
LOWEST:      7 ON 15                               3 = THUNDER
                        SNOW, ICE PELLETS, HAIL    4 = ICE PELLETS
                        TOTAL MONTH:   5.0 INCHES  5 = HAIL
                        GRTST 24HR   3.4 ON  9- 9  6 = FREEZING RAIN OR DRIZZLE
                        GRTST DEPTH:   3 ON 10, 9  7 = DUSTSTORM OR SANDSTORM:
                                                       VSBY 1/2 MILE OR LESS
                                                   8 = SMOKE OR HAZE
[NO. OF DAYS WITH]      [WEATHER - DAYS WITH]      9 = BLOWING SNOW
                                                   X = TORNADO
MAX 32 OR BELOW:   4    0.01 INCH OR MORE:   6
MAX 90 OR ABOVE:   0    0.10 INCH OR MORE:   4
MIN 32 OR BELOW:  15    0.50 INCH OR MORE:   0
MIN  0 OR BELOW:   0    1.00 INCH OR MORE:   0

[HDD (BASE 65) ]
TOTAL THIS MO.   565    CLEAR  (SCALE 0-3)   0
DPTR FM NORMAL    23    PTCLDY (SCALE 4-7)  11
TOTAL FM JUL 1  1679    CLOUDY (SCALE 8-10)  5
DPTR FM NORMAL  -267

[CDD (BASE 65) ]
TOTAL THIS MO.     0
DPTR FM NORMAL     0    [PRESSURE DATA]
TOTAL FM JAN 1   714    HIGHEST SLP M ON M
DPTR FM NORMAL   116    LOWEST  SLP 29.41 ON 13

[REMARKS]
