430
CXUS54 KEPZ 201200
CF6ALM
PRELIMINARY LOCAL CLIMATOLOGICAL DATA (WS FORM: F-6)

                                          STATION:   ALAMOGORDO
                                          MONTH:     JANUARY
                                          YEAR:      2018
                                          LATITUDE:   32 49 N
                                          LONGITUDE: 106  0 W

  TEMPERATURE IN F:       :PCPN:    SNOW:  WIND      :SUNSHINE: SKY     :PK WND
================================================================================
1   2   3   4   5  6A  6B    7    8   9   10  11  12  13   14  15   16   17  18
                                     12Z  AVG MX 2MIN
DY MAX MIN AVG DEP HDD CDD  WTR  SNW DPTH SPD SPD DIR MIN PSBL S-S WX    SPD DR
================================================================================

 1  45  18  32   M  33   0 0.00  0.0    0  3.6 12 350   M    M   0         M  M
 2  54  16  35   M  30   0 0.00  0.0    0  4.0  8 320   M    M   0         M  M
 3  50  18  34   M  31   0 0.00  0.0    0  3.6  8 360   M    M   0         M  M
 4  50  28  39   M  26   0 0.00  0.0    0  2.9  8 200   M    M   0         M  M
 5  63  19  41   M  24   0 0.00  0.0    0  3.0 10  30   M    M   0         M  M
 6  63  25  44   M  21   0 0.00  0.0    0  5.9 14 160   M    M   0         M  M
 7  63  39  51   M  14   0 0.00  0.0    0 11.2 25 350   M    M   3        33 350
 8  61  28  45   M  20   0 0.00  0.0    0  3.5  7 220   M    M   0 8       M  M
 9  70  34  52   M  13   0 0.00  0.0    0  5.6 10 150   M    M   1         M  M
10  57  46  52   M  13   0 0.01  0.0    0 11.4 22 290   M    M   7        33 290
11  55  32  44   M  21   0 0.00  0.0    0 10.0 20 340   M    M   1        24 340
12  64  21  43   M  22   0 0.00  0.0    0  6.7 14 330   M    M   0        21  10
13  59  27  43   M  22   0 0.00  0.0    0  6.0  9  70   M    M   0         M  M
14  63  27  45   M  20   0 0.00  0.0    0  3.9  9  50   M    M   0         M  M
15  61  28  45   M  20   0 0.00  0.0    0  3.7 12 270   M    M   0         M  M
16  41  23  32   M  33   0 0.00  0.0    0  6.2 10 360   M    M   0         M  M
17  45  14  30   M  35   0 0.00  0.0    0  5.3 12 300   M    M   0         M  M
18  52  16  34   M  31   0 0.00  0.0    0   M   M   M   M    M   0         M  M
19  59  21  40   M  25   0 0.00  0.0    0  3.6  8 190   M    M   0         M  M
================================================================================
SM 1075  480       454   0  0.01     0.0 100.1          M       12
================================================================================
AV 56.6 25.3                               5.6 FASTST   M    M   1    MAX(MPH)
                                 MISC ---->  # 25 350               # 33  350
================================================================================
NOTES:
# LAST OF SEVERAL OCCURRENCES

COLUMN 17 PEAK WIND IN M.P.H.

PRELIMINARY LOCAL CLIMATOLOGICAL DATA (WS FORM: F-6) , PAGE 2

                                          STATION:  ALAMOGORDO
                                          MONTH:    JANUARY
                                          YEAR:     2018
                                          LATITUDE:   32 49 N
                                          LONGITUDE: 106  0 W

[TEMPERATURE DATA]      [PRECIPITATION DATA]       SYMBOLS USED IN COLUMN 16

AVERAGE MONTHLY: 40.9   TOTAL FOR MONTH:   0.01    1 = FOG OR MIST
DPTR FM NORMAL:     M   DPTR FM NORMAL:       M    2 = FOG REDUCING VISIBILITY
HIGHEST:    70 ON  9    GRTST 24HR  0.01 ON 10-10      TO 1/4 MILE OR LESS
LOWEST:     14 ON 17                               3 = THUNDER
                        SNOW, ICE PELLETS, HAIL    4 = ICE PELLETS
                        TOTAL MONTH:   0.0 INCH    5 = HAIL
                        GRTST 24HR     0.0         6 = FREEZING RAIN OR DRIZZLE
                        GRTST DEPTH:   0           7 = DUSTSTORM OR SANDSTORM:
                                                       VSBY 1/2 MILE OR LESS
                                                   8 = SMOKE OR HAZE
[NO. OF DAYS WITH]      [WEATHER - DAYS WITH]      9 = BLOWING SNOW
                                                   X = TORNADO
MAX 32 OR BELOW:   0    0.01 INCH OR MORE:   1
MAX 90 OR ABOVE:   0    0.10 INCH OR MORE:   0
MIN 32 OR BELOW:  16    0.50 INCH OR MORE:   0
MIN  0 OR BELOW:   0    1.00 INCH OR MORE:   0

[HDD (BASE 65) ]
TOTAL THIS MO.   454    CLEAR  (SCALE 0-3)  18
DPTR FM NORMAL     M    PTCLDY (SCALE 4-7)   1
TOTAL FM JUL 1  1507    CLOUDY (SCALE 8-10)  0
DPTR FM NORMAL     M

[CDD (BASE 65) ]
TOTAL THIS MO.     0
DPTR FM NORMAL     M    [PRESSURE DATA]
TOTAL FM JAN 1     0    HIGHEST SLP M ON M
DPTR FM NORMAL     M    LOWEST  SLP M ON M

[REMARKS]
