753
CXUS53 KDMX 230920
CF6ALO
PRELIMINARY LOCAL CLIMATOLOGICAL DATA (WS FORM: F-6)

                                          STATION:   WATERLOO IA
                                          MONTH:     JULY
                                          YEAR:      2016
                                          LATITUDE:   42 32 N
                                          LONGITUDE:  92 24 W

  TEMPERATURE IN F:       :PCPN:    SNOW:  WIND      :SUNSHINE: SKY     :PK WND
================================================================================
1   2   3   4   5  6A  6B    7    8   9   10  11  12  13   14  15   16   17  18
                                     12Z  AVG MX 2MIN
DY MAX MIN AVG DEP HDD CDD  WTR  SNW DPTH SPD SPD DIR MIN PSBL S-S WX    SPD DR
================================================================================

 1  74  55  65  -9   0   0 0.00  0.0    0  5.8 16  40   M    M   2        19  40
 2  72  56  64 -10   1   0 0.00  0.0    0  6.9 15 190   M    M   2        18 190
 3  76  52  64 -10   1   0 0.00  0.0    0  6.9 17 100   M    M   1 1      22 100
 4  73  57  65  -9   0   0 0.00  0.0    0  4.7 10 230   M    M   9 18     12 230
 5  86  66  76   2   0  11    T  0.0    0  9.5 30  20   M    M   6 3      40  20
 6  85  67  76   2   0  11 0.28  0.0    0  5.1 23 260   M    M   3 13     29 260
 7  85  67  76   2   0  11 0.04  0.0    0  8.3 25 170   M    M   4 3      32 170
 8  81  64  73  -1   0   8 0.00  0.0    0 10.7 23 290   M    M   1        30 290
 9  83  59  71  -3   0   6 0.00  0.0    0  5.8 10 140   M    M   0        13 150
10  78  65  72  -2   0   7 0.90  0.0    0 11.2 35 350   M    M   2 13     42 350
11  89  68  79   5   0  14 0.31  0.0    0 15.0 35 240   M    M   1 13     49 250
12  83  67  75   1   0  10 0.32  0.0    0  8.6 20 130   M    M   2 13     24 140
13  83  66  75   1   0  10 0.00  0.0    0  8.4 21 240   M    M   1        25 240
14  81  61  71  -3   0   6 0.00  0.0    0 10.4 22 260   M    M   1        33 280
15  76  57  67  -7   0   2 0.00  0.0    0  6.6 17 360   M    M   4        21 330
16  79  53  66  -8   0   1 0.00  0.0    0  8.8 18 160   M    M   1        22 150
17  84  64  74   0   0   9 0.98  0.0    0 10.2 30 190   M    M   4 13     52 290
18  85  65  75   1   0  10 0.00  0.0    0  3.4 13  60   M    M   2        16 220
19  78  67  73  -1   0   8 0.46  0.0    0  6.8 24 310   M    M   4 13     30 300
20  86  68  77   3   0  12 0.00  0.0    0 11.3 23 150   M    M   2        28 160
21  93  75  84  10   0  19 0.00  0.0    0 10.4 25 110   M    M   1        30 110
22  89  72  81   7   0  16 0.00  0.0    0  6.6 17 140   M    M   4        24 140
================================================================================
SM 1799 1391         2 171  3.29     0.0 181.4          M       57
================================================================================
AV 81.8 63.2                               8.2 FASTST   M    M   3    MAX(MPH)
                                 MISC ---->  # 35 350               # 52  290
================================================================================
NOTES:
# LAST OF SEVERAL OCCURRENCES

COLUMN 17 PEAK WIND IN M.P.H.

PRELIMINARY LOCAL CLIMATOLOGICAL DATA (WS FORM: F-6) , PAGE 2

                                          STATION:  WATERLOO IA
                                          MONTH:    JULY
                                          YEAR:     2016
                                          LATITUDE:   42 32 N
                                          LONGITUDE:  92 24 W

[TEMPERATURE DATA]      [PRECIPITATION DATA]       SYMBOLS USED IN COLUMN 16

AVERAGE MONTHLY: 72.5   TOTAL FOR MONTH:   3.29    1 = FOG OR MIST
DPTR FM NORMAL:  -1.5   DPTR FM NORMAL:   -0.32    2 = FOG REDUCING VISIBILITY
HIGHEST:    93 ON 21    GRTST 24HR  0.98 ON 17-17      TO 1/4 MILE OR LESS
LOWEST:     52 ON  3                               3 = THUNDER
                        SNOW, ICE PELLETS, HAIL    4 = ICE PELLETS
                        TOTAL MONTH:   0.0 INCH    5 = HAIL
                        GRTST 24HR     0.0         6 = FREEZING RAIN OR DRIZZLE
                        GRTST DEPTH:   0           7 = DUSTSTORM OR SANDSTORM:
                                                       VSBY 1/2 MILE OR LESS
                                                   8 = SMOKE OR HAZE
[NO. OF DAYS WITH]      [WEATHER - DAYS WITH]      9 = BLOWING SNOW
                                                   X = TORNADO
MAX 32 OR BELOW:   0    0.01 INCH OR MORE:   7
MAX 90 OR ABOVE:   1    0.10 INCH OR MORE:   6
MIN 32 OR BELOW:   0    0.50 INCH OR MORE:   2
MIN  0 OR BELOW:   0    1.00 INCH OR MORE:   0

[HDD (BASE 65) ]
TOTAL THIS MO.     2    CLEAR  (SCALE 0-3)  15
DPTR FM NORMAL     2    PTCLDY (SCALE 4-7)   6
TOTAL FM JUL 1     2    CLOUDY (SCALE 8-10)  1
DPTR FM NORMAL     2

[CDD (BASE 65) ]
TOTAL THIS MO.   171
DPTR FM NORMAL   -27    [PRESSURE DATA]
TOTAL FM JAN 1   451    HIGHEST SLP M ON M
DPTR FM NORMAL    20    LOWEST  SLP 29.57 ON M

[REMARKS]
