000
CXUS55 KPUB 011551
CF6ALS

PRELIMINARY LOCAL CLIMATOLOGICAL DATA (WS FORM: F-6)

                                          STATION:   ALAMOSA CO
                                          MONTH:     SEPTEMBER
                                          YEAR:      2014
                                          LATITUDE:   37 27 N
                                          LONGITUDE: 105 52 W

  TEMPERATURE IN F:       :PCPN:    SNOW:  WIND      :SUNSHINE: SKY     :PK WND
================================================================================
1   2   3   4   5  6A  6B    7    8   9   10  11  12  13   14  15   16   17  18
                                     12Z  AVG MX 2MIN
DY MAX MIN AVG DEP HDD CDD  WTR  SNW DPTH SPD SPD DIR MIN PSBL S-S WX    SPD DR
================================================================================

 1  84  39  62   2   3   0 0.00  0.0    0  7.1 20 270   M    M   1        27 220
 2  84  36  60   0   5   0 0.00  0.0    0  6.2 15 180   M    M   0        21 200
 3  86  39  63   4   2   0 0.00  0.0    0  7.7 22 210   M    M   1        28 210
 4  84  41  63   4   2   0 0.00  0.0    0  7.9 22 360   M    M   2        27 360
 5  78  51  65   6   0   0 0.02  0.0    0  6.1 26 330   M    M   6        33 320
 6  75  43  59   1   6   0    T  0.0    0  6.7 28 250   M    M   4 3      35 260
 7  77  38  58   0   7   0    T  0.0    0  6.8 24 310   M    M   5 12     34 320
 8  79  45  62   4   3   0 0.04  0.0    0  4.7 22 170   M    M   6 3      25 170
 9  76  46  61   3   4   0 0.03  0.0    0  9.7 26 210   M    M   6 1      33 230
10  72  37  55  -2  10   0    T  0.0    0  4.2 14 350   M    M   3        18 360
11  78  35  57   0   8   0 0.00  0.0    0  6.0 22 190   M    M   0        26 200
12  76  36  56   0   9   0 0.00  0.0    0  5.7 15 100   M    M   1        20 120
13  76  33  55  -1  10   0    T  0.0    0  4.9 20 340   M    M   3 12     25 340
14  79  37  58   2   7   0    T  0.0    0  4.0 18 310   M    M   2        26 310
15  80  42  61   6   4   0    T  0.0    0  5.3 23 190   M    M   1 3      29 200
16  81  37  59   4   6   0 0.00  0.0    0  5.9 18 230   M    M   0        21 220
17  79  42  61   6   4   0 0.00  0.0    0  4.7 18 100   M    M   1        24 110
18  82  35  59   5   6   0 0.00  0.0    0  4.8 16 110   M    M   1        21 110
19  82  35  59   5   6   0 0.00  0.0    0  4.6 13 130   M    M   0        15 180
20  84  41  63  10   2   0    T  0.0    0  7.5 23  90   M    M   1        31  90
21  77  48  63  10   2   0    T  0.0    0  7.4 17 110   M    M   4        23 110
22  74  44  59   6   6   0    T  0.0    0 11.4 22 180   M    M   7        26 170
23  76  35  56   4   9   0 0.00  0.0    0  4.9 14  40   M    M   1 12     18  20
24  79  37  58   6   7   0 0.00  0.0    0  5.3 15 100   M    M   0        21  90
25  81  40  61  10   4   0    T  0.0    0  5.0 18 120   M    M   1        22 120
26  80  39  60   9   5   0 0.00  0.0    0  4.9 13 150   M    M   0        15 150
27  78  42  60  10   5   0    T  0.0    0  7.0 29 210   M    M   2        35 200
28  68  47  58   8   7   0 0.15  0.0    0 10.6 24 190   M    M   5 13     30 200
29  68  39  54   4  11   0 0.17  0.0    0  7.3 36 160   M    M   5 13     44 230
30  61  30  46  -3  19   0 0.00  0.0    0  4.3 20 250   M    M   2        22 250
================================================================================
SM 2334 1189       179   0 0.41  0.0     188.6          M       71
================================================================================
AV 77.8 39.6                               6.3 FASTST   M    M   2      MAX(MPH)
                                 MISC ---->    36 160                     44 230
================================================================================
NOTES:
COLUMN 17 PEAK WIND IN M.P.H.

PRELIMINARY LOCAL CLIMATOLOGICAL DATA (WS FORM: F-6) , PAGE 2

                                          STATION:  ALAMOSA CO
                                          MONTH:    SEPTEMBER
                                          YEAR:     2014
                                          LATITUDE:   37 27 N
                                          LONGITUDE: 105 52 W

[TEMPERATURE DATA]      [PRECIPITATION DATA]       SYMBOLS USED IN COLUMN 16

AVERAGE MONTHLY: 58.7   TOTAL FOR MONTH:    0.41   1 = FOG OR MIST
DPTR  FM NORMAL:  3.7   DPTR  FM NORMAL:   -0.50   2 = FOG REDUCING VISIBILITY
HIGHEST:     86 ON  3   GRTST 24HR 0.29 ON 28-29       TO 1/4 MILE OR LESS
 LOWEST:     30 ON 30                              3 = THUNDER
                        SNOW, ICE PELLETS, HAIL    4 = ICE PELLETS
                        TOTAL MONTH:   0.0 INCH    5 = HAIL
                        GRTST 24HR     0.0         6 = FREEZING RAIN OR DRIZZLE
                        GRTST DEPTH:   0           7 = DUSTSTORM OR SANDSTORM:
                                                       VSBY 1/2 MILE OR LESS
                                                   8 = SMOKE OR HAZE
[NO. OF DAYS WITH]      [WEATHER - DAYS WITH]      9 = BLOWING SNOW
                                                   X = TORNADO
MAX 32 OR BELOW:   0    0.01 INCH OR MORE:   5
MAX 90 OR ABOVE:   0    0.10 INCH OR MORE:   2
MIN 32 OR BELOW:   1    0.50 INCH OR MORE:   0
MIN  0 OR BELOW:   0    1.00 INCH OR MORE:   0

[HDD (BASE 65) ]
TOTAL THIS MO.   179    CLEAR  (SCALE 0-3)  21
DPTR FM NORMAL  -123    PTCLDY (SCALE 4-7)   9
TOTAL FM JUL 1   300    CLOUDY (SCALE 8-10)  0
DPTR FM NORMAL  -131

[CDD (BASE 65) ]
TOTAL THIS MO.     0
DPTR FM NORMAL     0    [PRESSURE DATA]
TOTAL FM JAN 1    60    HIGHEST SLP 30.28 ON 16
DPTR FM NORMAL     9    LOWEST  SLP 29.71 ON 29

[REMARKS]
#FINAL-09-14#
