000
CXUS56 KPDT 011832
CF6ALW
PRELIMINARY LOCAL CLIMATOLOGICAL DATA (WS FORM: F-6)

                                          STATION:   WALLA WALLA WA
                                          MONTH:     SEPTEMBER
                                          YEAR:      2014
                                          LATITUDE:   46  5 N
                                          LONGITUDE: 118 17 W

  TEMPERATURE IN F:       :PCPN:    SNOW:  WIND      :SUNSHINE: SKY     :PK WND
================================================================================
1   2   3   4   5  6A  6B    7    8   9   10  11  12  13   14  15   16   17  18
                                     12Z  AVG MX 2MIN
DY MAX MIN AVG DEP HDD CDD  WTR  SNW DPTH SPD SPD DIR MIN PSBL S-S WX    SPD DR
================================================================================

 1  80  57  69  -1   0   4 0.00  0.0    0  8.9 17 210   M    M   2        21 200
 2  83  59  71   1   0   6 0.00  0.0    0 13.7 25 220   M    M   1 8      34 240
 3  74  53  64  -6   1   0    T  0.0    0  9.7 20 220   M    M   6        24 210
 4  80  49  65  -4   0   0 0.00  0.0    0  6.1 13 360   M    M   0 8      15 350
 5  87  50  69   0   0   4 0.00  0.0    0  6.4 13  90   M    M   0        16  10
 6  90  53  72   3   0   7 0.00  0.0    0  5.1 10  80   M    M   0        17 300
 7  91  57  74   6   0   9 0.00  0.0    0  6.3 14 230   M    M   0        17 250
 8  88  63  76   8   0  11 0.00  0.0    0 11.4 22 230   M    M   0        28 230
 9  75  60  68   0   0   3 0.00  0.0    0  9.5 17 190   M    M   2        23 230
10  75  48  62  -5   3   0 0.00  0.0    0  8.4 18 340   M    M   2 8      22 320
11  74  43  59  -8   6   0 0.00  0.0    0  7.9 18  10   M    M   0 8      23  30
12  81  41  61  -6   4   0 0.00  0.0    0  5.8 10  90   M    M   0 8      14 300
13  78  46  62  -4   3   0 0.00  0.0    0  5.5  9 110   M    M   0        11 280
14  86  49  68   2   0   3 0.00  0.0    0  6.1 10 360   M    M   0        15 200
15  86  52  69   3   0   4 0.00  0.0    0  5.8 14 180   M    M   0 8      16 190
16  88  59  74   9   0   9 0.00  0.0    0  4.3  9 110   M    M   0        11 270
17  87  62  75  10   0  10 0.00  0.0    0  4.6 13 180   M    M   0 8      17 250
18  82  62  72   8   0   7    T  0.0    0 10.6 22 260   M    M   5 8      25 260
19  83  60  72   8   0   7 0.00  0.0    0  9.0 18 180   M    M   0        25 190
20  85  56  71   7   0   6 0.00  0.0    0  5.2  9 190   M    M   0        12 210
21  87  56  72   9   0   7 0.00  0.0    0  4.9 10  90   M    M   0        12 220
22  87  64  76  13   0  11 0.41  0.0    0  8.3 26 110   M    M   3 3      32 110
23  82  63  73  10   0   8 0.00  0.0    0  6.2 12  10   M    M   1        14 290
24  77  61  69   7   0   4 0.00  0.0    0  8.1 20 180   M    M   4        24 170
25  74  57  66   4   0   1    T  0.0    0  4.3 14 260   M    M   5        17 260
26  74  52  63   1   2   0 0.00  0.0    0  6.9 12 290   M    M   2        16 280
27  69  52  61   0   4   0 0.00  0.0    0  5.5 13 200   M    M   2        15 200
28  72  50  61   0   4   0 0.00  0.0    0  5.5 10 170   M    M   4        14 220
29  79  60  70  10   0   5 0.01  0.0    0 12.5 24 200   M    M   6 8      30 200
30  70  50  60   0   5   0 0.00  0.0    0 11.5 23 220   M    M   7        29 210
================================================================================
SM 2424 1644        32 126  0.42     0.0 224.0          M       52
================================================================================
AV 80.8 54.8                               7.5 FASTST   M    M   2    MAX(MPH)
                                 MISC ---->  # 26 110               # 34  240
================================================================================
NOTES:
# LAST OF SEVERAL OCCURRENCES

COLUMN 17 PEAK WIND IN M.P.H.

PRELIMINARY LOCAL CLIMATOLOGICAL DATA (WS FORM: F-6) , PAGE 2

                                          STATION:  WALLA WALLA WA
                                          MONTH:    SEPTEMBER
                                          YEAR:     2014
                                          LATITUDE:   46  5 N
                                          LONGITUDE: 118 17 W

[TEMPERATURE DATA]      [PRECIPITATION DATA]       SYMBOLS USED IN COLUMN 16

AVERAGE MONTHLY: 67.8   TOTAL FOR MONTH:   0.42    1 = FOG OR MIST
DPTR FM NORMAL:   2.6   DPTR FM NORMAL:   -0.33    2 = FOG REDUCING VISIBILITY
HIGHEST:    91 ON  7    GRTST 24HR  0.41 ON 22-22      TO 1/4 MILE OR LESS
LOWEST:     41 ON 12                               3 = THUNDER
                        SNOW, ICE PELLETS, HAIL    4 = ICE PELLETS
                        TOTAL MONTH:   0.0 INCH    5 = HAIL
                        GRTST 24HR     0.0         6 = FREEZING RAIN OR DRIZZLE
                        GRTST DEPTH:   0           7 = DUSTSTORM OR SANDSTORM:
                                                       VSBY 1/2 MILE OR LESS
                                                   8 = SMOKE OR HAZE
[NO. OF DAYS WITH]      [WEATHER - DAYS WITH]      9 = BLOWING SNOW
                                                   X = TORNADO
MAX 32 OR BELOW:   0    0.01 INCH OR MORE:   2
MAX 90 OR ABOVE:   2    0.10 INCH OR MORE:   1
MIN 32 OR BELOW:   0    0.50 INCH OR MORE:   0
MIN  0 OR BELOW:   0    1.00 INCH OR MORE:   0

[HDD (BASE 65) ]
TOTAL THIS MO.    32    CLEAR  (SCALE 0-3)  22
DPTR FM NORMAL   -53    PTCLDY (SCALE 4-7)   8
TOTAL FM JUL 1    32    CLOUDY (SCALE 8-10)  0
DPTR FM NORMAL   -66

[CDD (BASE 65) ]
TOTAL THIS MO.   126
DPTR FM NORMAL    33    [PRESSURE DATA]
TOTAL FM JAN 1  1141    HIGHEST SLP 30.42 ON 11
DPTR FM NORMAL   296    LOWEST  SLP 29.59 ON 17

[REMARKS]
#FINAL-09-14#
