000
CXUS56 KPDT 311032
CF6ALW
PRELIMINARY LOCAL CLIMATOLOGICAL DATA (WS FORM: F-6)

                                          STATION:   WALLA WALLA WA
                                          MONTH:     JULY
                                          YEAR:      2015
                                          LATITUDE:   46  5 N
                                          LONGITUDE: 118 17 W

  TEMPERATURE IN F:       :PCPN:    SNOW:  WIND      :SUNSHINE: SKY     :PK WND
================================================================================
1   2   3   4   5  6A  6B    7    8   9   10  11  12  13   14  15   16   17  18
                                     12Z  AVG MX 2MIN
DY MAX MIN AVG DEP HDD CDD  WTR  SNW DPTH SPD SPD DIR MIN PSBL S-S WX    SPD DR
================================================================================

 1 101  71  86  15   0  21 0.00  0.0    0  6.7 14 220   M    M   0        19 220
 2 105  68  87  16   0  22 0.00  0.0    0  7.0 14 290   M    M   0        20 260
 3 105  71  88  16   0  23 0.00  0.0    0  7.8 15 180   M    M   0        19 220
 4 101  76  89  17   0  24 0.00  0.0    0  9.5 17 240   M    M   0        27 240
 5  97  74  86  14   0  21 0.00  0.0    0 10.5 20 210   M    M   0        24 220
 6 100  69  85  12   0  20 0.00  0.0    0  7.2 20 190   M    M   0        24 190
 7  99  74  87  14   0  22 0.00  0.0    0  9.8 20 190   M    M   0        24 190
 8 103  71  87  14   0  22 0.00  0.0    0  7.5 18 360   M    M   0        24 360
 9 100  70  85  11   0  20 0.00  0.0    0  8.0 23 180   M    M   0        27 180
10  94  74  84  10   0  19    T  0.0    0 12.3 20 230   M    M   0        26 240
11  86  69  78   4   0  13    T  0.0    0  9.3 26 250   M    M   5        31 250
12  86  65  76   1   0  11 0.00  0.0    0  9.9 31 200   M    M   2 8      38 210
13  87  66  77   2   0  12    T  0.0    0  8.2 15 250   M    M   2        21 250
14  89  65  77   2   0  12 0.00  0.0    0  6.6 14 280   M    M   1        20 270
15  89  65  77   2   0  12 0.00  0.0    0 11.3 22 260   M    M   0        27 270
16  81  65  73  -3   0   8 0.00  0.0    0 10.0 20 190   M    M   1        23 200
17  87  62  75  -1   0  10 0.00  0.0    0  7.8 17 320   M    M   0        20 280
18  93  63  78   2   0  13 0.00  0.0    0  7.3 17 280   M    M   0        23 260
19  99  69  84   8   0  19 0.00  0.0    0  6.2 17 180   M    M   0        22 180
20  98  74  86  10   0  21 0.00  0.0    0 14.6 23 240   M    M   0        35 250
21  92  67  80   3   0  15 0.00  0.0    0 11.9 23 270   M    M   0        28 260
22  83  61  72  -5   0   7 0.00  0.0    0 11.3 18 200   M    M   0        23 200
23  87  60  74  -3   0   9 0.00  0.0    0  9.4 17 210   M    M   0        24 200
24  90  67  79   2   0  14 0.00  0.0    0 11.4 20 250   M    M   0        29 250
25  85  66  76  -1   0  11 0.01  0.0    0 12.6 26 260   M    M   5        29 270
26  79  62  71  -6   0   6 0.00  0.0    0 12.7 23 270   M    M   5        35 260
27  78  57  68  -9   0   3 0.03  0.0    0  8.2 15 280   M    M   4        21 250
28  86  55  71  -6   0   6 0.00  0.0    0  6.3 13 180   M    M   0        16 180
29  95  60  78   1   0  13 0.00  0.0    0  5.2 12  90   M    M   0        14 260
30 103  64  84   7   0  19 0.00  0.0    0  5.7 10  90   M    M   0        14 230
================================================================================
SM 2778 2000         0 448  0.04     0.0 272.2          M       25
================================================================================
AV 92.6 66.7                               9.1 FASTST   M    M   1    MAX(MPH)
                                 MISC ---->  # 31 200               # 38  210
================================================================================
NOTES:
# LAST OF SEVERAL OCCURRENCES

COLUMN 17 PEAK WIND IN M.P.H.

PRELIMINARY LOCAL CLIMATOLOGICAL DATA (WS FORM: F-6) , PAGE 2

                                          STATION:  WALLA WALLA WA
                                          MONTH:    JULY
                                          YEAR:     2015
                                          LATITUDE:   46  5 N
                                          LONGITUDE: 118 17 W

[TEMPERATURE DATA]      [PRECIPITATION DATA]       SYMBOLS USED IN COLUMN 16

AVERAGE MONTHLY: 79.6   TOTAL FOR MONTH:   0.04    1 = FOG OR MIST
DPTR FM NORMAL:   4.7   DPTR FM NORMAL:   -0.53    2 = FOG REDUCING VISIBILITY
HIGHEST:   105 ON  3, 2 GRTST 24HR  0.03 ON 27-27      TO 1/4 MILE OR LESS
LOWEST:     55 ON 28                               3 = THUNDER
                        SNOW, ICE PELLETS, HAIL    4 = ICE PELLETS
                        TOTAL MONTH:   0.0 INCH    5 = HAIL
                        GRTST 24HR     0.0         6 = FREEZING RAIN OR DRIZZLE
                        GRTST DEPTH:   0           7 = DUSTSTORM OR SANDSTORM:
                                                       VSBY 1/2 MILE OR LESS
                                                   8 = SMOKE OR HAZE
[NO. OF DAYS WITH]      [WEATHER - DAYS WITH]      9 = BLOWING SNOW
                                                   X = TORNADO
MAX 32 OR BELOW:   0    0.01 INCH OR MORE:   2
MAX 90 OR ABOVE:  17    0.10 INCH OR MORE:   0
MIN 32 OR BELOW:   0    0.50 INCH OR MORE:   0
MIN  0 OR BELOW:   0    1.00 INCH OR MORE:   0

[HDD (BASE 65) ]
TOTAL THIS MO.     0    CLEAR  (SCALE 0-3)  26
DPTR FM NORMAL    -2    PTCLDY (SCALE 4-7)   4
TOTAL FM JUL 1     0    CLOUDY (SCALE 8-10)  0
DPTR FM NORMAL    -2

[CDD (BASE 65) ]
TOTAL THIS MO.   448
DPTR FM NORMAL   144    [PRESSURE DATA]
TOTAL FM JAN 1   876    HIGHEST SLP 30.11 ON 30
DPTR FM NORMAL   430    LOWEST  SLP 29.51 ON  9

[REMARKS]
