000
CXUS56 KPDT 241832
CF6ALW
PRELIMINARY LOCAL CLIMATOLOGICAL DATA (WS FORM: F-6)

                                          STATION:   WALLA WALLA WA
                                          MONTH:     JULY
                                          YEAR:      2016
                                          LATITUDE:   46  5 N
                                          LONGITUDE: 118 17 W

  TEMPERATURE IN F:       :PCPN:    SNOW:  WIND      :SUNSHINE: SKY     :PK WND
================================================================================
1   2   3   4   5  6A  6B    7    8   9   10  11  12  13   14  15   16   17  18
                                     12Z  AVG MX 2MIN
DY MAX MIN AVG DEP HDD CDD  WTR  SNW DPTH SPD SPD DIR MIN PSBL S-S WX    SPD DR
================================================================================

 1  90  63  77   6   0  12 0.00  0.0    0  7.6 14 260   M    M   0        18 240
 2  90  66  78   7   0  13 0.00  0.0    0  8.3 16 260   M    M   0        20 280
 3  85  61  73   1   0   8 0.00  0.0    0 12.5 22 260   M    M   0        29 250
 4  81  56  69  -3   0   4 0.00  0.0    0  9.2 22 280   M    M   0        27 270
 5  79  56  68  -4   0   3    T  0.0    0  9.3 17 250   M    M   3        22 290
 6  80  58  69  -4   0   4 0.00  0.0    0  6.9 15 220   M    M   3        21 270
 7  81  59  70  -3   0   5    T  0.0    0  7.1 28 290   M    M   2        33 290
 8  77  60  69  -4   0   4 0.53  0.0    0  6.5 21 250   M    M   6        27 250
 9  77  58  68  -6   0   3 0.38  0.0    0  7.2 16 180   M    M   7        21 170
10  67  57  62 -12   3   0 0.02  0.0    0 11.9 18 180   M    M  10        22 190
11  78  57  68  -6   0   3 0.00  0.0    0 10.0 18 240   M    M   3        25 210
12  80  56  68  -7   0   3 0.17  0.0    0  9.4 22 190   M    M   4        27 190
13  83  58  71  -4   0   6 0.00  0.0    0  7.4 14 190   M    M   0        22 220
14  89  56  73  -2   0   8 0.00  0.0    0  6.8 15 180   M    M   0        19 230
15  82  60  71  -4   0   6 0.00  0.0    0  7.5 14 180   M    M   0        22 290
16  82  59  71  -5   0   6 0.00  0.0    0  8.5 16 200   M    M   0        20 200
17  90  59  75  -1   0  10    T  0.0    0  7.8 23 110   M    M   1        31 120
18  81  62  72  -4   0   7    T  0.0    0  9.4 21 270   M    M   1        28 270
19  82  59  71  -5   0   6    T  0.0    0  7.6 18 270   M    M   0        24 280
20  87  61  74  -2   0   9 0.00  0.0    0  7.3 13  90   M    M   0        15 150
21  97  60  79   2   0  14 0.00  0.0    0  7.3 20 180   M    M   0        24 190
22  83  62  73  -4   0   8 0.00  0.0    0 13.8 23 250   M    M   1        30 250
23  83  58  71  -6   0   6 0.00  0.0    0  7.4 17 200   M    M   0        20 200
================================================================================
SM 1904 1361         3 148  1.10     0.0 196.7          M       41
================================================================================
AV 82.8 59.2                               8.6 FASTST   M    M   2    MAX(MPH)
                                 MISC ---->  # 28 290               # 33  290
================================================================================
NOTES:
# LAST OF SEVERAL OCCURRENCES

COLUMN 17 PEAK WIND IN M.P.H.

PRELIMINARY LOCAL CLIMATOLOGICAL DATA (WS FORM: F-6) , PAGE 2

                                          STATION:  WALLA WALLA WA
                                          MONTH:    JULY
                                          YEAR:     2016
                                          LATITUDE:   46  5 N
                                          LONGITUDE: 118 17 W

[TEMPERATURE DATA]      [PRECIPITATION DATA]       SYMBOLS USED IN COLUMN 16

AVERAGE MONTHLY: 71.0   TOTAL FOR MONTH:   1.10    1 = FOG OR MIST
DPTR FM NORMAL:  -3.4   DPTR FM NORMAL:    0.64    2 = FOG REDUCING VISIBILITY
HIGHEST:    97 ON 21    GRTST 24HR  0.90 ON  8- 9      TO 1/4 MILE OR LESS
LOWEST:     56 ON 14,12                            3 = THUNDER
                        SNOW, ICE PELLETS, HAIL    4 = ICE PELLETS
                        TOTAL MONTH:   0.0 INCH    5 = HAIL
                        GRTST 24HR     0.0         6 = FREEZING RAIN OR DRIZZLE
                        GRTST DEPTH:   0           7 = DUSTSTORM OR SANDSTORM:
                                                       VSBY 1/2 MILE OR LESS
                                                   8 = SMOKE OR HAZE
[NO. OF DAYS WITH]      [WEATHER - DAYS WITH]      9 = BLOWING SNOW
                                                   X = TORNADO
MAX 32 OR BELOW:   0    0.01 INCH OR MORE:   4
MAX 90 OR ABOVE:   4    0.10 INCH OR MORE:   3
MIN 32 OR BELOW:   0    0.50 INCH OR MORE:   1
MIN  0 OR BELOW:   0    1.00 INCH OR MORE:   0

[HDD (BASE 65) ]
TOTAL THIS MO.     3    CLEAR  (SCALE 0-3)  17
DPTR FM NORMAL     1    PTCLDY (SCALE 4-7)   5
TOTAL FM JUL 1     3    CLOUDY (SCALE 8-10)  1
DPTR FM NORMAL     1

[CDD (BASE 65) ]
TOTAL THIS MO.   148
DPTR FM NORMAL   -72    [PRESSURE DATA]
TOTAL FM JAN 1   339    HIGHEST SLP M ON M
DPTR FM NORMAL   -23    LOWEST  SLP 29.78 ON M

[REMARKS]
