000
CXUS52 KGSP 280817
CF6AND
PRELIMINARY LOCAL CLIMATOLOGICAL DATA (WS FORM: F-6)

                                          STATION:   ANDERSON SC
                                          MONTH:     DECEMBER
                                          YEAR:      2014
                                          LATITUDE:   34 30 N
                                          LONGITUDE:  82 43 W

  TEMPERATURE IN F:       :PCPN:    SNOW:  WIND      :SUNSHINE: SKY     :PK WND
================================================================================
1   2   3   4   5  6A  6B    7    8   9   10  11  12  13   14  15   16   17  18
                                     12Z  AVG MX 2MIN
DY MAX MIN AVG DEP HDD CDD  WTR  SNW DPTH SPD SPD DIR MIN PSBL S-S WX    SPD DR
================================================================================

 1  71  37  54   7  11   0 0.00    M    M  3.6 15 210   M    M   0        18 210
 2  71  42  57  10   8   0 0.00    M    M  5.7 16  70   M    M   2 1      19  60
 3  63  46  55   9  10   0 0.00    M    M  4.1 15 210   M    M   6 1      18 210
 4  60  46  53   7  12   0 0.03    M    M  3.7 14  70   M    M   6 1      17  50
 5  54  49  52   6  13   0 0.20    M    M  6.4 12  70   M    M  10 1      13  80
 6  53  48  51   5  14   0 0.58    M    M  4.2 10 350   M    M  10 1      13 360
 7  58  39  49   4  16   0 0.00    M    M  8.8 23  60   M    M   0        31  60
 8  45  39  42  -3  23   0 0.00    M    M 10.6 23  60   M    M   8        30  60
 9  54  34  44  -1  21   0 0.00    M    M  5.3 18 320   M    M   7        23 310
10  54  27  41  -4  24   0 0.00    M    M  3.2 13 290   M    M   0        16 290
11  52  24  38  -6  27   0 0.00    M    M  1.2 10 270   M    M   0        12 280
12  62  23  43  -1  22   0 0.00    M    M  1.9  9 240   M    M   0        12 260
13  64  27  46   2  19   0 0.00    M    M  1.9  8 220   M    M   0 8      11 220
14  67  28  48   4  17   0 0.00    M    M  1.9  8 220   M    M   0        11 140
15  62  29  46   2  19   0 0.00    M    M  2.8 10  70   M    M   0        13  60
16  62  42  52   9  13   0 0.19    M    M 10.1 26 240   M    M   5 1      34 240
17  58  32  45   2  20   0 0.00    M    M  3.2 10 240   M    M   0 1      13 300
18  57  32  45   2  20   0 0.00    M    M  3.4 10 240   M    M   4 1      13 240
19  57  33  45   2  20   0 0.00    M    M  1.8 14  70   M    M   0        18  60
20  48  43  46   3  19   0 0.08    M    M  4.7 10  60   M    M  10 1      13  70
21  53  43  48   6  17   0    T    M    M  7.3 14  70   M    M  10 1      17  70
22  45  40  43   1  22   0 0.31    M    M  9.6 16  70   M    M   7 1      22  70
23  46  39  43   1  22   0 0.62    M    M  8.4 22  80   M    M  10 1      26  80
24  53  46  50   8  15   0 1.67    M    M  8.1 21 250   M    M   9 123    27 240
25  55  34  45   3  20   0 0.00    M    M  7.4 18 260   M    M   0        24 250
26  59  29  44   2  21   0 0.00    M    M  1.8  7 220   M    M   0 1       9 210
27  62  31  47   5  18   0 0.00    M    M  2.2 13 220   M    M   2        15 210
================================================================================
SM 1545  982       483   0  3.68    M    133.3          M      106
================================================================================
AV 57.2 36.4                               4.9 FASTST   M    M   4    MAX(MPH)
                                 MISC ---->  # 26 240               # 34  240
================================================================================
NOTES:
# LAST OF SEVERAL OCCURRENCES

COLUMN 17 PEAK WIND IN M.P.H.

PRELIMINARY LOCAL CLIMATOLOGICAL DATA (WS FORM: F-6) , PAGE 2

                                          STATION:  ANDERSON SC
                                          MONTH:    DECEMBER
                                          YEAR:     2014
                                          LATITUDE:   34 30 N
                                          LONGITUDE:  82 43 W

[TEMPERATURE DATA]      [PRECIPITATION DATA]       SYMBOLS USED IN COLUMN 16

AVERAGE MONTHLY: 46.8   TOTAL FOR MONTH:   3.68    1 = FOG OR MIST
DPTR FM NORMAL:   2.8   DPTR FM NORMAL:    0.04    2 = FOG REDUCING VISIBILITY
HIGHEST:    71 ON  2, 1 GRTST 24HR  2.24 ON 23-24      TO 1/4 MILE OR LESS
LOWEST:     23 ON 12                               3 = THUNDER
                        SNOW, ICE PELLETS, HAIL    4 = ICE PELLETS
                        TOTAL MONTH:    M          5 = HAIL
                        GRTST 24HR    M  ON   M    6 = FREEZING RAIN OR DRIZZLE
                        GRTST DEPTH:  M  ON   M    7 = DUSTSTORM OR SANDSTORM:
                                                       VSBY 1/2 MILE OR LESS
                                                   8 = SMOKE OR HAZE
[NO. OF DAYS WITH]      [WEATHER - DAYS WITH]      9 = BLOWING SNOW
                                                   X = TORNADO
MAX 32 OR BELOW:   0    0.01 INCH OR MORE:   8
MAX 90 OR ABOVE:   0    0.10 INCH OR MORE:   6
MIN 32 OR BELOW:  10    0.50 INCH OR MORE:   3
MIN  0 OR BELOW:   0    1.00 INCH OR MORE:   1

[HDD (BASE 65) ]
TOTAL THIS MO.   483    CLEAR  (SCALE 0-3)  14
DPTR FM NORMAL   -85    PTCLDY (SCALE 4-7)   7
TOTAL FM JUL 1  1127    CLOUDY (SCALE 8-10)  6
DPTR FM NORMAL    -8

[CDD (BASE 65) ]
TOTAL THIS MO.     0
DPTR FM NORMAL     0    [PRESSURE DATA]
TOTAL FM JAN 1  1780    HIGHEST SLP M ON M
DPTR FM NORMAL   112    LOWEST  SLP 29.64 ON 24

[REMARKS]
