000
CXUS53 KAPX 240631
CF6ANJ
PRELIMINARY LOCAL CLIMATOLOGICAL DATA (WS FORM: F-6)

                                          STATION:   SAULT STE MARIE MI
                                          MONTH:     JANUARY
                                          YEAR:      2018
                                          LATITUDE:   46 28 N
                                          LONGITUDE:  84 21 W

  TEMPERATURE IN F:       :PCPN:    SNOW:  WIND      :SUNSHINE: SKY     :PK WND
================================================================================
1   2   3   4   5  6A  6B    7    8   9   10  11  12  13   14  15   16   17  18
                                     12Z  AVG MX 2MIN
DY MAX MIN AVG DEP HDD CDD  WTR  SNW DPTH SPD SPD DIR MIN PSBL S-S WX    SPD DR
================================================================================

 1  16  -4   6 -11  59   0 0.13  1.9   13  6.2 20 240   M    M   9 18     24 240
 2  18  11  15  -2  50   0 0.05  0.5   14 12.7 23 240   M    M   7 18     32 240
 3  19  -4   8  -9  57   0 0.05  1.5   14  7.3 18 290   M    M   8 18     24 290
 4  -3 -15  -9 -25  74   0 0.00  0.0   14  8.4 13  20   M    M   0        19  10
 5  -3 -16  -9 -25  74   0 0.00  0.0   14  8.5 16 360   M    M   0 8      22 350
 6   0 -17  -8 -24  73   0    T    T   14  4.8  9 210   M    M   4        14  20
 7  25   0  13  -3  52   0 0.20  2.1   14  6.2 16 260   M    M  10 128    21 170
 8  31  22  27  11  38   0 0.08  1.0   15 11.1 23 300   M    M  10 18     36 290
 9  30  19  25   9  40   0    T  0.1   15  4.5 16 300   M    M   7        23 310
10  38  23  31  16  34   0 0.01  0.0   14  7.4 17 140   M    M   7 168    23 150
11  44  23  34  19  31   0 0.42  0.3   13  6.7 23 290   M    M  10 12     33 300
12  23   1  12  -3  53   0    T    T   12 11.2 22 310   M    M   3        30 310
13  12 -12   0 -15  65   0 0.05  1.5   12  3.3  9 190   M    M   4 18     14  20
14  20   2  11  -4  54   0    T  0.4   14  6.1 14 190   M    M   7 1      18 160
15  21  14  18   3  47   0 0.08  2.5   13  8.4 20 140   M    M   9 128    27 150
16  17   2  10  -5  55   0    T    T   15  4.2 10 280   M    M   2 1      13 300
17  26  11  19   4  46   0    T    T   15 11.4 22 230   M    M   3        29 240
18  36  19  28  13  37   0    T    T   14  6.9 14 200   M    M   8        19 250
19  38  28  33  18  32   0 0.00  0.0   14  7.7 21 230   M    M   8 18     30 240
20  42  33  38  23  27   0 0.00  0.0   13  7.3 17 260   M    M   7        24 270
21  39  29  34  19  31   0 0.00  0.0   12  2.2  7  90   M    M   4 18      9 140
22  36  22  29  14  36   0 0.41  3.2   12 10.6 18  60   M    M  10 12     27  60
23  22   8  15   0  50   0 0.09  1.2   16 10.0 16  60   M    M   8 18     23  70
================================================================================
SM  547  199      1115   0  1.57    16.2 173.1          M      145
================================================================================
AV 23.8  8.7                               7.5 FASTST   M    M   6    MAX(MPH)
                                 MISC ---->  # 23 240               # 36  290
================================================================================
NOTES:
# LAST OF SEVERAL OCCURRENCES

COLUMN 17 PEAK WIND IN M.P.H.

PRELIMINARY LOCAL CLIMATOLOGICAL DATA (WS FORM: F-6) , PAGE 2

                                          STATION:  SAULT STE MARIE MI
                                          MONTH:    JANUARY
                                          YEAR:     2018
                                          LATITUDE:   46 28 N
                                          LONGITUDE:  84 21 W

[TEMPERATURE DATA]      [PRECIPITATION DATA]       SYMBOLS USED IN COLUMN 16

AVERAGE MONTHLY: 16.2   TOTAL FOR MONTH:   1.57    1 = FOG OR MIST
DPTR FM NORMAL:   0.7   DPTR FM NORMAL:   -0.12    2 = FOG REDUCING VISIBILITY
HIGHEST:    44 ON 11    GRTST 24HR  0.42 ON 11-11      TO 1/4 MILE OR LESS
LOWEST:    -17 ON  6                               3 = THUNDER
                        SNOW, ICE PELLETS, HAIL    4 = ICE PELLETS
                        TOTAL MONTH:  16.2 INCHES  5 = HAIL
                        GRTST 24HR   3.2 ON 22-22  6 = FREEZING RAIN OR DRIZZLE
                        GRTST DEPTH:  16 ON 23     7 = DUSTSTORM OR SANDSTORM:
                                                       VSBY 1/2 MILE OR LESS
                                                   8 = SMOKE OR HAZE
[NO. OF DAYS WITH]      [WEATHER - DAYS WITH]      9 = BLOWING SNOW
                                                   X = TORNADO
MAX 32 OR BELOW:  16    0.01 INCH OR MORE:  11
MAX 90 OR ABOVE:   0    0.10 INCH OR MORE:   4
MIN 32 OR BELOW:  22    0.50 INCH OR MORE:   0
MIN  0 OR BELOW:   7    1.00 INCH OR MORE:   0

[HDD (BASE 65) ]
TOTAL THIS MO.  1115    CLEAR  (SCALE 0-3)   5
DPTR FM NORMAL   -23    PTCLDY (SCALE 4-7)  11
TOTAL FM JUL 1  4185    CLOUDY (SCALE 8-10)  7
DPTR FM NORMAL  -212

[CDD (BASE 65) ]
TOTAL THIS MO.     0
DPTR FM NORMAL     0    [PRESSURE DATA]
TOTAL FM JAN 1     0    HIGHEST SLP M ON M
DPTR FM NORMAL     0    LOWEST  SLP 29.47 ON 23

[REMARKS]
