000
CXUS53 KAPX 230631
CF6ANJ
PRELIMINARY LOCAL CLIMATOLOGICAL DATA (WS FORM: F-6)

                                          STATION:   SAULT STE MARIE MI
                                          MONTH:     OCTOBER
                                          YEAR:      2017
                                          LATITUDE:   46 28 N
                                          LONGITUDE:  84 21 W

  TEMPERATURE IN F:       :PCPN:    SNOW:  WIND      :SUNSHINE: SKY     :PK WND
================================================================================
1   2   3   4   5  6A  6B    7    8   9   10  11  12  13   14  15   16   17  18
                                     12Z  AVG MX 2MIN
DY MAX MIN AVG DEP HDD CDD  WTR  SNW DPTH SPD SPD DIR MIN PSBL S-S WX    SPD DR
================================================================================

 1  67  42  55   4  10   0 0.00  0.0    0  5.2 13 140   M    M   3 12     18 130
 2  70  53  62  11   3   0 0.00  0.0    0  9.0 24 150   M    M   2        31 150
 3  75  62  69  19   0   4 0.00  0.0    0  8.2 16 200   M    M   8        21 200
 4  72  52  62  12   3   0 0.22  0.0    0 10.0 18 300   M    M   7 1      27 310
 5  63  45  54   4  11   0 0.00  0.0    0  8.3 17 290   M    M   4        24 230
 6  65  42  54   5  11   0 0.00  0.0    0  4.2 10 150   M    M   4 12     13 150
 7  68  57  63  14   2   0 1.18  0.0    0  7.6 15 220   M    M  10 1      20 170
 8  73  54  64  16   1   0 0.12  0.0    0  7.8 24 290   M    M   4 1      35 290
 9  67  51  59  11   6   0 0.00  0.0    0  7.4 17 300   M    M   3 1      27 300
10  57  44  51   3  14   0 0.00  0.0    0  7.5 18 320   M    M   3        25 310
11  61  42  52   5  13   0 0.00  0.0    0  5.7 14 130   M    M   0        20  90
12  59  42  51   4  14   0    T  0.0    0  7.5 16 120   M    M   4 1      22 130
13  61  50  56   9   9   0 0.02  0.0    0  6.4 15 230   M    M   9 1      20 230
14  58  40  49   3  16   0 0.13  0.0    0  3.5 13 100   M    M   2 13     22 130
15  48  35  42  -4  23   0 0.79  0.0    0  9.3 18  30   M    M   9 13     28  10
16  56  31  44  -2  21   0    T  0.0    0  5.8 18 200   M    M   4        24 200
17  64  44  54   9  11   0 0.00  0.0    0  6.4 14 210   M    M   2        20 220
18  69  44  57  12   8   0 0.00  0.0    0 11.7 31 200   M    M   2 12     39 200
19  62  43  53   9  12   0 0.00  0.0    0 11.5 23 270   M    M   1        32 280
20  72  41  57  13   8   0 0.00  0.0    0  5.7 15 200   M    M   0        20 200
21  69  50  60  16   5   0 0.00  0.0    0  6.3 14 130   M    M   0        19 130
22  70  51  61  18   4   0 0.70  0.0    0  7.8 17 300   M    M   9 1      22 330
================================================================================
SM 1426 1015       205   4  3.16     0.0 162.8          M       90
================================================================================
AV 64.8 46.1                               7.4 FASTST   M    M   4    MAX(MPH)
                                 MISC ---->  # 31 200               # 39  200
================================================================================
NOTES:
# LAST OF SEVERAL OCCURRENCES

COLUMN 17 PEAK WIND IN M.P.H.

PRELIMINARY LOCAL CLIMATOLOGICAL DATA (WS FORM: F-6) , PAGE 2

                                          STATION:  SAULT STE MARIE MI
                                          MONTH:    OCTOBER
                                          YEAR:     2017
                                          LATITUDE:   46 28 N
                                          LONGITUDE:  84 21 W

[TEMPERATURE DATA]      [PRECIPITATION DATA]       SYMBOLS USED IN COLUMN 16

AVERAGE MONTHLY: 55.5   TOTAL FOR MONTH:   3.16    1 = FOG OR MIST
DPTR FM NORMAL:   8.3   DPTR FM NORMAL:    0.42    2 = FOG REDUCING VISIBILITY
HIGHEST:    75 ON  3    GRTST 24HR  1.18 ON  7- 7      TO 1/4 MILE OR LESS
LOWEST:     31 ON 16                               3 = THUNDER
                        SNOW, ICE PELLETS, HAIL    4 = ICE PELLETS
                        TOTAL MONTH:   0.0 INCH    5 = HAIL
                        GRTST 24HR     0.0         6 = FREEZING RAIN OR DRIZZLE
                        GRTST DEPTH:   0           7 = DUSTSTORM OR SANDSTORM:
                                                       VSBY 1/2 MILE OR LESS
                                                   8 = SMOKE OR HAZE
[NO. OF DAYS WITH]      [WEATHER - DAYS WITH]      9 = BLOWING SNOW
                                                   X = TORNADO
MAX 32 OR BELOW:   0    0.01 INCH OR MORE:   7
MAX 90 OR ABOVE:   0    0.10 INCH OR MORE:   6
MIN 32 OR BELOW:   1    0.50 INCH OR MORE:   3
MIN  0 OR BELOW:   0    1.00 INCH OR MORE:   1

[HDD (BASE 65) ]
TOTAL THIS MO.   205    CLEAR  (SCALE 0-3)  11
DPTR FM NORMAL  -188    PTCLDY (SCALE 4-7)   7
TOTAL FM JUL 1   425    CLOUDY (SCALE 8-10)  4
DPTR FM NORMAL  -369

[CDD (BASE 65) ]
TOTAL THIS MO.     4
DPTR FM NORMAL     4    [PRESSURE DATA]
TOTAL FM JAN 1   214    HIGHEST SLP M ON M
DPTR FM NORMAL    19    LOWEST  SLP 29.38 ON  7

[REMARKS]
