000
CXUS53 KIWX 010800
CF6AOH
PRELIMINARY LOCAL CLIMATOLOGICAL DATA (WS FORM: F-6)

                                          STATION:   LIMA
                                          MONTH:     JUNE
                                          YEAR:      2015
                                          LATITUDE:   40 42 N
                                          LONGITUDE:  84  1 W

  TEMPERATURE IN F:       :PCPN:    SNOW:  WIND      :SUNSHINE: SKY     :PK WND
================================================================================
1   2   3   4   5  6A  6B    7    8   9   10  11  12  13   14  15   16   17  18
                                     12Z  AVG MX 2MIN
DY MAX MIN AVG DEP HDD CDD  WTR  SNW DPTH SPD SPD DIR MIN PSBL S-S WX    SPD DR
================================================================================

 1  54  48  51 -15  14   0 0.00  0.0    0  8.0 15  20   M    M   8 1      19  30
 2  68  46  57  -9   8   0 0.00  0.0    0  7.7 17  50   M    M   5 12     21  50
 3  73  49  61  -6   4   0 0.00  0.0    0  4.6 10 120   M    M   7 1      12  70
 4  80  61  71   4   0   6 0.00  0.0    0  3.5 12 260   M    M   5 18     14 260
 5  83  59  71   4   0   6 0.17  0.0    0  7.6 21  30   M    M   3 138    25  30
 6  75  57  66  -2   0   1 0.00  0.0    0  9.7 16  60   M    M   6        21  70
 7  82  55  69   1   0   4 0.12  0.0    0 11.7 24 280   M    M   2 138    30 280
 8  74  59  67  -1   0   2 0.69  0.0    0 10.0 31 330   M    M   6 13     43 230
 9  74  58  66  -2   0   1 0.00  0.0    0  9.2 17 260   M    M   1 1      20 270
10  87  63  75   6   0  10 0.02  0.0    0 12.1 23 240   M    M   2 8      29 230
11  88  69  79  10   0  14 0.00  0.0    0  8.0 15 230   M    M   1 1      19 240
12  86  69  78   9   0  13 1.12  0.0    0 10.5 31 290   M    M   2 138    40 290
13  87  68  78   8   0  13 2.16  0.0    0  6.3 24 280   M    M   2 13     32 280
14  86  69  78   8   0  13 0.74  0.0    0 10.4 24 290   M    M   4 13     31 300
15  85  70  78   8   0  13 2.53  0.0    0  9.6 31 230   M    M   6 138    39 230
16  82  69  76   5   0  11 1.29  0.0    0  7.2 10 280   M    M   3 13      M  M
17  73  63  68  -3   0   3 0.69  0.0    0  9.1 18 130   M    M   9 1      23 120
18  85  69  77   6   0  12 0.50  0.0    0 10.4 24 250   M    M   6 138    31 250
19  70  66  68  -3   0   3 0.21  0.0    0  7.3 15  90   M    M   9 1      19  60
20  81  65  73   1   0   8    T  0.0    0  6.6 16 260   M    M   8 1      19 250
21  81  68  75   3   0  10 0.03  0.0    0  9.5 24 260   M    M   2        31 250
22  85  66  76   4   0  11    T  0.0    0 10.1 24 220   M    M   2 1      32 220
23  80  63  72   0   0   7    T  0.0    0 11.2 23 210   M    M   4        34 220
24  77  57  67  -5   0   2 0.00  0.0    0  3.3 10 300   M    M   0 8      12 280
25  78  63  71  -2   0   6 0.46  0.0    0  4.4 15 160   M    M   8 1      18 170
26  74  61  68  -5   0   3 0.71  0.0    0  9.4 20  60   M    M   9 1      25  60
27  68  58  63 -10   2   0 0.84  0.0    0 14.0 31 330   M    M  10 1      44 330
28  74  56  65  -8   0   0    T  0.0    0  9.6 21 320   M    M   4        30 340
29  65  60  63 -10   2   0 0.17  0.0    0  7.2 22 130   M    M   9 1      32 140
30  76  60  68  -5   0   3 0.22  0.0    0  6.7 15 250   M    M   7 12     19 260
================================================================================
SM 2331 1844        30 175 12.67     0.0 254.9          M      150
================================================================================
AV 77.7 61.5                               8.5 FASTST   M    M   5    MAX(MPH)
                                 MISC ---->  # 31 330               # 44  330
================================================================================
NOTES:
# LAST OF SEVERAL OCCURRENCES

COLUMN 17 PEAK WIND IN M.P.H.

PRELIMINARY LOCAL CLIMATOLOGICAL DATA (WS FORM: F-6) , PAGE 2

                                          STATION:  LIMA
                                          MONTH:    JUNE
                                          YEAR:     2015
                                          LATITUDE:   40 42 N
                                          LONGITUDE:  84  1 W

[TEMPERATURE DATA]      [PRECIPITATION DATA]       SYMBOLS USED IN COLUMN 16

AVERAGE MONTHLY: 69.6   TOTAL FOR MONTH:  12.67    1 = FOG OR MIST
DPTR FM NORMAL:  -0.6   DPTR FM NORMAL:    8.65    2 = FOG REDUCING VISIBILITY
HIGHEST:    88 ON 11    GRTST 24HR  3.71 ON 15-16      TO 1/4 MILE OR LESS
LOWEST:     46 ON  2                               3 = THUNDER
                        SNOW, ICE PELLETS, HAIL    4 = ICE PELLETS
                        TOTAL MONTH:   0.0 INCH    5 = HAIL
                        GRTST 24HR     0.0         6 = FREEZING RAIN OR DRIZZLE
                        GRTST DEPTH:   0           7 = DUSTSTORM OR SANDSTORM:
                                                       VSBY 1/2 MILE OR LESS
                                                   8 = SMOKE OR HAZE
[NO. OF DAYS WITH]      [WEATHER - DAYS WITH]      9 = BLOWING SNOW
                                                   X = TORNADO
MAX 32 OR BELOW:   0    0.01 INCH OR MORE:  18
MAX 90 OR ABOVE:   0    0.10 INCH OR MORE:  16
MIN 32 OR BELOW:   0    0.50 INCH OR MORE:  10
MIN  0 OR BELOW:   0    1.00 INCH OR MORE:   4

[HDD (BASE 65) ]
TOTAL THIS MO.    30    CLEAR  (SCALE 0-3)  11
DPTR FM NORMAL     0    PTCLDY (SCALE 4-7)  14
TOTAL FM JUL 1  6060    CLOUDY (SCALE 8-10)  5
DPTR FM NORMAL   205

[CDD (BASE 65) ]
TOTAL THIS MO.   175
DPTR FM NORMAL    -9    [PRESSURE DATA]
TOTAL FM JAN 1   306    HIGHEST SLP 30.20 ON  2
DPTR FM NORMAL    60    LOWEST  SLP 29.61 ON 27

[REMARKS]
#FINAL-06-15#
