000
CXUS55 KBOU 200900
CF6APA
PRELIMINARY LOCAL CLIMATOLOGICAL DATA (WS FORM: F-6)

                                          STATION:   CENTENNIAL CO
                                          MONTH:     JANUARY
                                          YEAR:      2018
                                          LATITUDE:   39 33 N
                                          LONGITUDE: 104 51 W

  TEMPERATURE IN F:       :PCPN:    SNOW:  WIND      :SUNSHINE: SKY     :PK WND
================================================================================
1   2   3   4   5  6A  6B    7    8   9   10  11  12  13   14  15   16   17  18
                                     12Z  AVG MX 2MIN
DY MAX MIN AVG DEP HDD CDD  WTR  SNW DPTH SPD SPD DIR MIN PSBL S-S WX    SPD DR
================================================================================

 1  37   5  21 -10  44   0    T    M    M  3.6 15  10   M    M   6        16  10
 2  45   9  27  -4  38   0 0.00    M    M  5.6 12 170   M    M   1 1      14  40
 3  55  17  36   5  29   0 0.00    M    M  6.7 18 170   M    M   3        22 170
 4  51  18  35   4  30   0 0.00    M    M  5.6 10 160   M    M   3        14 160
 5  59  23  41  10  24   0 0.00    M    M  5.4 12 340   M    M   5        13 350
 6  59  27  43  12  22   0 0.00    M    M  3.9  9 150   M    M   7        12 160
 7  50  27  39   8  26   0    T    M    M  6.0 13 180   M    M   5        18  30
 8  55  26  41  10  24   0 0.00    M    M  3.7 13 200   M    M   6        16 190
 9  66  33  50  19  15   0 0.00    M    M  7.9 23 240   M    M   3        29 230
10  58  24  41  10  24   0 0.06    M    M  7.2 31 360   M    M   7        37 360
11  40  16  28  -3  37   0 0.00    M    M  7.0 15 160   M    M   3        17 170
12  46  23  35   3  30   0 0.00    M    M  7.2 21 320   M    M   6        30 360
13  50  19  35   3  30   0 0.00    M    M  5.3 12 170   M    M   4        17 270
14  58  21  40   8  25   0 0.00    M    M  8.8 28 340   M    M   4        36 340
15  30   2  16 -16  49   0    T    M    M  6.7 15  30   M    M   8 16     18  30
16  36  -1  18 -14  47   0 0.00    M    M  5.0 12 180   M    M   2        12 170
17  50  14  32   0  33   0 0.00    M    M  5.3  9 140   M    M   0         M  M
18  64  27  46  14  19   0 0.00    M    M  6.5 14  30   M    M   5         M  M
19  68  36  52  20  13   0 0.00    M    M 10.9 20 210   M    M   7        27 210
================================================================================
SM  977  366       559   0  0.06    M    118.3          M       85
================================================================================
AV 51.4 19.3                               6.2 FASTST   M    M   4    MAX(MPH)
                                 MISC ---->  # 31 360               # 37  360
================================================================================
NOTES:
# LAST OF SEVERAL OCCURRENCES

COLUMN 17 PEAK WIND IN M.P.H.

PRELIMINARY LOCAL CLIMATOLOGICAL DATA (WS FORM: F-6) , PAGE 2

                                          STATION:  CENTENNIAL CO
                                          MONTH:    JANUARY
                                          YEAR:     2018
                                          LATITUDE:   39 33 N
                                          LONGITUDE: 104 51 W

[TEMPERATURE DATA]      [PRECIPITATION DATA]       SYMBOLS USED IN COLUMN 16

AVERAGE MONTHLY: 35.3   TOTAL FOR MONTH:   0.06    1 = FOG OR MIST
DPTR FM NORMAL:   3.9   DPTR FM NORMAL:   -0.17    2 = FOG REDUCING VISIBILITY
HIGHEST:    68 ON 19    GRTST 24HR  0.06 ON 10-10      TO 1/4 MILE OR LESS
LOWEST:     -1 ON 16                               3 = THUNDER
                        SNOW, ICE PELLETS, HAIL    4 = ICE PELLETS
                        TOTAL MONTH:    M          5 = HAIL
                        GRTST 24HR    M  ON   M    6 = FREEZING RAIN OR DRIZZLE
                        GRTST DEPTH:  M  ON   M    7 = DUSTSTORM OR SANDSTORM:
                                                       VSBY 1/2 MILE OR LESS
                                                   8 = SMOKE OR HAZE
[NO. OF DAYS WITH]      [WEATHER - DAYS WITH]      9 = BLOWING SNOW
                                                   X = TORNADO
MAX 32 OR BELOW:   1    0.01 INCH OR MORE:   1
MAX 90 OR ABOVE:   0    0.10 INCH OR MORE:   0
MIN 32 OR BELOW:  17    0.50 INCH OR MORE:   0
MIN  0 OR BELOW:   1    1.00 INCH OR MORE:   0

[HDD (BASE 65) ]
TOTAL THIS MO.   559    CLEAR  (SCALE 0-3)   6
DPTR FM NORMAL   -80    PTCLDY (SCALE 4-7)  13
TOTAL FM JUL 1  2691    CLOUDY (SCALE 8-10)  0
DPTR FM NORMAL  -473

[CDD (BASE 65) ]
TOTAL THIS MO.     0
DPTR FM NORMAL     0    [PRESSURE DATA]
TOTAL FM JAN 1     0    HIGHEST SLP M ON M
DPTR FM NORMAL     0    LOWEST  SLP 29.27 ON 10

[REMARKS]
