000
CXUS55 KBOU 301102
CF6APA
PRELIMINARY LOCAL CLIMATOLOGICAL DATA (WS FORM: F-6)

                                          STATION:   CENTENNIAL CO
                                          MONTH:     OCTOBER
                                          YEAR:      2014
                                          LATITUDE:   39 33 N
                                          LONGITUDE: 104 51 W

  TEMPERATURE IN F:       :PCPN:    SNOW:  WIND      :SUNSHINE: SKY     :PK WND
================================================================================
1   2   3   4   5  6A  6B    7    8   9   10  11  12  13   14  15   16   17  18
                                     12Z  AVG MX 2MIN
DY MAX MIN AVG DEP HDD CDD  WTR  SNW DPTH SPD SPD DIR MIN PSBL S-S WX    SPD DR
================================================================================

 1  66  40  53  -3  12   0 0.73    M    M  8.1 38 300   M    M   7 13     50 310
 2  63  35  49  -6  16   0    T    M    M  6.9 28  30   M    M   4 1      37  20
 3  60  32  46  -9  19   0 0.00    M    M  6.5 17  30   M    M   6        24  50
 4  71  37  54   0  11   0 0.00    M    M  5.7 15 350   M    M   4        19 350
 5  71  39  55   1  10   0 0.00    M    M  6.1 24 340   M    M   3        29 350
 6  76  40  58   4   7   0 0.00    M    M  8.4 22 320   M    M   4        31 310
 7  76  43  60   7   5   0 0.00    M    M  6.5 14 160   M    M   4        17 150
 8  72  47  60   7   5   0 0.00    M    M  4.7 16 180   M    M   7        24 190
 9  59  48  54   2  11   0 0.49    M    M  6.3 20 200   M    M   8 13     25 200
10  56  43  50  -2  15   0 0.01    M    M  7.7 16 160   M    M   7 1      19 170
11  70  39  55   3  10   0 0.00    M    M  6.9 25 320   M    M   5        32 320
12  56  40  48  -3  17   0 0.16    M    M 11.8 28  10   M    M   9 13     35  20
13  55  35  45  -6  20   0 0.00    M    M  6.0 13  30   M    M   3        16 360
14  71  36  54   4  11   0 0.00    M    M  5.8 13 180   M    M   1        16 220
15  81  40  61  11   4   0 0.00    M    M  9.1 25 220   M    M   4        32 220
16  70  40  55   5  10   0 0.00    M    M  7.9 18  80   M    M   4        22 110
17  61  37  49   0  16   0 0.00    M    M  6.6 13 330   M    M   5        17 330
18  70  40  55   6  10   0 0.00    M    M  6.0 13 360   M    M   6        16 360
19  72  41  57   8   8   0 0.00    M    M  4.7 10 160   M    M   4        12 160
20  73  44  59  11   6   0 0.00    M    M 11.4 24 160   M    M   2        30 170
21  74  47  61  13   4   0    T    M    M  7.1 22 300   M    M   5        30 320
22  70  44  57   9   8   0    T    M    M  5.8 14  10   M    M   5        23  50
23  72  39  56   9   9   0 0.00    M    M  6.2 15 200   M    M   5        17 200
24  79  50  65  18   0   0 0.00    M    M  7.8 16 100   M    M   4        20 100
25  77  39  58  11   7   0 0.00    M    M  9.2 17 150   M    M   0        22 150
26  77  49  63  17   2   0 0.00    M    M  9.6 23 210   M    M   5        28 230
27  50  32  41  -5  24   0 0.05    M    M  8.7 17  60   M    M   5 1      23  60
28  59  31  45  -1  20   0 0.00    M    M  5.7 14 150   M    M   3        17 170
29  69  29  49   4  16   0 0.00    M    M  6.3 17 360   M    M   2        21 360
================================================================================
SM 1976 1156       313   0  1.44    M    209.5          M      131
================================================================================
AV 68.1 39.9                               7.2 FASTST   M    M   5    MAX(MPH)
                                 MISC ---->  # 38 300               # 50  310
================================================================================
NOTES:
# LAST OF SEVERAL OCCURRENCES

COLUMN 17 PEAK WIND IN M.P.H.

PRELIMINARY LOCAL CLIMATOLOGICAL DATA (WS FORM: F-6) , PAGE 2

                                          STATION:  CENTENNIAL CO
                                          MONTH:    OCTOBER
                                          YEAR:     2014
                                          LATITUDE:   39 33 N
                                          LONGITUDE: 104 51 W

[TEMPERATURE DATA]      [PRECIPITATION DATA]       SYMBOLS USED IN COLUMN 16

AVERAGE MONTHLY: 54.0   TOTAL FOR MONTH:   1.44    1 = FOG OR MIST
DPTR FM NORMAL:   3.8   DPTR FM NORMAL:    0.26    2 = FOG REDUCING VISIBILITY
HIGHEST:    81 ON 15    GRTST 24HR  0.73 ON  1- 1      TO 1/4 MILE OR LESS
LOWEST:     29 ON 29                               3 = THUNDER
                        SNOW, ICE PELLETS, HAIL    4 = ICE PELLETS
                        TOTAL MONTH:    M          5 = HAIL
                        GRTST 24HR    M  ON   M    6 = FREEZING RAIN OR DRIZZLE
                        GRTST DEPTH:  M  ON   M    7 = DUSTSTORM OR SANDSTORM:
                                                       VSBY 1/2 MILE OR LESS
                                                   8 = SMOKE OR HAZE
[NO. OF DAYS WITH]      [WEATHER - DAYS WITH]      9 = BLOWING SNOW
                                                   X = TORNADO
MAX 32 OR BELOW:   0    0.01 INCH OR MORE:   5
MAX 90 OR ABOVE:   0    0.10 INCH OR MORE:   3
MIN 32 OR BELOW:   4    0.50 INCH OR MORE:   1
MIN  0 OR BELOW:   0    1.00 INCH OR MORE:   0

[HDD (BASE 65) ]
TOTAL THIS MO.   313    CLEAR  (SCALE 0-3)   7
DPTR FM NORMAL  -118    PTCLDY (SCALE 4-7)  20
TOTAL FM JUL 1   431    CLOUDY (SCALE 8-10)  2
DPTR FM NORMAL  -168

[CDD (BASE 65) ]
TOTAL THIS MO.     0
DPTR FM NORMAL     0    [PRESSURE DATA]
TOTAL FM JAN 1   507    HIGHEST SLP M ON M
DPTR FM NORMAL   -51    LOWEST  SLP 29.52 ON 26

[REMARKS]
