000
CXUS55 KBOU 011928 RRA
CF6APA

PRELIMINARY LOCAL CLIMATOLOGICAL DATA (WS FORM: F-6)

                                          STATION:   CENTENNIAL CO
                                          MONTH:     AUGUST
                                          YEAR:      2015
                                          LATITUDE:   39 33 N
                                          LONGITUDE: 104 51 W

  TEMPERATURE IN F:       :PCPN:    SNOW:  WIND      :SUNSHINE: SKY     :PK WND
================================================================================
1   2   3   4   5  6A  6B    7    8   9   10  11  12  13   14  15   16   17  18
                                     12Z  AVG MX 2MIN
DY MAX MIN AVG DEP HDD CDD  WTR  SNW DPTH SPD SPD DIR MIN PSBL S-S WX    SPD DR
================================================================================

 1  93  64  79   7   0  14 0.00    M    M 10.5 28 180   M    M   5        38 170
 2  91  63  77   5   0  12 0.14    M    M  8.8 28 200   M    M   8 3      39 200
 3  81  61  71  -1   0   6    T    M    M  8.5 26 180   M    M   7        33 150
 4  89  56  73   1   0   8 0.00    M    M  7.2 25 330   M    M   4        30 330
 5  93  57  75   3   0  10 0.00    M    M  9.6 28 170   M    M   4        37 170
 6  90  62  76   4   0  11 0.00    M    M  5.7 15 360   M    M   5        22 350
 7  91  62  77   5   0  12    T    M    M  9.1 18  20   M    M   7 3      24  20
 8  84  62  73   2   0   8 0.00    M    M  6.4 16 120   M    M   7 3      20 150
 9  87  59  73   2   0   8    T    M    M  6.3 21 150   M    M   4 3      24 150
10  88  55  72   1   0   7 2.20    M    M  9.4 39 100   M    M   5 135    49 100
11  84  63  74   3   0   9 0.03    M    M  6.5 20 200   M    M   7 3X     26 200
12  88  60  74   3   0   9    T    M    M  6.8 20 240   M    M   5        24 240
13  90  63  77   6   0  12 0.01    M    M  8.8 25  20   M    M   5 3      31  10
14  91  60  76   6   0  11    T    M    M  9.4 29 240   M    M   4        34 230
15  95  66  81  11   0  16 0.01    M    M  7.3 18 240   M    M   5 3      22 240
16  85  62  74   4   0   9 0.11    M    M 10.2 32 360   M    M   7 13     37 360
17  81  60  71   1   0   6 0.13    M    M  9.0 30 330   M    M   6 138    36 330
18  71  49  60 -10   5   0 0.09    M    M  7.4 28 340   M    M   7 3      36 340
19  69  49  59 -11   6   0 0.10    M    M  5.9 16 200   M    M   5 18     20 200
20  84  52  68  -1   0   3 0.00    M    M  6.9 16 110   M    M   2        21 200
21  89  56  73   4   0   8 0.00    M    M  6.1 16 230   M    M   2        20 230
22  89  54  72   3   0   7 0.00    M    M  9.2 25  20   M    M   4 8      32  40
23  77  47  62  -7   3   0 0.00    M    M  5.7 13 170   M    M   5 8      15 190
24  90  53  72   4   0   7 0.00    M    M  5.4 14 210   M    M   2 8      18 200
25  93  56  75   7   0  10    T    M    M  9.3 25 230   M    M   4 3      30 230
26  93  62  78  10   0  13 0.00    M    M 10.8 24 230   M    M   7        32 170
27  85  60  73   5   0   8 0.05    M    M  7.6 23 350   M    M   6 3      29 330
28  82  56  69   1   0   4 0.00    M    M  6.4 16 350   M    M   4        23 350
29  87  55  71   4   0   6 0.00    M    M 10.2 21 180   M    M   2        26 180
30  91  62  77  10   0  12 0.00    M    M  8.4 21 160   M    M   5        26 160
31  84  57  71   4   0   6 0.01    M    M  5.4 31 290   M    M   8        41 290
================================================================================
SM 2685 1803        14 252  2.88    M    244.2          M      158
================================================================================
AV 86.6 58.2                               7.9 FASTST   M    M   5    MAX(MPH)
                                 MISC ---->  # 39 100               # 49  100
================================================================================
NOTES:
# LAST OF SEVERAL OCCURRENCES

COLUMN 17 PEAK WIND IN M.P.H.

PRELIMINARY LOCAL CLIMATOLOGICAL DATA (WS FORM: F-6) , PAGE 2

                                          STATION:  CENTENNIAL CO
                                          MONTH:    AUGUST
                                          YEAR:     2015
                                          LATITUDE:   39 33 N
                                          LONGITUDE: 104 51 W

[TEMPERATURE DATA]      [PRECIPITATION DATA]       SYMBOLS USED IN COLUMN 16

AVERAGE MONTHLY: 72.4   TOTAL FOR MONTH:   2.88    1 = FOG OR MIST
DPTR FM NORMAL:   2.5   DPTR FM NORMAL:    0.29    2 = FOG REDUCING VISIBILITY
HIGHEST:    95 ON 15    GRTST 24HR  2.20 ON 10-10      TO 1/4 MILE OR LESS
LOWEST:     47 ON 23                               3 = THUNDER
                        SNOW, ICE PELLETS, HAIL    4 = ICE PELLETS
                        TOTAL MONTH:    M          5 = HAIL
                        GRTST 24HR    M  ON   M    6 = FREEZING RAIN OR DRIZZLE
                        GRTST DEPTH:  M  ON   M    7 = DUSTSTORM OR SANDSTORM:
                                                       VSBY 1/2 MILE OR LESS
                                                   8 = SMOKE OR HAZE
[NO. OF DAYS WITH]      [WEATHER - DAYS WITH]      9 = BLOWING SNOW
                                                   X = TORNADO
MAX 32 OR BELOW:   0    0.01 INCH OR MORE:  11
MAX 90 OR ABOVE:  12    0.10 INCH OR MORE:   5
MIN 32 OR BELOW:   0    0.50 INCH OR MORE:   1
MIN  0 OR BELOW:   0    1.00 INCH OR MORE:   1

[HDD (BASE 65) ]
TOTAL THIS MO.    14    CLEAR  (SCALE 0-3)   4
DPTR FM NORMAL    -2    PTCLDY (SCALE 4-7)  27
TOTAL FM JUL 1    22    CLOUDY (SCALE 8-10)  0
DPTR FM NORMAL     0

[CDD (BASE 65) ]
TOTAL THIS MO.   252
DPTR FM NORMAL    82    [PRESSURE DATA]
TOTAL FM JAN 1   579    HIGHEST SLP 30.25 ON 10
DPTR FM NORMAL    68    LOWEST  SLP 29.67 ON 21

[REMARKS]
#FINAL-08-15#
