000
CXUS52 KMFL 191000
CF6APF
PRELIMINARY LOCAL CLIMATOLOGICAL DATA (WS FORM: F-6)

                                          STATION:   NAPLES
                                          MONTH:     OCTOBER
                                          YEAR:      2017
                                          LATITUDE:   26  8 N
                                          LONGITUDE:  81 46 W

  TEMPERATURE IN F:       :PCPN:    SNOW:  WIND      :SUNSHINE: SKY     :PK WND
================================================================================
1   2   3   4   5  6A  6B    7    8   9   10  11  12  13   14  15   16   17  18
                                     12Z  AVG MX 2MIN
DY MAX MIN AVG DEP HDD CDD  WTR  SNW DPTH SPD SPD DIR MIN PSBL S-S WX    SPD DR
================================================================================

 1  91  75  83   2   0  18 0.00  0.0    0  7.9 15 140   M    M   1 1      20 120
 2  87  76  82   1   0  17 0.10  0.0    0 10.5 22  90   M    M   3 13     26  80
 3  90  75  83   2   0  18 0.20  0.0    0 13.7 26  70   M    M   6 138    36  60
 4  89  75  82   1   0  17    T  0.0    0 14.9 31  80   M    M   6 1      42  60
 5  81  74  78  -2   0  13 0.54  0.0    0 11.5 20  70   M    M   7 1      27  50
 6  88  76  82   2   0  17 0.00  0.0    0 10.4 20 130   M    M   5        25 150
 7  91  80  86   6   0  21    T  0.0    0 11.5 23 160   M    M   2        31 170
 8  90  79  85   5   0  20 0.00  0.0    0  7.8 17 160   M    M   2        23 180
 9  93  76  85   5   0  20 0.00  0.0    0  7.4 15  50   M    M   2        20  70
10  92  76  84   4   0  19 0.02  0.0    0  9.1 14  80   M    M   2 1       M  M
11  89  75  82   2   0  17    T  0.0    0  8.8 18  50   M    M   2        26  30
12  85  72  79   0   0  14 0.05  0.0    0  9.2 25  60   M    M   2 18     33  70
13  91  75  83   4   0  18    T  0.0    0  9.0 17  70   M    M   3        22 100
14  89  75  82   3   0  17 0.55  0.0    0  7.9 17  20   M    M   2 13     24  30
15  88  74  81   2   0  16 0.00  0.0    0  6.2 13 280   M    M   1        17 280
16  87  75  81   2   0  16 0.01  0.0    0  4.2 12 300   M    M   2 13     15 260
17  87  75  81   3   0  16 0.00  0.0    0  8.1 16  30   M    M   1        22  90
18  88  74  81   3   0  16 0.00  0.0    0 11.4 18  40   M    M   1        23  30
================================================================================
SM 1596 1357         0 310  1.47     0.0 169.5          M       50
================================================================================
AV 88.7 75.4                               9.4 FASTST   M    M   3    MAX(MPH)
                                 MISC ---->  # 31  80               # 42   60
================================================================================
NOTES:
# LAST OF SEVERAL OCCURRENCES

COLUMN 17 PEAK WIND IN M.P.H.

PRELIMINARY LOCAL CLIMATOLOGICAL DATA (WS FORM: F-6) , PAGE 2

                                          STATION:  NAPLES
                                          MONTH:    OCTOBER
                                          YEAR:     2017
                                          LATITUDE:   26  8 N
                                          LONGITUDE:  81 46 W

[TEMPERATURE DATA]      [PRECIPITATION DATA]       SYMBOLS USED IN COLUMN 16

AVERAGE MONTHLY: 82.0   TOTAL FOR MONTH:   1.47    1 = FOG OR MIST
DPTR FM NORMAL:   2.3   DPTR FM NORMAL:   -1.54    2 = FOG REDUCING VISIBILITY
HIGHEST:    93 ON  9    GRTST 24HR  0.55 ON 14-14      TO 1/4 MILE OR LESS
LOWEST:     72 ON 12                               3 = THUNDER
                        SNOW, ICE PELLETS, HAIL    4 = ICE PELLETS
                        TOTAL MONTH:   0.0 INCH    5 = HAIL
                        GRTST 24HR     0.0         6 = FREEZING RAIN OR DRIZZLE
                        GRTST DEPTH:   0           7 = DUSTSTORM OR SANDSTORM:
                                                       VSBY 1/2 MILE OR LESS
                                                   8 = SMOKE OR HAZE
[NO. OF DAYS WITH]      [WEATHER - DAYS WITH]      9 = BLOWING SNOW
                                                   X = TORNADO
MAX 32 OR BELOW:   0    0.01 INCH OR MORE:   7
MAX 90 OR ABOVE:   7    0.10 INCH OR MORE:   4
MIN 32 OR BELOW:   0    0.50 INCH OR MORE:   2
MIN  0 OR BELOW:   0    1.00 INCH OR MORE:   0

[HDD (BASE 65) ]
TOTAL THIS MO.     0    CLEAR  (SCALE 0-3)  13
DPTR FM NORMAL     0    PTCLDY (SCALE 4-7)   5
TOTAL FM JUL 1     0    CLOUDY (SCALE 8-10)  0
DPTR FM NORMAL     0

[CDD (BASE 65) ]
TOTAL THIS MO.   310
DPTR FM NORMAL    46    [PRESSURE DATA]
TOTAL FM JAN 1  3810    HIGHEST SLP M ON M
DPTR FM NORMAL   369    LOWEST  SLP 29.83 ON  5

[REMARKS]
