000
CXUS53 KAPX 240631
CF6APX
PRELIMINARY LOCAL CLIMATOLOGICAL DATA (WS FORM: F-6)

                                          STATION:   GAYLORD  WFO
                                          MONTH:     JANUARY
                                          YEAR:      2017
                                          LATITUDE:   45  4 N
                                          LONGITUDE:  84 43 W

  TEMPERATURE IN F:       :PCPN:    SNOW:  WIND      :SUNSHINE: SKY     :PK WND
================================================================================
1   2   3   4   5  6A  6B    7    8   9   10  11  12  13   14  15   16   17  18
                                     12Z  AVG MX 2MIN
DY MAX MIN AVG DEP HDD CDD  WTR  SNW DPTH SPD SPD DIR MIN PSBL S-S WX    SPD DR
================================================================================

 1  35  20  28   9  37   0    T    T   14   M   M   M   M    M   M         M  M
 2  38  23  31  13  34   0    T    T   13   M   M   M   M    M   M         M  M
 3  34  31  33  15  32   0 0.03  0.1   12   M   M   M   M    M   M         M  M
 4  31  11  21   3  44   0 0.57 11.6   12   M   M   M   M    M   M 9       M  M
 5  13   1   7 -11  58   0 0.05  1.5   17   M   M   M   M    M   M         M  M
 6  13   1   7 -11  58   0 0.01  0.2   16   M   M   M   M    M   M         M  M
 7  10   2   6 -12  59   0 0.23  3.7   15   M   M   M   M    M   M         M  M
 8  15   4  10  -7  55   0 0.06  1.1   18   M   M   M   M    M   M         M  M
 9  21  12  17   0  48   0 0.06  1.6   18   M   M   M   M    M   M         M  M
10  39  21  30  13  35   0 0.85  5.2   18   M   M   M   M    M   M         M  M
11  31  17  24   7  41   0 0.44  4.7   16   M   M   M   M    M   M         M  M
12  21  16  19   2  46   0 0.04  0.5   19   M   M   M   M    M   M         M  M
13  17   6  12  -5  53   0 0.03  0.3   19   M   M   M   M    M   M         M  M
14  27   8  18   1  47   0 0.00  0.0   18   M   M   M   M    M   M         M  M
15  31   9  20   4  45   0 0.00  0.0   17   M   M   M   M    M   M         M  M
16  36  21  29  13  36   0 0.00  0.0   17   M   M   M   M    M   M         M  M
17  32  28  30  14  35   0 0.37  0.0   17   M   M   M   M    M   M         M  M
18  41  30  36  20  29   0    T  0.0   16   M   M   M   M    M   M         M  M
19  35  31  33  17  32   0 0.00  0.0   16   M   M   M   M    M   M         M  M
20  35  29  32  16  33   0    T  0.0   14   M   M   M   M    M   M         M  M
21  41  31  36  20  29   0 0.03  0.0   14   M   M   M   M    M   M 12      M  M
22  43  37  40  24  25   0 0.01  0.0   11   M   M   M   M    M   M 12      M  M
23  37  33  35  19  30   0 0.09  0.0    9   M   M   M   M    M   M 12      M  M
================================================================================
SM  676  422       941   0  2.87    30.5     M          M        M
================================================================================
AV 29.4 18.4                                 M FASTST   M    M   9    MAX(MPH)
                                 MISC ---->     M   M                  M    M
================================================================================
NOTES:
# LAST OF SEVERAL OCCURRENCES

COLUMN 17 PEAK WIND IN M.P.H.

PRELIMINARY LOCAL CLIMATOLOGICAL DATA (WS FORM: F-6) , PAGE 2

                                          STATION:  GAYLORD  WFO
                                          MONTH:    JANUARY
                                          YEAR:     2017
                                          LATITUDE:   45  4 N
                                          LONGITUDE:  84 43 W

[TEMPERATURE DATA]      [PRECIPITATION DATA]       SYMBOLS USED IN COLUMN 16

AVERAGE MONTHLY: 23.9   TOTAL FOR MONTH:   2.87    1 = FOG OR MIST
DPTR FM NORMAL:   6.9   DPTR FM NORMAL:    0.87    2 = FOG REDUCING VISIBILITY
HIGHEST:    43 ON 22    GRTST 24HR  0.85 ON 10-10      TO 1/4 MILE OR LESS
LOWEST:      1 ON  6, 5                            3 = THUNDER
                        SNOW, ICE PELLETS, HAIL    4 = ICE PELLETS
                        TOTAL MONTH:  30.5 INCHES  5 = HAIL
                        GRTST 24HR  11.6 ON   M    6 = FREEZING RAIN OR DRIZZLE
                        GRTST DEPTH:  19 ON 13,12  7 = DUSTSTORM OR SANDSTORM:
                                                       VSBY 1/2 MILE OR LESS
                                                   8 = SMOKE OR HAZE
[NO. OF DAYS WITH]      [WEATHER - DAYS WITH]      9 = BLOWING SNOW
                                                   X = TORNADO
MAX 32 OR BELOW:  12    0.01 INCH OR MORE:  15
MAX 90 OR ABOVE:   0    0.10 INCH OR MORE:   5
MIN 32 OR BELOW:  21    0.50 INCH OR MORE:   2
MIN  0 OR BELOW:   0    1.00 INCH OR MORE:   0

[HDD (BASE 65) ]
TOTAL THIS MO.   941    CLEAR  (SCALE 0-3)   0
DPTR FM NORMAL  -164    PTCLDY (SCALE 4-7)   0
TOTAL FM JUL 1  3533    CLOUDY (SCALE 8-10)  0
DPTR FM NORMAL  -834

[CDD (BASE 65) ]
TOTAL THIS MO.     0
DPTR FM NORMAL     0    [PRESSURE DATA]
TOTAL FM JAN 1     0    HIGHEST SLP M ON M
DPTR FM NORMAL     0    LOWEST  SLP M ON M

[REMARKS]
