000
CXUS54 KLCH 020110
CF6ARA
PRELIMINARY LOCAL CLIMATOLOGICAL DATA (WS FORM: F-6)

                                          STATION:   NEW IBERIA
                                          MONTH:     MAY
                                          YEAR:      2015
                                          LATITUDE:   30  1 N
                                          LONGITUDE:  91 53 W

  TEMPERATURE IN F:       :PCPN:    SNOW:  WIND      :SUNSHINE: SKY     :PK WND
================================================================================
1   2   3   4   5  6A  6B    7    8   9   10  11  12  13   14  15   16   17  18
                                     12Z  AVG MX 2MIN
DY MAX MIN AVG DEP HDD CDD  WTR  SNW DPTH SPD SPD DIR MIN PSBL S-S WX    SPD DR
================================================================================

 1  86  59  73   1   0   8 0.00  0.0    0  3.9  9  30   M    M   2        12  50
 2  85  60  73   0   0   8 0.00  0.0    0  3.8 10 200   M    M   4        14 100
 3  83  62  73   0   0   8 0.00  0.0    0  5.0 15 190   M    M   2 1      19 200
 4  81  62  72  -1   0   7 0.00  0.0    0  6.6 12  50   M    M   3         M  M
 5   M   M   M   M   M   M 0.00  0.0    0 14.7 20 140   M    M   1         M  M
 6   M   M   M   M   M   M 0.00  0.0    0 14.7 23 150   M    M   2         M  M
 7   M   M   M   M   M   M 0.00  0.0    0 17.5 30 180   M    M   5         M  M
 8   M   M   M   M   M   M 0.00  0.0    0 13.8 21 170   M    M   5         M  M
 9   M   M   M   M   M   M 0.00  0.0    0 10.7 12 150   M    M   2         M  M
10   M   M   M   M   M   M 0.00  0.0    0 18.2 23 180   M    M   2         M  M
11   M   M   M   M   M   M 0.00  0.0    0  8.3 12  30   M    M   5         M  M
12   M   M   M   M   M   M    M  0.0    0   M   M   M   M    M   M 13      M  M
13  84  72  78   2   0  13    T  0.0    0  5.9  9  90   M    M   3 3       M  M
14  87  71  79   3   0  14 0.00  0.0    0  5.0 15 130   M    M   1 3      18 170
15  88  73  81   5   0  16 0.18  0.0    0  8.9 21 170   M    M   3 13     30 150
16  86  72  79   3   0  14 1.63  0.0    0 11.4 23 160   M    M   6 138    29 180
17  88  77  83   6   0  18 0.00  0.0    0 12.3 22 150   M    M   5 1      29 160
18  88  70  79   2   0  14 0.47  0.0    0  7.4 30 360   M    M   3 13     37 360
19  85  72  79   2   0  14 0.00  0.0    0  4.5 16 100   M    M   7 1238   19 100
20  88  73  81   4   0  16    T  0.0    0  5.9 16 210   M    M   2 13     21 190
21  89  67  78   0   0  13 0.01  0.0    0  6.4 30 340   M    M   2 13     39 330
22  83  65  74  -4   0   9 0.01  0.0    0  7.7 15  50   M    M   8 1      19  40
23  88  70  79   1   0  14 0.03  0.0    0  8.3 24 150   M    M   2 13     30 140
24  88  72  80   2   0  15 1.98  0.0    0 11.9 30 250   M    M   M 13     38 230
25  88  70  79   1   0  14 0.23  0.0    0  9.2 22 150   M    M   3 13     27 150
26  88  65  77  -1   0  12 1.72  0.0    0  7.1 30 330   M    M   4 13     41 330
27  82  68  75  -4   0  10 0.81  0.0    0  5.0 37 320   M    M   3 13     48 320
28  90  69  80   1   0  15 0.00  0.0    0  2.9  9 200   M    M   1 1      11 210
29  88  73  81   2   0  16 0.00  0.0    0  8.0 16 170   M    M   2 3      22 170
30  88  73  81   2   0  16    T  0.0    0  5.2 20 350   M    M   3 3      25 360
31  87  70  79   0   0  14 0.10  0.0    0  4.4 21 280   M    M   4 123    26 280
================================================================================
SM 1988 1585         0 298  7.17     0.0 254.6          M       95
================================================================================
AV 86.4 68.9                               8.5 FASTST   M    M   3    MAX(MPH)
                                 MISC ---->  # 37 320               # 48  320
================================================================================
NOTES:
# LAST OF SEVERAL OCCURRENCES

COLUMN 17 PEAK WIND IN M.P.H.

PRELIMINARY LOCAL CLIMATOLOGICAL DATA (WS FORM: F-6) , PAGE 2

                                          STATION:  NEW IBERIA
                                          MONTH:    MAY
                                          YEAR:     2015
                                          LATITUDE:   30  1 N
                                          LONGITUDE:  91 53 W

[TEMPERATURE DATA]      [PRECIPITATION DATA]       SYMBOLS USED IN COLUMN 16

AVERAGE MONTHLY: 77.7   TOTAL FOR MONTH:   7.17    1 = FOG OR MIST
DPTR FM NORMAL:   1.4   DPTR FM NORMAL:    2.19    2 = FOG REDUCING VISIBILITY
HIGHEST:    90 ON 28    GRTST 24HR  1.98 ON 24-24      TO 1/4 MILE OR LESS
LOWEST:     59 ON  1                               3 = THUNDER
                        SNOW, ICE PELLETS, HAIL    4 = ICE PELLETS
                        TOTAL MONTH:   0.0 INCH    5 = HAIL
                        GRTST 24HR     0.0         6 = FREEZING RAIN OR DRIZZLE
                        GRTST DEPTH:   0           7 = DUSTSTORM OR SANDSTORM:
                                                       VSBY 1/2 MILE OR LESS
                                                   8 = SMOKE OR HAZE
[NO. OF DAYS WITH]      [WEATHER - DAYS WITH]      9 = BLOWING SNOW
                                                   X = TORNADO
MAX 32 OR BELOW:   0    0.01 INCH OR MORE:  11
MAX 90 OR ABOVE:   1    0.10 INCH OR MORE:   8
MIN 32 OR BELOW:   0    0.50 INCH OR MORE:   4
MIN  0 OR BELOW:   0    1.00 INCH OR MORE:   3

[HDD (BASE 65) ]
TOTAL THIS MO.     0    CLEAR  (SCALE 0-3)  16
DPTR FM NORMAL    -1    PTCLDY (SCALE 4-7)  12
TOTAL FM JUL 1  1416    CLOUDY (SCALE 8-10)  1
DPTR FM NORMAL     7

[CDD (BASE 65) ]
TOTAL THIS MO.   298
DPTR FM NORMAL   -52    [PRESSURE DATA]
TOTAL FM JAN 1   620    HIGHEST SLP 30.24 ON 27
DPTR FM NORMAL    50    LOWEST  SLP 29.94 ON 25

[REMARKS]
#FINAL-05-15#
