000
CXUS54 KLCH 190838
CF6ARA
PRELIMINARY LOCAL CLIMATOLOGICAL DATA (WS FORM: F-6)

                                          STATION:   NEW IBERIA
                                          MONTH:     FEBRUARY
                                          YEAR:      2018
                                          LATITUDE:   30  1 N
                                          LONGITUDE:  91 53 W

  TEMPERATURE IN F:       :PCPN:    SNOW:  WIND      :SUNSHINE: SKY     :PK WND
================================================================================
1   2   3   4   5  6A  6B    7    8   9   10  11  12  13   14  15   16   17  18
                                     12Z  AVG MX 2MIN
DY MAX MIN AVG DEP HDD CDD  WTR  SNW DPTH SPD SPD DIR MIN PSBL S-S WX    SPD DR
================================================================================

 1  71  54  63   9   2   0    T  0.0    0  7.9 20 200   M    M   9        24 200
 2  61  46  54   0  11   0 0.05    M    0 14.9 26  30   M    M   9        33  30
 3  64  45  55   1  10   0 0.00  0.0    0 11.0 20 180   M    M   9 18     25 180
 4  70  55  63   9   2   0 0.00  0.0    0 11.0 20 180   M    M   8 1      26 200
 5  67  50  59   5   6   0 0.00  0.0    0  8.6 16 190   M    M   8        19  60
 6  78  59  69  15   0   4 0.03  0.0    0  7.8 18 170   M    M   9 18     23 170
 7  70  43  57   3   8   0 0.57    M    0 14.3 24 330   M    M  10 13     32 320
 8  63  43  53  -1  12   0 0.00  0.0    0 10.0 17  30   M    M   8        29  30
 9  76  55  66  12   0   1 0.00  0.0    0  6.4 13 170   M    M   7 1      16 170
10  69  63  66  11   0   1 0.66  0.0    0  8.6 22 200   M    M  10 12     27 210
11  70  50  60   5   5   0 0.15  0.0    0 10.5 21 360   M    M  10 12     24  10
12  50  44  47  -8  18   0 0.00  0.0    0 14.5 21  20   M    M  10 1      25  10
13  73  46  60   5   5   0    T    M    0  8.1 14  40   M    M   9 1      17  50
14  80  63  72  17   0   7    T  0.0    0  8.6 18 190   M    M   8 12     23 180
15  81  65  73  17   0   8 0.00  0.0    0  9.9 21 220   M    M   7 12     27 210
16  82  64  73  17   0   8    T  0.0    0  9.1 20 250   M    M   6 1      24 230
17  80  66  73  17   0   8 0.00  0.0    0  8.3 16 240   M    M   9 12     21 230
18  80  62  71  15   0   6    M  0.0    0  8.3 17 180   M    M   5 1      23 200
================================================================================
SM 1285  973        79  43  1.46     0.0 177.8          M      151
================================================================================
AV 71.4 54.1                               9.9 FASTST   M    M   8    MAX(MPH)
                                 MISC ---->  # 26  30               # 33   30
================================================================================
NOTES:
# LAST OF SEVERAL OCCURRENCES

COLUMN 17 PEAK WIND IN M.P.H.

PRELIMINARY LOCAL CLIMATOLOGICAL DATA (WS FORM: F-6) , PAGE 2

                                          STATION:  NEW IBERIA
                                          MONTH:    FEBRUARY
                                          YEAR:     2018
                                          LATITUDE:   30  1 N
                                          LONGITUDE:  91 53 W

[TEMPERATURE DATA]      [PRECIPITATION DATA]       SYMBOLS USED IN COLUMN 16

AVERAGE MONTHLY: 62.7   TOTAL FOR MONTH:   1.46    1 = FOG OR MIST
DPTR FM NORMAL:   8.0   DPTR FM NORMAL:   -1.19    2 = FOG REDUCING VISIBILITY
HIGHEST:    82 ON 16    GRTST 24HR  0.66 ON 10-10      TO 1/4 MILE OR LESS
LOWEST:     43 ON  8, 7                            3 = THUNDER
                        SNOW, ICE PELLETS, HAIL    4 = ICE PELLETS
                        TOTAL MONTH:   0.0 INCH    5 = HAIL
                        GRTST 24HR     0.0         6 = FREEZING RAIN OR DRIZZLE
                        GRTST DEPTH:   0           7 = DUSTSTORM OR SANDSTORM:
                                                       VSBY 1/2 MILE OR LESS
                                                   8 = SMOKE OR HAZE
[NO. OF DAYS WITH]      [WEATHER - DAYS WITH]      9 = BLOWING SNOW
                                                   X = TORNADO
MAX 32 OR BELOW:   0    0.01 INCH OR MORE:   5
MAX 90 OR ABOVE:   0    0.10 INCH OR MORE:   3
MIN 32 OR BELOW:   0    0.50 INCH OR MORE:   2
MIN  0 OR BELOW:   0    1.00 INCH OR MORE:   0

[HDD (BASE 65) ]
TOTAL THIS MO.    79    CLEAR  (SCALE 0-3)   0
DPTR FM NORMAL  -117    PTCLDY (SCALE 4-7)   7
TOTAL FM JUL 1  1183    CLOUDY (SCALE 8-10) 11
DPTR FM NORMAL    50

[CDD (BASE 65) ]
TOTAL THIS MO.    43
DPTR FM NORMAL    29    [PRESSURE DATA]
TOTAL FM JAN 1    43    HIGHEST SLP M ON M
DPTR FM NORMAL    17    LOWEST  SLP 29.87 ON 10

[REMARKS]
