000
CXUS51 KBUF 261205
CF6ART
PRELIMINARY LOCAL CLIMATOLOGICAL DATA (WS FORM: F-6)

                                          STATION:   WATERTOWN NY
                                          MONTH:     MAY
                                          YEAR:      2016
                                          LATITUDE:   43 59 N
                                          LONGITUDE:  76  2 W

  TEMPERATURE IN F:       :PCPN:    SNOW:  WIND      :SUNSHINE: SKY     :PK WND
================================================================================
1   2   3   4   5  6A  6B    7    8   9   10  11  12  13   14  15   16   17  18
                                     12Z  AVG MX 2MIN
DY MAX MIN AVG DEP HDD CDD  WTR  SNW DPTH SPD SPD DIR MIN PSBL S-S WX    SPD DR
================================================================================

 1  51  45  48  -2  17   0 0.29    M    M  5.7 13 130   M    M  10 1      19 120
 2  50  35  43  -7  22   0 0.37    M    M  6.2 15 340   M    M   9 12     17 340
 3  62  35  49  -2  16   0 0.00    M    M  5.1 14  60   M    M   7 12     19  80
 4  61  46  54   3  11   0 0.09    M    M  3.8 16  50   M    M   9 12     19  40
 5  63  42  53   2  12   0 0.00999.0    M  9.0 21  50   M    M   7 1      26  40
 6  66  36  51  -1  14   0 0.06    M    M  8.1 23  40   M    M   3 1      31  60
 7  66  45  56   4   9   0 0.07    M    M  5.3 18 260   M    M   5 12     22 270
 8  58  37  48  -4  17   0 0.07    M    M 12.0 24 350   M    M   8 1      32 260
 9  51  30  41 -11  24   0    T    M    M  8.5 21 240   M    M   2 12     30 260
10  60  26  43 -10  22   0 0.00    M    M  4.6 12 230   M    M   0 8      16 280
11  72  31  52  -1  13   0 0.00    M    M  5.5 16  10   M    M   0        20 360
12  82  36  59   5   6   0 0.00    M    M  4.2 12 260   M    M   2 8      13 190
13  71  48  60   6   5   0 0.24    M    M 11.9 21 240   M    M   4 18     34 230
14  68  46  57   3   8   0 0.05    M    M 11.0 28 250   M    M   8 18     43 260
15  46  39  43 -11  22   0 0.15    M    M 16.0 26 260   M    M  10 1      37 260
16  52  39  46  -9  19   0 0.01    M    M 13.4 26 290   M    M   7        38 230
17  59  37  48  -7  17   0 0.00    M    M  6.0 20 260   M    M   1 1      23 260
18  62  32  47  -8  18   0 0.00    M    M  4.0 12 360   M    M   2 1      15 350
19  64  41  53  -3  12   0 0.00    M    M  4.0 17 260   M    M   5        21 260
20  67  36  52  -4  13   0 0.00    M    M  5.2 14 280   M    M   0        16 270
21  69  37  53  -3  12   0 0.00    M    M  4.4 10 210   M    M   2        16 220
22  75  48  62   6   3   0 0.00    M    M  5.1 16 340   M    M   1        20 350
23  78  41  60   3   5   0 0.00    M    M  5.2 14 260   M    M   0 18     19 260
24  75  42  59   2   6   0 0.00    M    M  5.1 18 260   M    M   0        22 260
25  75  53  64   7   1   0 0.00    M    M  6.9 17 220   M    M   1        24 220
================================================================================
SM 1603  983       324   0  1.40   999.0 176.2          M      103
================================================================================
AV 64.1 39.3                               7.0 FASTST   M    M   4    MAX(MPH)
                                 MISC ---->  # 28 250               # 43  260
================================================================================
NOTES:
# LAST OF SEVERAL OCCURRENCES

COLUMN 17 PEAK WIND IN M.P.H.

PRELIMINARY LOCAL CLIMATOLOGICAL DATA (WS FORM: F-6) , PAGE 2

                                          STATION:  WATERTOWN NY
                                          MONTH:    MAY
                                          YEAR:     2016
                                          LATITUDE:   43 59 N
                                          LONGITUDE:  76  2 W

[TEMPERATURE DATA]      [PRECIPITATION DATA]       SYMBOLS USED IN COLUMN 16

AVERAGE MONTHLY: 51.7   TOTAL FOR MONTH:   1.40    1 = FOG OR MIST
DPTR FM NORMAL:  -2.0   DPTR FM NORMAL:   -1.05    2 = FOG REDUCING VISIBILITY
HIGHEST:    82 ON 12    GRTST 24HR  0.45 ON  1- 2      TO 1/4 MILE OR LESS
LOWEST:     26 ON 10                               3 = THUNDER
                        SNOW, ICE PELLETS, HAIL    4 = ICE PELLETS
                        TOTAL MONTH: 999.0 INCHES  5 = HAIL
                        GRTST 24HR 999.0 ON  5- 5  6 = FREEZING RAIN OR DRIZZLE
                        GRTST DEPTH:  M  ON   M    7 = DUSTSTORM OR SANDSTORM:
                                                       VSBY 1/2 MILE OR LESS
                                                   8 = SMOKE OR HAZE
[NO. OF DAYS WITH]      [WEATHER - DAYS WITH]      9 = BLOWING SNOW
                                                   X = TORNADO
MAX 32 OR BELOW:   0    0.01 INCH OR MORE:  10
MAX 90 OR ABOVE:   0    0.10 INCH OR MORE:   4
MIN 32 OR BELOW:   4    0.50 INCH OR MORE:   0
MIN  0 OR BELOW:   0    1.00 INCH OR MORE:   0

[HDD (BASE 65) ]
TOTAL THIS MO.   324    CLEAR  (SCALE 0-3)  13
DPTR FM NORMAL    35    PTCLDY (SCALE 4-7)   7
TOTAL FM JUL 1  6640    CLOUDY (SCALE 8-10)  5
DPTR FM NORMAL  -792

[CDD (BASE 65) ]
TOTAL THIS MO.     0
DPTR FM NORMAL    -2    [PRESSURE DATA]
TOTAL FM JAN 1     0    HIGHEST SLP M ON M
DPTR FM NORMAL    -3    LOWEST  SLP 29.52 ON 14

[REMARKS]
