000
CXUS51 KBUF 281019
CF6ART
PRELIMINARY LOCAL CLIMATOLOGICAL DATA (WS FORM: F-6)

                                          STATION:   WATERTOWN NY
                                          MONTH:     JULY
                                          YEAR:      2015
                                          LATITUDE:   43 59 N
                                          LONGITUDE:  76  2 W

  TEMPERATURE IN F:       :PCPN:    SNOW:  WIND      :SUNSHINE: SKY     :PK WND
================================================================================
1   2   3   4   5  6A  6B    7    8   9   10  11  12  13   14  15   16   17  18
                                     12Z  AVG MX 2MIN
DY MAX MIN AVG DEP HDD CDD  WTR  SNW DPTH SPD SPD DIR MIN PSBL S-S WX    SPD DR
================================================================================

 1  68  56  62  -5   3   0 0.41  0.0    0  7.5 21 220   M    M   8 1238   28 230
 2  68  49  59  -9   6   0 0.00    M    M  5.6 15 270   M    M   2 1      21 260
 3  72  43  58 -10   7   0 0.00    M    M  4.0 13 260   M    M   0        16 270
 4  76  52  64  -4   1   0 0.08    M    M  4.8 13 260   M    M   4 18     16 270
 5  75  55  65  -3   0   0 0.00    M    M  6.0 13 270   M    M   1 18     16 260
 6  85  51  68   0   0   3 0.00    M    M  3.6 12 210   M    M   0 18     20 260
 7  85  70  78  10   0  13 0.18    M    M  8.7 26 260   M    M   3 18     36 260
 8  74  56  65  -3   0   0 0.19    M    M  6.9 18  10   M    M   4 1      25 360
 9  68  53  61  -7   4   0 0.01    M    M  1.7  7 210   M    M   5 128     9 210
10  74  53  64  -5   1   0 0.00    M    M  6.4 15 270   M    M   2 128    18 260
11  76  58  67  -2   0   2 0.00    M    M  7.2 15 240   M    M   0        21 220
12  79  58  69   0   0   4 0.00    M    M  5.5 12 240   M    M   0 1      16 220
13  86  55  71   2   0   6 0.00    M    M  3.7 12 260   M    M   2 18     14 260
14  81  63  72   3   0   7 0.09    M    M  7.7 22  20   M    M   5 18     31 360
15  71  47  59 -10   6   0 0.00    M    M 12.0 24  20   M    M   5        32  20
16  75  42  59 -10   6   0 0.00    M    M  3.9 14  30   M    M   0 1      17  40
17  76  45  61  -8   4   0 0.16    M    M  5.4 13 190   M    M   4 18     23 180
18  80  69  75   6   0  10 0.01    M    M  6.2 15 270   M    M   5 18     18 260
19  84  71  78   9   0  13 0.00    M    M  8.8 20 220   M    M   2 18     27 220
20  79  63  71   2   0   6 0.00    M    M  6.8 15 220   M    M   1 1      20 230
21  74  61  68  -1   0   3 0.21    M    M  8.3 18 220   M    M   4 18     26 230
22  72  59  66  -3   0   1 0.00    M    M  8.9 18 250   M    M   7        30 260
23  75  58  67  -2   0   2 0.00    M    M  6.9 16 220   M    M   5        21 260
24  77  55  66  -3   0   1 0.00    M    M  7.0 18 230   M    M   5        22 230
25  78  62  70   1   0   5 0.05    M    M  7.0 14 240   M    M   1 1      19 230
26  79  59  69   0   0   4    T    M    M  5.8 14 270   M    M   3 128    17 260
27  84  57  71   2   0   6 0.00    M    M  5.2 14 260   M    M   1 128    17 260
================================================================================
SM 2071 1520        38  86  1.39     0.0 171.5          M       79
================================================================================
AV 76.7 56.3                               6.4 FASTST   M    M   3    MAX(MPH)
                                 MISC ---->  # 26 260               # 36  260
================================================================================
NOTES:
# LAST OF SEVERAL OCCURRENCES

COLUMN 17 PEAK WIND IN M.P.H.

PRELIMINARY LOCAL CLIMATOLOGICAL DATA (WS FORM: F-6) , PAGE 2

                                          STATION:  WATERTOWN NY
                                          MONTH:    JULY
                                          YEAR:     2015
                                          LATITUDE:   43 59 N
                                          LONGITUDE:  76  2 W

[TEMPERATURE DATA]      [PRECIPITATION DATA]       SYMBOLS USED IN COLUMN 16

AVERAGE MONTHLY: 66.5   TOTAL FOR MONTH:   1.39    1 = FOG OR MIST
DPTR FM NORMAL:  -2.1   DPTR FM NORMAL:   -0.89    2 = FOG REDUCING VISIBILITY
HIGHEST:    86 ON 13    GRTST 24HR  0.47 ON 30- 1      TO 1/4 MILE OR LESS
LOWEST:     42 ON 16                               3 = THUNDER
                        SNOW, ICE PELLETS, HAIL    4 = ICE PELLETS
                        TOTAL MONTH:   0.0 INCH    5 = HAIL
                        GRTST 24HR     0.0         6 = FREEZING RAIN OR DRIZZLE
                        GRTST DEPTH:   0           7 = DUSTSTORM OR SANDSTORM:
                                                       VSBY 1/2 MILE OR LESS
                                                   8 = SMOKE OR HAZE
[NO. OF DAYS WITH]      [WEATHER - DAYS WITH]      9 = BLOWING SNOW
                                                   X = TORNADO
MAX 32 OR BELOW:   0    0.01 INCH OR MORE:  10
MAX 90 OR ABOVE:   0    0.10 INCH OR MORE:   5
MIN 32 OR BELOW:   0    0.50 INCH OR MORE:   0
MIN  0 OR BELOW:   0    1.00 INCH OR MORE:   0

[HDD (BASE 65) ]
TOTAL THIS MO.    38    CLEAR  (SCALE 0-3)  15
DPTR FM NORMAL    10    PTCLDY (SCALE 4-7)  11
TOTAL FM JUL 1    38    CLOUDY (SCALE 8-10)  1
DPTR FM NORMAL    10

[CDD (BASE 65) ]
TOTAL THIS MO.    86
DPTR FM NORMAL   -38    [PRESSURE DATA]
TOTAL FM JAN 1   163    HIGHEST SLP M ON M
DPTR FM NORMAL   -34    LOWEST  SLP 29.50 ON 14

[REMARKS]
