000
CXUS51 KBUF 291205
CF6ART
PRELIMINARY LOCAL CLIMATOLOGICAL DATA (WS FORM: F-6)

                                          STATION:   WATERTOWN NY
                                          MONTH:     APRIL
                                          YEAR:      2016
                                          LATITUDE:   43 59 N
                                          LONGITUDE:  76  2 W

  TEMPERATURE IN F:       :PCPN:    SNOW:  WIND      :SUNSHINE: SKY     :PK WND
================================================================================
1   2   3   4   5  6A  6B    7    8   9   10  11  12  13   14  15   16   17  18
                                     12Z  AVG MX 2MIN
DY MAX MIN AVG DEP HDD CDD  WTR  SNW DPTH SPD SPD DIR MIN PSBL S-S WX    SPD DR
================================================================================

 1  66  39  53  15  12   0 0.25    M    M 10.4 30 270   M    M   8 1      39 280
 2  43  30  37  -1  28   0 0.07    M    M  9.9 25 230   M    M   6 18     35 230
 3  30  20  25 -13  40   0    T    M    M 14.4 28 260   M    M   8 18     37 260
 4  30  13  22 -17  43   0    T    M    M 12.7 28  40   M    M   7 18     34  50
 5  31  12  22 -17  43   0 0.00    M    M  8.5 17 230   M    M   1        23 230
 6  45  23  34  -6  31   0 0.03    M    M  8.7 21 160   M    M   7 128    36 170
 7  52  36  44   4  21   0 0.07    M    M 12.2 23 160   M    M   9        37 170
 8  36  28  32  -9  33   0    T    M    M 14.7 23 230   M    M  10 1      33 230
 9  36  16  26 -15  39   0 0.00    M    M  7.8 16 330   M    M   1        22 320
10  36  12  24 -18  41   0    T    M    M  4.9 16 270   M    M   3 18     23 180
11  52  33  43   1  22   0 0.31    M    M 11.6 18 180   M    M  10 1      31 170
12  51  34  43   1  22   0 0.08    M    M 11.8 24 230   M    M   7 1      34 260
13  46  23  35  -8  30   0 0.00    M    M  5.8 15  30   M    M   2        22  30
14  55  21  38  -5  27   0 0.00    M    M  7.5 16 360   M    M   0        20  20
15  63  26  45   1  20   0 0.00    M    M  6.1 14 360   M    M   0        16  10
16  67  30  49   5  16   0 0.00    M    M  6.5 16  20   M    M   0        20  40
17  68  31  50   5  15   0 0.00    M    M  4.7 13 260   M    M   0        17 230
18  68  32  50   5  15   0    T    M    M  5.9 18  30   M    M   2        23  60
19  60  30  45   0  20   0 0.02    M    M  8.9 21 310   M    M   3 1      29 320
20  61  27  44  -2  21   0 0.00    M    M  4.2 13 270   M    M   0        16  60
21  74  26  50   4  15   0 0.01    M    M  6.8 15 230   M    M   4        20 210
22  65  45  55   8  10   0 0.01    M    M 10.8 20  20   M    M   9 8      25 230
23  55  27  41  -6  24   0 0.00    M    M 10.5 21  10   M    M   3        26 340
24  51  26  39  -8  26   0 0.00    M    M  5.4 13 260   M    M   4        17 260
25  51  39  45  -3  20   0    T    M    M  8.0 17  50   M    M  10        20  50
26  46  29  38 -10  27   0 0.29    M    M 12.9 24  60   M    M   6 1      30  60
27  47  23  35 -13  30   0 0.00    M    M  6.1 17 260   M    M   0 1      22 270
28  51  21  36 -13  29   0 0.00    M    M  9.8 16  20   M    M   0        21  40
================================================================================
SM 1436  752       720   0  1.14    M    247.5          M      120
================================================================================
AV 51.3 26.9                               8.8 FASTST   M    M   4    MAX(MPH)
                                 MISC ---->  # 30 270               # 39  280
================================================================================
NOTES:
# LAST OF SEVERAL OCCURRENCES

COLUMN 17 PEAK WIND IN M.P.H.

PRELIMINARY LOCAL CLIMATOLOGICAL DATA (WS FORM: F-6) , PAGE 2

                                          STATION:  WATERTOWN NY
                                          MONTH:    APRIL
                                          YEAR:     2016
                                          LATITUDE:   43 59 N
                                          LONGITUDE:  76  2 W

[TEMPERATURE DATA]      [PRECIPITATION DATA]       SYMBOLS USED IN COLUMN 16

AVERAGE MONTHLY: 39.1   TOTAL FOR MONTH:   1.14    1 = FOG OR MIST
DPTR FM NORMAL:  -4.3   DPTR FM NORMAL:   -1.56    2 = FOG REDUCING VISIBILITY
HIGHEST:    74 ON 21    GRTST 24HR  0.89 ON 31- 1      TO 1/4 MILE OR LESS
LOWEST:     12 ON 10, 5                            3 = THUNDER
                        SNOW, ICE PELLETS, HAIL    4 = ICE PELLETS
                        TOTAL MONTH:    M          5 = HAIL
                        GRTST 24HR    M  ON   M    6 = FREEZING RAIN OR DRIZZLE
                        GRTST DEPTH:  M  ON   M    7 = DUSTSTORM OR SANDSTORM:
                                                       VSBY 1/2 MILE OR LESS
                                                   8 = SMOKE OR HAZE
[NO. OF DAYS WITH]      [WEATHER - DAYS WITH]      9 = BLOWING SNOW
                                                   X = TORNADO
MAX 32 OR BELOW:   3    0.01 INCH OR MORE:  10
MAX 90 OR ABOVE:   0    0.10 INCH OR MORE:   3
MIN 32 OR BELOW:  22    0.50 INCH OR MORE:   0
MIN  0 OR BELOW:   0    1.00 INCH OR MORE:   0

[HDD (BASE 65) ]
TOTAL THIS MO.   720    CLEAR  (SCALE 0-3)  13
DPTR FM NORMAL   116    PTCLDY (SCALE 4-7)   9
TOTAL FM JUL 1  6279    CLOUDY (SCALE 8-10)  6
DPTR FM NORMAL  -832

[CDD (BASE 65) ]
TOTAL THIS MO.     0
DPTR FM NORMAL     0    [PRESSURE DATA]
TOTAL FM JAN 1     0    HIGHEST SLP M ON M
DPTR FM NORMAL     0    LOWEST  SLP 29.34 ON  7

[REMARKS]
