000
CXUS53 KARX 230930
CF6ARX
PRELIMINARY LOCAL CLIMATOLOGICAL DATA (WS FORM: F-6)

                                          STATION:   La Crosse Weather Office WI
                                          MONTH:     MAY
                                          YEAR:      2017
                                          LATITUDE:   43 49 N
                                          LONGITUDE:  91 12 W

  TEMPERATURE IN F:       :PCPN:    SNOW:  WIND      :SUNSHINE: SKY     :PK WND
================================================================================
1   2   3   4   5  6A  6B    7    8   9   10  11  12  13   14  15   16   17  18
                                     12Z  AVG MX 2MIN
DY MAX MIN AVG DEP HDD CDD  WTR  SNW DPTH SPD SPD DIR MIN PSBL S-S WX    SPD DR
================================================================================

 1  39  31  35 -17  30   0 0.86  0.2    0   M   M   M   M    M   M        25  M
 2  54  35  45  -8  20   0 0.01  0.0    0   M   M   M   M    M   M        29  M
 3  63  38  51  -2  14   0 0.00  0.0    0   M   M   M   M    M   M        19  M
 4  65  45  55   2  10   0 0.00  0.0    0   M   M   M   M    M   M        22  M
 5  67  44  56   2   9   0 0.02  0.0    0   M   M   M   M    M   M        31  M
 6  62  44  53  -1  12   0 0.00  0.0    0   M   M   M   M    M   M        24  M
 7  61  40  51  -3  14   0 0.00  0.0    0   M   M   M   M    M   M        15  M
 8  65  38  52  -3  13   0 0.20  0.0    0   M   M   M   M    M   M 3      18  M
 9  59  44  52  -3  13   0 0.10  0.0    0   M   M   M   M    M   M 1      11  M
10  64  50  57   2   8   0 0.07  0.0    0   M   M   M   M    M   M        14  M
11  67  46  57   2   8   0 0.00  0.0    0   M   M   M   M    M   M 12     15 310
12  69  47  58   2   7   0    T  0.0    0   M   M   M   M    M   M        18  M
13  77  58  68  12   0   3 0.00  0.0    0   M   M   M   M    M   M        23 300
14  79  53  66  10   0   1 0.00  0.0    0   M   M   M   M    M   M        22 120
15  72  50  61   5   4   0 0.69  0.0    0   M   M   M   M    M   M 3      28  M
16  81  58  70  13   0   5 1.08  0.0    0   M   M   M   M    M   M 3      30  M
17  74  56  65   8   0   0 1.06  0.0    0   M   M   M   M    M   M 3      30 210
18  58  41  50  -7  15   0 0.00  0.0    0   M   M   M   M    M   M        23  M
19  49  38  44 -14  21   0 0.03  0.0    0   M   M   M   M    M   M        25  M
20  50  41  46 -12  19   0 0.90  0.0    0   M   M   M   M    M   M        26  M
21  51  34  43 -15  22   0 0.02  0.0    0   M   M   M   M    M   M        26  M
22  67  41  54  -4  11   0 0.27  0.0    0   M   M   M   M    M   M        23  M
================================================================================
SM 1393  972       250   9  5.31     0.2     M          M        M
================================================================================
AV 63.3 44.2                                 M FASTST   M    M   4    MAX(MPH)
                                 MISC ---->     M   M                 31    M
================================================================================
NOTES:
# LAST OF SEVERAL OCCURRENCES

COLUMN 17 PEAK WIND IN M.P.H.

PRELIMINARY LOCAL CLIMATOLOGICAL DATA (WS FORM: F-6) , PAGE 2

                                          STATION:  La Crosse Weather Office WI
                                          MONTH:    MAY
                                          YEAR:     2017
                                          LATITUDE:   43 49 N
                                          LONGITUDE:  91 12 W

[TEMPERATURE DATA]      [PRECIPITATION DATA]       SYMBOLS USED IN COLUMN 16

AVERAGE MONTHLY: 53.8   TOTAL FOR MONTH:   5.31    1 = FOG OR MIST
DPTR FM NORMAL:  -1.7   DPTR FM NORMAL:    2.55    2 = FOG REDUCING VISIBILITY
HIGHEST:    81 ON 16    GRTST 24HR  1.08 ON 16-16      TO 1/4 MILE OR LESS
LOWEST:     31 ON  1                               3 = THUNDER
                        SNOW, ICE PELLETS, HAIL    4 = ICE PELLETS
                        TOTAL MONTH:   0.2 INCH    5 = HAIL
                        GRTST 24HR   0.2 ON  1- 1  6 = FREEZING RAIN OR DRIZZLE
                        GRTST DEPTH:   0           7 = DUSTSTORM OR SANDSTORM:
                                                       VSBY 1/2 MILE OR LESS
                                                   8 = SMOKE OR HAZE
[NO. OF DAYS WITH]      [WEATHER - DAYS WITH]      9 = BLOWING SNOW
                                                   X = TORNADO
MAX 32 OR BELOW:   0    0.01 INCH OR MORE:  13
MAX 90 OR ABOVE:   0    0.10 INCH OR MORE:   8
MIN 32 OR BELOW:   1    0.50 INCH OR MORE:   5
MIN  0 OR BELOW:   0    1.00 INCH OR MORE:   2

[HDD (BASE 65) ]
TOTAL THIS MO.   250    CLEAR  (SCALE 0-3)   0
DPTR FM NORMAL    34    PTCLDY (SCALE 4-7)   0
TOTAL FM JUL 1  6624    CLOUDY (SCALE 8-10)  0
DPTR FM NORMAL  -983

[CDD (BASE 65) ]
TOTAL THIS MO.     9
DPTR FM NORMAL     4    [PRESSURE DATA]
TOTAL FM JAN 1     9    HIGHEST SLP M ON M
DPTR FM NORMAL     3    LOWEST  SLP M ON M

[REMARKS]
