000
CXUS53 KARX 200930
CF6ARX
PRELIMINARY LOCAL CLIMATOLOGICAL DATA (WS FORM: F-6)

                                          STATION:   La Crosse Weather Office WI
                                          MONTH:     JANUARY
                                          YEAR:      2017
                                          LATITUDE:   43 49 N
                                          LONGITUDE:  91 12 W

  TEMPERATURE IN F:       :PCPN:    SNOW:  WIND      :SUNSHINE: SKY     :PK WND
================================================================================
1   2   3   4   5  6A  6B    7    8   9   10  11  12  13   14  15   16   17  18
                                     12Z  AVG MX 2MIN
DY MAX MIN AVG DEP HDD CDD  WTR  SNW DPTH SPD SPD DIR MIN PSBL S-S WX    SPD DR
================================================================================

 1  32  18  25   9  40   0 0.00  0.0    4   M   M   M   M    M   M        22  M
 2  32  26  29  13  36   0 0.21  0.2    4   M   M   M   M    M   M 14     19  M
 3  32   2  17   1  48   0 0.01    T    4   M   M   M   M    M   M 12      M  M
 4   2  -5  -1 -17  66   0 0.00  0.0    3   M   M   M   M    M   M         M  M
 5  -2  -7  -4 -20  69   0    T    T    3   M   M   M   M    M   M         M  M
 6   2 -13  -5 -21  70   0    T    T    3   M   M   M   M    M   M        13  M
 7   6  -5   1 -15  64   0    T    T    3   M   M   M   M    M   M        20  M
 8  14  -5   5 -11  60   0    T  0.1    3   M   M   M   M    M   M        29  M
 9  24  14  19   3  46   0 0.15  1.4    3   M   M   M   M    M   M 4      34  M
10  33   6  20   4  45   0 0.75  4.0    4   M   M   M   M    M   M 46     26  M
11  12   5   9  -7  56   0    T    T    7   M   M   M   M    M   M        16  M
12  15   0   8  -7  57   0 0.00  0.0    7   M   M   M   M    M   M        24  M
13   9  -5   2 -13  63   0 0.00  0.0    7   M   M   M   M    M   M        14  M
14  22   7  15   0  50   0 0.00  0.0    7   M   M   M   M    M   M        11  M
15  29   7  18   3  47   0 0.00  0.0    7   M   M   M   M    M   M 1      13  M
16  30  23  27  12  38   0 0.40  0.0    7   M   M   M   M    M   M 16     11  M
17  31  30  31  16  34   0 0.06  0.2    7   M   M   M   M    M   M 6       M  M
18  33  27  30  15  35   0 0.00  0.0    6   M   M   M   M    M   M 1      26  M
19  37  29  33  18  32   0 0.12  0.0    6   M   M   M   M    M   M 12     22 170
================================================================================
SM  393  154       956   0  1.70     5.9     M          M        M
================================================================================
AV 20.7  8.1                                 M FASTST   M    M   6    MAX(MPH)
                                 MISC ---->     M   M                 34    M
================================================================================
NOTES:
# LAST OF SEVERAL OCCURRENCES

COLUMN 17 PEAK WIND IN M.P.H.

PRELIMINARY LOCAL CLIMATOLOGICAL DATA (WS FORM: F-6) , PAGE 2

                                          STATION:  La Crosse Weather Office WI
                                          MONTH:    JANUARY
                                          YEAR:     2017
                                          LATITUDE:   43 49 N
                                          LONGITUDE:  91 12 W

[TEMPERATURE DATA]      [PRECIPITATION DATA]       SYMBOLS USED IN COLUMN 16

AVERAGE MONTHLY: 14.4   TOTAL FOR MONTH:   1.70    1 = FOG OR MIST
DPTR FM NORMAL:  -1.2   DPTR FM NORMAL:    1.10    2 = FOG REDUCING VISIBILITY
HIGHEST:    37 ON 19    GRTST 24HR  0.75 ON 10-10      TO 1/4 MILE OR LESS
LOWEST:    -13 ON  6                               3 = THUNDER
                        SNOW, ICE PELLETS, HAIL    4 = ICE PELLETS
                        TOTAL MONTH:   5.9 INCHES  5 = HAIL
                        GRTST 24HR   4.0 ON 10-10  6 = FREEZING RAIN OR DRIZZLE
                        GRTST DEPTH:   7 ON 17,16  7 = DUSTSTORM OR SANDSTORM:
                                                       VSBY 1/2 MILE OR LESS
                                                   8 = SMOKE OR HAZE
[NO. OF DAYS WITH]      [WEATHER - DAYS WITH]      9 = BLOWING SNOW
                                                   X = TORNADO
MAX 32 OR BELOW:  16    0.01 INCH OR MORE:   7
MAX 90 OR ABOVE:   0    0.10 INCH OR MORE:   5
MIN 32 OR BELOW:  19    0.50 INCH OR MORE:   1
MIN  0 OR BELOW:   7    1.00 INCH OR MORE:   0

[HDD (BASE 65) ]
TOTAL THIS MO.   956    CLEAR  (SCALE 0-3)   0
DPTR FM NORMAL    18    PTCLDY (SCALE 4-7)   0
TOTAL FM JUL 1  3469    CLOUDY (SCALE 8-10)  0
DPTR FM NORMAL  -508

[CDD (BASE 65) ]
TOTAL THIS MO.     0
DPTR FM NORMAL     0    [PRESSURE DATA]
TOTAL FM JAN 1     0    HIGHEST SLP M ON M
DPTR FM NORMAL     0    LOWEST  SLP M ON M

[REMARKS]
