000
CXUS53 KARX 300930
CF6ARX
PRELIMINARY LOCAL CLIMATOLOGICAL DATA (WS FORM: F-6)

                                          STATION:   La Crosse Weather Office WI
                                          MONTH:     JUNE
                                          YEAR:      2015
                                          LATITUDE:   43 49 N
                                          LONGITUDE:  91 12 W

  TEMPERATURE IN F:       :PCPN:    SNOW:  WIND      :SUNSHINE: SKY     :PK WND
================================================================================
1   2   3   4   5  6A  6B    7    8   9   10  11  12  13   14  15   16   17  18
                                     12Z  AVG MX 2MIN
DY MAX MIN AVG DEP HDD CDD  WTR  SNW DPTH SPD SPD DIR MIN PSBL S-S WX    SPD DR
================================================================================

 1  67  39  53  -9  12   0 0.00  0.0    0   M   M   M   M    M   M        19  M
 2  70  48  59  -3   6   0 0.00  0.0    0   M   M   M   M    M   M        21  M
 3  73  56  65   3   0   0 0.24  0.0    0   M   M   M   M    M   M        25  M
 4  74  60  67   4   0   2 0.00  0.0    0   M   M   M   M    M   M        15  M
 5  71  57  64   1   1   0 0.00  0.0    0   M   M   M   M    M   M 1      19  M
 6  74  49  62  -1   3   0 0.00  0.0    0   M   M   M   M    M   M        29  M
 7  79  63  71   7   0   6 0.47  0.0    0   M   M   M   M    M   M 13     33  M
 8  76  59  68   4   0   3 0.00  0.0    0   M   M   M   M    M   M        23  M
 9  90  60  75  11   0  10    T  0.0    0   M   M   M   M    M   M        14  M
10  77  63  70   5   0   5 0.00  0.0    0   M   M   M   M    M   M        21  M
11  64  55  60  -5   5   0 1.61  0.0    0   M   M   M   M    M   M        30  90
12  72  54  63  -2   2   0 0.12  0.0    0   M   M   M   M    M   M 1      23  60
13  72  55  64  -2   1   0 0.05  0.0    0   M   M   M   M    M   M 1      15 130
14  80  63  72   6   0   7 0.00  0.0    0   M   M   M   M    M   M 1      13 200
15  72  60  66   0   0   1 0.60  0.0    0   M   M   M   M    M   M 123    15  M
16  74  55  65  -2   0   0 0.00  0.0    0   M   M   M   M    M   M        11  M
17  74  58  66  -1   0   1 0.00  0.0    0   M   M   M   M    M   M        22  M
18  75  62  69   2   0   4 0.00  0.0    0   M   M   M   M    M   M        19  M
19  76  53  65  -3   0   0 0.00  0.0    0   M   M   M   M    M   M        19  M
20  75  57  66  -2   0   1 0.16  0.0    0   M   M   M   M    M   M 3      39  M
21  84  63  74   6   0   9 0.00  0.0    0   M   M   M   M    M   M        19  M
22  80  63  72   4   0   7 0.68  0.0    0   M   M   M   M    M   M 3      35 215
23  75  59  67  -2   0   2 0.00  0.0    0   M   M   M   M    M   M        24 330
24  77  59  68  -1   0   3 0.00  0.0    0   M   M   M   M    M   M        16 160
25  80  60  70   1   0   5 0.00  0.0    0   M   M   M   M    M   M        15  20
26  76  58  67  -2   0   2 0.00  0.0    0   M   M   M   M    M   M        16  50
27  78  58  68  -2   0   3 0.00  0.0    0   M   M   M   M    M   M 12     14 100
28  74  59  67  -3   0   2 0.08  0.0    0   M   M   M   M    M   M 12     18 160
29  77  58  68  -2   0   3 0.31  0.0    0   M   M   M   M    M   M 123    27 300
================================================================================
SM 2186 1663        30  76  4.32     0.0     M          M        M
================================================================================
AV 75.4 57.3                                 M FASTST   M    M   4    MAX(MPH)
                                 MISC ---->     M   M                 39    M
================================================================================
NOTES:
# LAST OF SEVERAL OCCURRENCES

COLUMN 17 PEAK WIND IN M.P.H.

PRELIMINARY LOCAL CLIMATOLOGICAL DATA (WS FORM: F-6) , PAGE 2

                                          STATION:  La Crosse Weather Office WI
                                          MONTH:    JUNE
                                          YEAR:     2015
                                          LATITUDE:   43 49 N
                                          LONGITUDE:  91 12 W

[TEMPERATURE DATA]      [PRECIPITATION DATA]       SYMBOLS USED IN COLUMN 16

AVERAGE MONTHLY: 66.4   TOTAL FOR MONTH:   4.32    1 = FOG OR MIST
DPTR FM NORMAL:   0.2   DPTR FM NORMAL:   -0.28    2 = FOG REDUCING VISIBILITY
HIGHEST:    90 ON  9    GRTST 24HR  1.61 ON 11-11      TO 1/4 MILE OR LESS
LOWEST:     39 ON  1                               3 = THUNDER
                        SNOW, ICE PELLETS, HAIL    4 = ICE PELLETS
                        TOTAL MONTH:   0.0 INCH    5 = HAIL
                        GRTST 24HR     0.0         6 = FREEZING RAIN OR DRIZZLE
                        GRTST DEPTH:   0           7 = DUSTSTORM OR SANDSTORM:
                                                       VSBY 1/2 MILE OR LESS
                                                   8 = SMOKE OR HAZE
[NO. OF DAYS WITH]      [WEATHER - DAYS WITH]      9 = BLOWING SNOW
                                                   X = TORNADO
MAX 32 OR BELOW:   0    0.01 INCH OR MORE:  10
MAX 90 OR ABOVE:   1    0.10 INCH OR MORE:   8
MIN 32 OR BELOW:   0    0.50 INCH OR MORE:   3
MIN  0 OR BELOW:   0    1.00 INCH OR MORE:   1

[HDD (BASE 65) ]
TOTAL THIS MO.    30    CLEAR  (SCALE 0-3)   0
DPTR FM NORMAL   -32    PTCLDY (SCALE 4-7)   0
TOTAL FM JUL 1  7857    CLOUDY (SCALE 8-10)  0
DPTR FM NORMAL   134

[CDD (BASE 65) ]
TOTAL THIS MO.    76
DPTR FM NORMAL   -20    [PRESSURE DATA]
TOTAL FM JAN 1   102    HIGHEST SLP M ON M
DPTR FM NORMAL   -11    LOWEST  SLP M ON M

[REMARKS]
