000
CXUS52 KFFC 211110
CF6ATL
PRELIMINARY LOCAL CLIMATOLOGICAL DATA (WS FORM: F-6)

                                          STATION:   ATLANTA
                                          MONTH:     NOVEMBER
                                          YEAR:      2017
                                          LATITUDE:   33 39 N
                                          LONGITUDE:  84 26 W

  TEMPERATURE IN F:       :PCPN:    SNOW:  WIND      :SUNSHINE: SKY     :PK WND
================================================================================
1   2   3   4   5  6A  6B    7    8   9   10  11  12  13   14  15   16   17  18
                                     12Z  AVG MX 2MIN
DY MAX MIN AVG DEP HDD CDD  WTR  SNW DPTH SPD SPD DIR MIN PSBL S-S WX    SPD DR
================================================================================

 1  71  49  60   1   5   0    T    M    0  3.3 14 180   M    M   6        20 220
 2  75  58  67   9   0   2 0.00  0.0    0  4.0 12 200   M    M   7        16 240
 3  80  59  70  12   0   5    T  0.0    0  2.8 15 330   M    M   4 1      19 320
 4  80  61  71  13   0   6 0.04  0.0    0  2.9 14 290   M    M   6 13     16 310
 5  76  64  70  12   0   5 0.00  0.0    0  4.7  9  80   M    M   8 12     12  40
 6  78  62  70  13   0   5    T  0.0    0  6.1 15 230   M    M   6 1      19 230
 7  79  63  71  14   0   6 0.00  0.0    0  6.8 17 240   M    M   7 12     22 230
 8  67  51  59   2   6   0 0.31  0.0    0  8.1 20 310   M    M  10 1      24 320
 9  55  48  52  -4  13   0 0.39  0.0    0  8.1 14 320   M    M   8 1      18 340
10  64  42  53  -3  12   0 0.00  0.0    0  7.6 14 310   M    M   2        19 300
11  54  42  48  -8  17   0    T    M    0 12.1 22  70   M    M   8        25  80
12  49  44  47  -8  18   0    T  0.0    0  7.9 17  90   M    M   9 1      21 100
13  65  45  55   0  10   0 0.00  0.0    0  8.2 14 340   M    M   4 12     19 340
14  61  41  51  -4  14   0 0.00  0.0    0  6.9 14  80   M    M   4        16  80
15  58  40  49  -5  16   0 0.00  0.0    0  4.7 13 130   M    M   5        17 120
16  67  46  57   3   8   0 0.00  0.0    0  7.8 16 320   M    M   6        20 350
17  66  41  54   0  11   0 0.00  0.0    0  6.4 15 120   M    M   2        20 110
18  69  45  57   4   8   0 0.30  0.0    0  9.5 33 310   M    M   7 1      48 310
19  57  38  48  -5  17   0    T    M    0 15.2 30 320   M    M   3        38 320
20  60  32  46  -7  19   0 0.00  0.0    0  6.2 15 330   M    M   4        18 330
================================================================================
SM 1331  971       174  29  1.04     0.0 139.3          M      116
================================================================================
AV 66.6 48.6                               7.0 FASTST   M    M   6    MAX(MPH)
                                 MISC ---->  # 33 310               # 48  310
================================================================================
NOTES:
# LAST OF SEVERAL OCCURRENCES

COLUMN 17 PEAK WIND IN M.P.H.

PRELIMINARY LOCAL CLIMATOLOGICAL DATA (WS FORM: F-6) , PAGE 2

                                          STATION:  ATLANTA
                                          MONTH:    NOVEMBER
                                          YEAR:     2017
                                          LATITUDE:   33 39 N
                                          LONGITUDE:  84 26 W

[TEMPERATURE DATA]      [PRECIPITATION DATA]       SYMBOLS USED IN COLUMN 16

AVERAGE MONTHLY: 57.6   TOTAL FOR MONTH:   1.04    1 = FOG OR MIST
DPTR FM NORMAL:   1.8   DPTR FM NORMAL:   -1.58    2 = FOG REDUCING VISIBILITY
HIGHEST:    80 ON  4, 3 GRTST 24HR  0.39 ON  9- 9      TO 1/4 MILE OR LESS
LOWEST:     32 ON 20                               3 = THUNDER
                        SNOW, ICE PELLETS, HAIL    4 = ICE PELLETS
                        TOTAL MONTH:   0.0 INCH    5 = HAIL
                        GRTST 24HR     0.0         6 = FREEZING RAIN OR DRIZZLE
                        GRTST DEPTH:   0           7 = DUSTSTORM OR SANDSTORM:
                                                       VSBY 1/2 MILE OR LESS
                                                   8 = SMOKE OR HAZE
[NO. OF DAYS WITH]      [WEATHER - DAYS WITH]      9 = BLOWING SNOW
                                                   X = TORNADO
MAX 32 OR BELOW:   0    0.01 INCH OR MORE:   4
MAX 90 OR ABOVE:   0    0.10 INCH OR MORE:   3
MIN 32 OR BELOW:   1    0.50 INCH OR MORE:   0
MIN  0 OR BELOW:   0    1.00 INCH OR MORE:   0

[HDD (BASE 65) ]
TOTAL THIS MO.   174    CLEAR  (SCALE 0-3)   3
DPTR FM NORMAL   -21    PTCLDY (SCALE 4-7)  14
TOTAL FM JUL 1   285    CLOUDY (SCALE 8-10)  3
DPTR FM NORMAL   -39

[CDD (BASE 65) ]
TOTAL THIS MO.    29
DPTR FM NORMAL    18    [PRESSURE DATA]
TOTAL FM JAN 1  2165    HIGHEST SLP M ON M
DPTR FM NORMAL   282    LOWEST  SLP 29.62 ON 18

[REMARKS]
