304
CXUS55 KABR 221400
CF6ATY
PRELIMINARY LOCAL CLIMATOLOGICAL DATA (WS FORM: F-6)

                                          STATION:   WATERTOWN SD
                                          MONTH:     NOVEMBER
                                          YEAR:      2017
                                          LATITUDE:   44 55 N
                                          LONGITUDE:  97  9 W

  TEMPERATURE IN F:       :PCPN:    SNOW:  WIND      :SUNSHINE: SKY     :PK WND
================================================================================
1   2   3   4   5  6A  6B    7    8   9   10  11  12  13   14  15   16   17  18
                                     12Z  AVG MX 2MIN
DY MAX MIN AVG DEP HDD CDD  WTR  SNW DPTH SPD SPD DIR MIN PSBL S-S WX    SPD DR
================================================================================

 1  41  30  36  -2  29   0 0.00  0.0    0 12.0 23 170   M    M  10        29 170
 2  36  27  32  -6  33   0 0.00  0.0    0 11.6 21 320   M    M  10        25 330
 3  28  25  27 -10  38   0 0.07  1.7    0  9.7 18 100   M    M  10 1      26 100
 4  43  28  36   0  29   0 0.01  0.1    2 10.4 18 320   M    M  10 1      24 320
 5  32  14  23 -13  42   0    T  0.1    0 11.3 23 340   M    M   6 1      26 320
 6  29  13  21 -14  44   0    T    T    0  4.9 12 160   M    M   8 1      14 160
 7  31  21  26  -9  39   0 0.00  0.0    0  9.9 20 230   M    M   7 1      23 220
 8  39  18  29  -5  36   0    T    T    0  9.0 20 360   M    M   2        25 360
 9  20   9  15 -19  50   0    T    T    0 11.0 21 330   M    M   4 1      28 320
10  25  11  18 -15  47   0 0.00  0.0    0 16.8 26 160   M    M   7        37 150
11  46  19  33   1  32   0 0.00  0.0    0  6.9 17 180   M    M   0        24 190
12  45  16  31  -1  34   0 0.00  0.0    0  5.4 10 150   M    M   3 12     13 230
13  49  28  39   8  26   0 0.00  0.0    0 12.7 22 210   M    M   3 12     27 200
14  44  35  40   9  25   0 0.00  0.0    0  9.9 26 330   M    M   9 12     33 330
15  36  14  25  -5  40   0 0.00  0.0    0 14.3 29 300   M    M   6        37 300
16  36  18  27  -3  38   0 0.00  0.0    0 15.1 26 160   M    M   6 1      35 160
17  45  29  37   8  28   0 0.00  0.0    0 10.1 24 170   M    M   5        28 170
18  31  15  23  -5  42   0 0.00  0.0    0 13.0 25 310   M    M   3        33 310
19  48  16  32   4  33   0 0.00  0.0    0 10.0 22 230   M    M   0        26 220
20  54  26  40  13  25   0 0.00  0.0    0 10.7 22 340   M    M   0        29 350
21  32  10  21  -5  44   0    T    T    0 16.5 33 320   M    M   3        43 320
================================================================================
SM  790  422       754   0  0.08     1.9 231.2          M      112
================================================================================
AV 37.6 20.1                              11.0 FASTST   M    M   5    MAX(MPH)
                                 MISC ---->  # 33 320               # 43  320
================================================================================
NOTES:
# LAST OF SEVERAL OCCURRENCES

COLUMN 17 PEAK WIND IN M.P.H.

PRELIMINARY LOCAL CLIMATOLOGICAL DATA (WS FORM: F-6) , PAGE 2

                                          STATION:  WATERTOWN SD
                                          MONTH:    NOVEMBER
                                          YEAR:     2017
                                          LATITUDE:   44 55 N
                                          LONGITUDE:  97  9 W

[TEMPERATURE DATA]      [PRECIPITATION DATA]       SYMBOLS USED IN COLUMN 16

AVERAGE MONTHLY: 28.9   TOTAL FOR MONTH:   0.08    1 = FOG OR MIST
DPTR FM NORMAL:  -3.5   DPTR FM NORMAL:   -0.49    2 = FOG REDUCING VISIBILITY
HIGHEST:    54 ON 20    GRTST 24HR  0.07 ON  3- 3      TO 1/4 MILE OR LESS
LOWEST:      9 ON  9                               3 = THUNDER
                        SNOW, ICE PELLETS, HAIL    4 = ICE PELLETS
                        TOTAL MONTH:   1.9 INCHES  5 = HAIL
                        GRTST 24HR   1.7 ON  3- 3  6 = FREEZING RAIN OR DRIZZLE
                        GRTST DEPTH:   2 ON  4     7 = DUSTSTORM OR SANDSTORM:
                                                       VSBY 1/2 MILE OR LESS
                                                   8 = SMOKE OR HAZE
[NO. OF DAYS WITH]      [WEATHER - DAYS WITH]      9 = BLOWING SNOW
                                                   X = TORNADO
MAX 32 OR BELOW:   8    0.01 INCH OR MORE:   2
MAX 90 OR ABOVE:   0    0.10 INCH OR MORE:   0
MIN 32 OR BELOW:  20    0.50 INCH OR MORE:   0
MIN  0 OR BELOW:   0    1.00 INCH OR MORE:   0

[HDD (BASE 65) ]
TOTAL THIS MO.   754    CLEAR  (SCALE 0-3)   7
DPTR FM NORMAL    70    PTCLDY (SCALE 4-7)   9
TOTAL FM JUL 1  1507    CLOUDY (SCALE 8-10)  5
DPTR FM NORMAL   -61

[CDD (BASE 65) ]
TOTAL THIS MO.     0
DPTR FM NORMAL     0    [PRESSURE DATA]
TOTAL FM JAN 1   440    HIGHEST SLP M ON M
DPTR FM NORMAL   -75    LOWEST  SLP 29.45 ON 20

[REMARKS]
