000
CXUS51 KGYX 221000
CF6AUG
PRELIMINARY LOCAL CLIMATOLOGICAL DATA (WS FORM: F-6)

                                          STATION:   AUGUSTA
                                          MONTH:     NOVEMBER
                                          YEAR:      2017
                                          LATITUDE:   44 18 N
                                          LONGITUDE:  69 48 W

  TEMPERATURE IN F:       :PCPN:    SNOW:  WIND      :SUNSHINE: SKY     :PK WND
================================================================================
1   2   3   4   5  6A  6B    7    8   9   10  11  12  13   14  15   16   17  18
                                     12Z  AVG MX 2MIN
DY MAX MIN AVG DEP HDD CDD  WTR  SNW DPTH SPD SPD DIR MIN PSBL S-S WX    SPD DR
================================================================================

 1  50  33  42  -1  23   0    T  0.0    0  4.1  9 180   M    M   4        13 180
 2  58  46  52   9  13   0 0.03  0.0    0  8.1 18 160   M    M   8 1      25 160
 3  63  43  53  11  12   0 0.04  0.0    0  9.6 22 300   M    M   7 1      34 310
 4  49  37  43   1  22   0 0.00  0.0    0  6.6 14 360   M    M   1        23 310
 5  57  36  47   5  18   0    T  0.0    0  7.3 14 160   M    M   7 1      21 150
 6  60  43  52  11  13   0 0.29  0.0    0  9.5 18 310   M    M   9 1      28 320
 7  44  32  38  -3  27   0 0.00  0.0    0  7.4 15 330   M    M   5        21 330
 8  42  26  34  -7  31   0 0.00  0.0    0  5.5 15  30   M    M   0        19  50
 9  44  23  34  -6  31   0    T  0.0    0  4.5 12 160   M    M   3        16 140
10  45  20  33  -7  32   0 0.07    M    M 15.2 29 270   M    M   3 1      43 300
11  34  20  27 -13  38   0 0.00  0.0    M 10.9 21 340   M    M   0        32 300
12  40  22  31  -8  34   0 0.00  0.0    M  1.2  8 240   M    M   2        12 220
13  34  22  28 -11  37   0 0.01    M    M  3.4  7 320   M    M   7 1       8 330
14  40  29  35  -4  30   0 0.00  0.0    M  7.3 17  30   M    M   8 8      22  40
15  38  27  33  -5  32   0 0.00  0.0    M  4.2 12  30   M    M   6        16  30
16  44  29  37  -1  28   0 0.58  0.0    M  3.0  9  40   M    M   9 1      12  40
17  39  27  33  -5  32   0 0.00  0.0    M 11.5 25 290   M    M   2 1      37 310
18  40  23  32  -5  33   0 0.10  0.0    M  5.0 14 270   M    M   4 1      20 270
19  56  32  44   7  21   0 0.40  0.0    M 11.6 26 300   M    M   9 12     43 280
20  33  21  27  -9  38   0 0.00  0.0    0 10.8 25 260   M    M   3        39 280
21  49  19  34  -2  31   0 0.00  0.0    0  4.7 15 190   M    M   2        23 160
================================================================================
SM  959  610       576   0  1.52     0.0 151.4          M       99
================================================================================
AV 45.7 29.1                               7.2 FASTST   M    M   5    MAX(MPH)
                                 MISC ---->  # 29 270               # 43  300
================================================================================
NOTES:
# LAST OF SEVERAL OCCURRENCES

COLUMN 17 PEAK WIND IN M.P.H.

PRELIMINARY LOCAL CLIMATOLOGICAL DATA (WS FORM: F-6) , PAGE 2

                                          STATION:  AUGUSTA
                                          MONTH:    NOVEMBER
                                          YEAR:     2017
                                          LATITUDE:   44 18 N
                                          LONGITUDE:  69 48 W

[TEMPERATURE DATA]      [PRECIPITATION DATA]       SYMBOLS USED IN COLUMN 16

AVERAGE MONTHLY: 37.4   TOTAL FOR MONTH:   1.52    1 = FOG OR MIST
DPTR FM NORMAL:  -2.3   DPTR FM NORMAL:   -1.61    2 = FOG REDUCING VISIBILITY
HIGHEST:    63 ON  3    GRTST 24HR  0.58 ON 16-16      TO 1/4 MILE OR LESS
LOWEST:     19 ON 21                               3 = THUNDER
                        SNOW, ICE PELLETS, HAIL    4 = ICE PELLETS
                        TOTAL MONTH:   0.0 INCH    5 = HAIL
                        GRTST 24HR     0.0         6 = FREEZING RAIN OR DRIZZLE
                        GRTST DEPTH:   0           7 = DUSTSTORM OR SANDSTORM:
                                                       VSBY 1/2 MILE OR LESS
                                                   8 = SMOKE OR HAZE
[NO. OF DAYS WITH]      [WEATHER - DAYS WITH]      9 = BLOWING SNOW
                                                   X = TORNADO
MAX 32 OR BELOW:   0    0.01 INCH OR MORE:   8
MAX 90 OR ABOVE:   0    0.10 INCH OR MORE:   4
MIN 32 OR BELOW:  15    0.50 INCH OR MORE:   1
MIN  0 OR BELOW:   0    1.00 INCH OR MORE:   0

[HDD (BASE 65) ]
TOTAL THIS MO.   576    CLEAR  (SCALE 0-3)   7
DPTR FM NORMAL    42    PTCLDY (SCALE 4-7)   9
TOTAL FM JUL 1   966    CLOUDY (SCALE 8-10)  5
DPTR FM NORMAL  -303

[CDD (BASE 65) ]
TOTAL THIS MO.     0
DPTR FM NORMAL     0    [PRESSURE DATA]
TOTAL FM JAN 1   446    HIGHEST SLP M ON M
DPTR FM NORMAL    58    LOWEST  SLP 29.00 ON 19

[REMARKS]
