000
CXUS53 KARX 200930
CF6AUM
PRELIMINARY LOCAL CLIMATOLOGICAL DATA (WS FORM: F-6)

                                          STATION:   AUSTIN_MUNI MN
                                          MONTH:     APRIL
                                          YEAR:      2014
                                          LATITUDE:   43 40 N
                                          LONGITUDE:  92 56 W

  TEMPERATURE IN F:       :PCPN:    SNOW:  WIND      :SUNSHINE: SKY     :PK WND
================================================================================
1   2   3   4   5  6A  6B    7    8   9   10  11  12  13   14  15   16   17  18
                                     12Z  AVG MX 2MIN
DY MAX MIN AVG DEP HDD CDD  WTR  SNW DPTH SPD SPD DIR MIN PSBL S-S WX    SPD DR
================================================================================

 1  34  19  27   M  38   0    T    T    0 16.7 27 230   M    M   9 1      37 230
 2  45  25  35   M  30   0 0.06    T    0  8.5 15  80   M    M   4 4      21  80
 3  34  30  32   M  33   0 0.19  0.0    T 11.5 17  60   M    M  10 16     27  80
 4  37  25  31   M  34   0 0.12    M    1 13.9 23 320   M    M   7        32 320
 5  48  25  37   M  28   0 0.00  0.0    T  7.0 15 230   M    M   1 1      18 230
 6  59  36  48   M  17   0 0.24  0.0    0 10.9 21 220   M    M   5 3      28 240
 7  57  41  49   M  16   0 0.01  0.0    0  5.1 17 340   M    M   6 13     22 310
 8  52  34  43   M  22   0 0.00  0.0    0 10.7 17 340   M    M   2        24 320
 9  68  30  49   M  16   0 0.00  0.0    0 11.2 22 200   M    M   2        32 200
10  57  37  47   M  18   0 0.00  0.0    0 10.7 23 320   M    M   0        36 320
11  64  36  50   M  15   0 0.08  0.0    0  5.3 15 320   M    M   2 3      22 320
12  59  43  51   M  14   0 0.23  0.0    0 11.0 15  50   M    M   6 13     23  40
13  43  30  37   M  28   0    M    M    0 12.7 21 350   M    M  10 1      30  10
14  34  25  30   M  35   0    M    M    M 16.4 23 330   M    M   5        33 350
15  36  19  28   M  37   0 0.00  0.0    M  7.2 12 320   M    M   3        20 320
16  54  30  42   M  23   0 0.04  0.0    0 14.1 22 160   M    M   7        33 160
17  37  28  33   M  32   0 0.00  0.0    0 10.5 22 300   M    M   8 1      28 290
18  55  25  40   M  25   0 0.00  0.0    0  6.3 13 110   M    M   1 1      18 110
19  73  37  55   M  10   0 0.00  0.0    0 13.6 21 190   M    M   4        29 190
================================================================================
SM  946  575       471   0  0.97    T    203.3          M       92
================================================================================
AV 49.8 30.3                              10.7 FASTST   M    M   5    MAX(MPH)
                                 MISC ---->  # 27 230                 37    M
================================================================================
NOTES:
# LAST OF SEVERAL OCCURRENCES

COLUMN 17 PEAK WIND IN M.P.H.

PRELIMINARY LOCAL CLIMATOLOGICAL DATA (WS FORM: F-6) , PAGE 2

                                          STATION:  AUSTIN_MUNI MN
                                          MONTH:    APRIL
                                          YEAR:     2014
                                          LATITUDE:   43 40 N
                                          LONGITUDE:  92 56 W

[TEMPERATURE DATA]      [PRECIPITATION DATA]       SYMBOLS USED IN COLUMN 16

AVERAGE MONTHLY: 40.0   TOTAL FOR MONTH:   0.97    1 = FOG OR MIST
DPTR FM NORMAL:     M   DPTR FM NORMAL:       M    2 = FOG REDUCING VISIBILITY
HIGHEST:    73 ON 19    GRTST 24HR  0.24 ON  6- 6      TO 1/4 MILE OR LESS
LOWEST:     19 ON 15, 1                            3 = THUNDER
                        SNOW, ICE PELLETS, HAIL    4 = ICE PELLETS
                        TOTAL MONTH:    T          5 = HAIL
                        GRTST 24HR    T  ON  2- 2  6 = FREEZING RAIN OR DRIZZLE
                        GRTST DEPTH:   1 ON  4     7 = DUSTSTORM OR SANDSTORM:
                                                       VSBY 1/2 MILE OR LESS
                                                   8 = SMOKE OR HAZE
[NO. OF DAYS WITH]      [WEATHER - DAYS WITH]      9 = BLOWING SNOW
                                                   X = TORNADO
MAX 32 OR BELOW:   0    0.01 INCH OR MORE:   8
MAX 90 OR ABOVE:   0    0.10 INCH OR MORE:   4
MIN 32 OR BELOW:  12    0.50 INCH OR MORE:   0
MIN  0 OR BELOW:   0    1.00 INCH OR MORE:   0

[HDD (BASE 65) ]
TOTAL THIS MO.   471    CLEAR  (SCALE 0-3)   7
DPTR FM NORMAL     M    PTCLDY (SCALE 4-7)   8
TOTAL FM JUL 1  8493    CLOUDY (SCALE 8-10)  4
DPTR FM NORMAL     M

[CDD (BASE 65) ]
TOTAL THIS MO.     0
DPTR FM NORMAL     M    [PRESSURE DATA]
TOTAL FM JAN 1     0    HIGHEST SLP M ON M
DPTR FM NORMAL     M    LOWEST  SLP M ON M

[REMARKS]
