000
CXUS53 KGRB 250728
CF6AUW
PRELIMINARY LOCAL CLIMATOLOGICAL DATA (WS FORM: F-6)

                                          STATION:   WAUSAU WI
                                          MONTH:     SEPTEMBER
                                          YEAR:      2016
                                          LATITUDE:   44 55 N
                                          LONGITUDE:  89 37 W

  TEMPERATURE IN F:       :PCPN:    SNOW:  WIND      :SUNSHINE: SKY     :PK WND
================================================================================
1   2   3   4   5  6A  6B    7    8   9   10  11  12  13   14  15   16   17  18
                                     12Z  AVG MX 2MIN
DY MAX MIN AVG DEP HDD CDD  WTR  SNW DPTH SPD SPD DIR MIN PSBL S-S WX    SPD DR
================================================================================

 1  69  52  61  -3   4   0 0.00  0.0    0  4.7 14  70   M    M   5        20  60
 2  74  47  61  -3   4   0 0.00  0.0    0  4.9 13 160   M    M   0        17 150
 3  74  48  61  -3   4   0 0.00  0.0    0  7.2 15 170   M    M   1        21 170
 4  78  55  67   4   0   2 0.00  0.0    0  9.1 21 180   M    M   2        27 170
 5  80  61  71   8   0   6 0.00  0.0    0  9.2 20 200   M    M   3        26 190
 6  80  67  74  12   0   9 1.05  0.0    0  6.4 17 200   M    M   5 13     24 210
 7  74  66  70   8   0   5 0.37  0.0    0  3.0 12 180   M    M   9 123    18 190
 8  77  55  66   4   0   1 0.00  0.0    0  8.3 20 290   M    M   5 1      26 310
 9  69  52  61   0   4   0 0.27  0.0    0  4.4 14 160   M    M   4 1      17 160
10  69  49  59  -2   6   0 0.17  0.0    0  7.0 25 310   M    M   5 1      36 300
11  73  45  59  -1   6   0 0.00  0.0    0  8.5 17 200   M    M   1        23 180
12  77  52  65   5   0   0 0.00  0.0    0 10.6 21 180   M    M   1        27 180
13  69  55  62   2   3   0 0.30  0.0    0  6.8 16  20   M    M   7 13     24 300
14  68  48  58  -1   7   0 0.00  0.0    0  3.0  8 210   M    M   0        12 150
15  75  48  62   3   3   0 0.00  0.0    0  7.8 16 140   M    M   2 1      22 140
16  71  61  66   8   0   1 0.48  0.0    0  5.5 16 140   M    M   6 1      20 150
17  69  58  64   6   1   0 0.00  0.0    0  8.1 20 290   M    M   7 1      25 290
18  75  52  64   6   1   0 0.00  0.0    0  7.3 15 200   M    M   0        22 190
19  73  57  65   8   0   0 0.07  0.0    0  7.5 20 320   M    M   1        27 300
20  78  50  64   7   1   0    T  0.0    0  4.3 10 270   M    M   2 123    15 240
21  71  57  64   8   1   0 1.20  0.0    0  7.2 21 240   M    M   7 13     32 250
22  70  59  65   9   0   0 0.19  0.0    0  5.9 17 180   M    M   7 1      21 180
23  69  54  62   7   3   0 0.00  0.0    0  8.1 17  80   M    M   4        23  90
24  70  54  62   7   3   0 0.00  0.0    0  9.8 17 150   M    M   7        21 120
================================================================================
SM 1752 1302        51  24  4.10     0.0 164.6          M       91
================================================================================
AV 73.0 54.2                               6.9 FASTST   M    M   4    MAX(MPH)
                                 MISC ---->  # 25 310               # 36  300
================================================================================
NOTES:
# LAST OF SEVERAL OCCURRENCES

COLUMN 17 PEAK WIND IN M.P.H.

PRELIMINARY LOCAL CLIMATOLOGICAL DATA (WS FORM: F-6) , PAGE 2

                                          STATION:  WAUSAU WI
                                          MONTH:    SEPTEMBER
                                          YEAR:     2016
                                          LATITUDE:   44 55 N
                                          LONGITUDE:  89 37 W

[TEMPERATURE DATA]      [PRECIPITATION DATA]       SYMBOLS USED IN COLUMN 16

AVERAGE MONTHLY: 63.6   TOTAL FOR MONTH:   4.10    1 = FOG OR MIST
DPTR FM NORMAL:   3.9   DPTR FM NORMAL:    0.97    2 = FOG REDUCING VISIBILITY
HIGHEST:    80 ON  6, 5 GRTST 24HR  1.40 ON  6- 7      TO 1/4 MILE OR LESS
LOWEST:     45 ON 11                               3 = THUNDER
                        SNOW, ICE PELLETS, HAIL    4 = ICE PELLETS
                        TOTAL MONTH:   0.0 INCH    5 = HAIL
                        GRTST 24HR     0.0         6 = FREEZING RAIN OR DRIZZLE
                        GRTST DEPTH:   0           7 = DUSTSTORM OR SANDSTORM:
                                                       VSBY 1/2 MILE OR LESS
                                                   8 = SMOKE OR HAZE
[NO. OF DAYS WITH]      [WEATHER - DAYS WITH]      9 = BLOWING SNOW
                                                   X = TORNADO
MAX 32 OR BELOW:   0    0.01 INCH OR MORE:   9
MAX 90 OR ABOVE:   0    0.10 INCH OR MORE:   8
MIN 32 OR BELOW:   0    0.50 INCH OR MORE:   2
MIN  0 OR BELOW:   0    1.00 INCH OR MORE:   2

[HDD (BASE 65) ]
TOTAL THIS MO.    51    CLEAR  (SCALE 0-3)  10
DPTR FM NORMAL  -104    PTCLDY (SCALE 4-7)  13
TOTAL FM JUL 1    73    CLOUDY (SCALE 8-10)  1
DPTR FM NORMAL  -148

[CDD (BASE 65) ]
TOTAL THIS MO.    24
DPTR FM NORMAL    -5    [PRESSURE DATA]
TOTAL FM JAN 1   511    HIGHEST SLP M ON M
DPTR FM NORMAL   107    LOWEST  SLP 29.75 ON 10

[REMARKS]
