000
CXUS52 KGSP 280817
CF6AVL
PRELIMINARY LOCAL CLIMATOLOGICAL DATA (WS FORM: F-6)

                                          STATION:   ASHEVILLE NC
                                          MONTH:     JUNE
                                          YEAR:      2017
                                          LATITUDE:   35 25 N
                                          LONGITUDE:  82 33 W

  TEMPERATURE IN F:       :PCPN:    SNOW:  WIND      :SUNSHINE: SKY     :PK WND
================================================================================
1   2   3   4   5  6A  6B    7    8   9   10  11  12  13   14  15   16   17  18
                                     12Z  AVG MX 2MIN
DY MAX MIN AVG DEP HDD CDD  WTR  SNW DPTH SPD SPD DIR MIN PSBL S-S WX    SPD DR
================================================================================

 1  80  55  68   1   0   3 0.00  0.0    0  4.7 14 340   M    M   1        23 330
 2  82  57  70   3   0   5 0.00  0.0    0  6.6 17 350   M    M   1        22 340
 3  85  58  72   4   0   7 0.00  0.0    0  3.5 15 360   M    M   1 3      20 340
 4  76  59  68   0   0   3 0.09  0.0    0  2.7 14 210   M    M   7 13     19 200
 5  84  65  75   7   0  10 0.37  0.0    0  5.6 22 340   M    M   9 13     29 340
 6  80  63  72   4   0   7    T  0.0    0 11.1 20 340   M    M   2        29 340
 7  75  58  67  -2   0   2    T  0.0    0  4.7 18  30   M    M   5        30 120
 8  72  59  66  -3   0   1 0.07  0.0    0  3.3 10 180   M    M   9        15 350
 9  79  56  68  -1   0   3 0.00  0.0    0  4.3 12 330   M    M   6 18     14 330
10  83  55  69   0   0   4    T  0.0    0  4.9 15 170   M    M   3        20 200
11  82  58  70   0   0   5 0.00  0.0    0  3.8 14 180   M    M   1        18 160
12  84  63  74   4   0   9    T  0.0    0  3.0 14 160   M    M   4 3      19 170
13  86  64  75   5   0  10 0.25  0.0    0  5.5 22 180   M    M   3 3      29 180
14  87  64  76   6   0  11 0.27  0.0    0  6.9 20 330   M    M   4 138    29 340
15  85  64  75   5   0  10    T  0.0    0  5.1 14 320   M    M   3 138    23 310
16  83  65  74   3   0   9 0.02  0.0    0  5.2 16 340   M    M   5 138    23 330
17  83  64  74   3   0   9 0.00  0.0    0  4.5 14 200   M    M   7 18     18 160
18  84  65  75   4   0  10 0.02  0.0    0  7.7 22 190   M    M   6 12     31 200
19  81  64  73   2   0   8 0.20  0.0    0  4.8 17 200   M    M   6 1      22 200
20  81  62  72   0   0   7 0.00  0.0    0  4.0 10 330   M    M   1        13 340
21  78  66  72   0   0   7 0.06  0.0    0  4.7 12 180   M    M   8 18     15 210
22  72  66  69  -3   0   4 0.42  0.0    0  4.0  8 220   M    M   7 1      12 120
23  86  70  78   6   0  13 0.22  0.0    0 11.0 23 210   M    M   5 1      30 200
24  80  67  74   2   0   9 0.27  0.0    0  4.8 15 330   M    M   4 138    20 330
25  74  57  66  -6   0   1 0.00  0.0    0  9.0 20 350   M    M   0        28 350
26  80  52  66  -6   0   1 0.00  0.0    0  6.5 18 340   M    M   1 12     24 330
27  75  54  65  -8   0   0 0.00  0.0    0  6.8 22 340   M    M   1        26 340
================================================================================
SM 2177 1650         0 168  2.26     0.0 148.7          M      110
================================================================================
AV 80.6 61.1                               5.5 FASTST   M    M   4    MAX(MPH)
                                 MISC ---->  # 23 210               # 31  200
================================================================================
NOTES:
# LAST OF SEVERAL OCCURRENCES

COLUMN 17 PEAK WIND IN M.P.H.

PRELIMINARY LOCAL CLIMATOLOGICAL DATA (WS FORM: F-6) , PAGE 2

                                          STATION:  ASHEVILLE NC
                                          MONTH:    JUNE
                                          YEAR:     2017
                                          LATITUDE:   35 25 N
                                          LONGITUDE:  82 33 W

[TEMPERATURE DATA]      [PRECIPITATION DATA]       SYMBOLS USED IN COLUMN 16

AVERAGE MONTHLY: 70.9   TOTAL FOR MONTH:   2.26    1 = FOG OR MIST
DPTR FM NORMAL:   0.8   DPTR FM NORMAL:   -1.91    2 = FOG REDUCING VISIBILITY
HIGHEST:    87 ON 14    GRTST 24HR  0.51 ON 22-23      TO 1/4 MILE OR LESS
LOWEST:     52 ON 26                               3 = THUNDER
                        SNOW, ICE PELLETS, HAIL    4 = ICE PELLETS
                        TOTAL MONTH:   0.0 INCH    5 = HAIL
                        GRTST 24HR     0.0         6 = FREEZING RAIN OR DRIZZLE
                        GRTST DEPTH:   0           7 = DUSTSTORM OR SANDSTORM:
                                                       VSBY 1/2 MILE OR LESS
                                                   8 = SMOKE OR HAZE
[NO. OF DAYS WITH]      [WEATHER - DAYS WITH]      9 = BLOWING SNOW
                                                   X = TORNADO
MAX 32 OR BELOW:   0    0.01 INCH OR MORE:  12
MAX 90 OR ABOVE:   0    0.10 INCH OR MORE:   7
MIN 32 OR BELOW:   0    0.50 INCH OR MORE:   0
MIN  0 OR BELOW:   0    1.00 INCH OR MORE:   0

[HDD (BASE 65) ]
TOTAL THIS MO.     0    CLEAR  (SCALE 0-3)  10
DPTR FM NORMAL   -11    PTCLDY (SCALE 4-7)  15
TOTAL FM JUL 1  3123    CLOUDY (SCALE 8-10)  2
DPTR FM NORMAL -1069

[CDD (BASE 65) ]
TOTAL THIS MO.   168
DPTR FM NORMAL    13    [PRESSURE DATA]
TOTAL FM JAN 1   267    HIGHEST SLP M ON M
DPTR FM NORMAL    54    LOWEST  SLP 29.71 ON M

[REMARKS]
