000
CXUS53 KGRR 011915
CF6AZO
PRELIMINARY LOCAL CLIMATOLOGICAL DATA (WS FORM: F-6)

                                          STATION:   KALAMAZOO MI
                                          MONTH:     JUNE
                                          YEAR:      2015
                                          LATITUDE:   42 13 N
                                          LONGITUDE:  85 33 W

  TEMPERATURE IN F:       :PCPN:    SNOW:  WIND      :SUNSHINE: SKY     :PK WND
================================================================================
1   2   3   4   5  6A  6B    7    8   9   10  11  12  13   14  15   16   17  18
                                     12Z  AVG MX 2MIN
DY MAX MIN AVG DEP HDD CDD  WTR  SNW DPTH SPD SPD DIR MIN PSBL S-S WX    SPD DR
================================================================================

 1  68  45  57  -7   8   0 0.00    M    M  5.1 12  20   M    M   3        17  40
 2  73  42  58  -6   7   0 0.00    M    M  3.2  9 150   M    M   0        16  90
 3  74  46  60  -4   5   0 0.00    M    M  4.4 15 190   M    M   2        20 190
 4  80  55  68   3   0   3 0.00    M    M  4.2 14 190   M    M   3        17 270
 5  74  61  68   3   0   3    T    M    M  7.2 17 360   M    M   6 18     22 340
 6  77  56  67   1   0   2 0.00    M    M  6.1 12  50   M    M   1        17  60
 7  78  57  68   2   0   3 0.53    M    M 11.1 30 210   M    M   5 13     40 220
 8  81  60  71   5   0   6 0.80    M    M 10.4 26 220   M    M   6 13     35 220
 9  77  55  66   0   0   1 0.00    M    M  6.8 15 300   M    M   0 1      18 280
10  86  66  76   9   0  11 0.01    M    M 11.0 24 270   M    M   2 3      31 270
11  78  66  72   5   0   7 0.11    M    M  5.1 12 100   M    M   6 13     17 100
12  73  62  68   1   0   3 0.49    M    M  6.0 17 280   M    M   8 138    27 250
13  86  61  74   6   0   9 0.73    M    M  4.6 14 240   M    M   8 138    25 230
14   M   M   M   M   M   M    M    M    M   M   M   M   M    M   M 138     M  M
15   M   M   M   M   M   M    M    M    M   M   M   M   M    M   M 13      M  M
16   M   M   M   M   M   M    M    M    M   M   M   M   M    M   M 1       M  M
17  73  60  67  -2   0   2 0.07    M    M  3.9 10 180   M    M   9 1      16 130
18  81  66  74   5   0   9    T    M    M  7.3 17 280   M    M   7 18     25 280
19  74  58  66  -4   0   1 0.00    M    M  5.3 10  50   M    M   4        14 100
20  80  59  70   0   0   5 0.00    M    M  4.4 12 220   M    M   7 1      14 210
21   M   M   M   M   M   M 0.00    M    M  6.2 14 280   M    M   4        18 280
22   M   M   M   M   M   M    M    M    M   M   M   M   M    M   M 13      M  M
23   M   M   M   M   M   M    M    M    M   M   M   M   M    M   M 3       M  M
24  79   M   M   M   M   M 0.00    M    M   M   M   M   M    M   M         M  M
25  74  64  69  -2   0   4 0.01    M    M  3.1  9 180   M    M   7 18     12 200
26  76  62  69  -2   0   4 0.05    M    M  4.6 13 100   M    M   5 18     23 140
27  71  56  64  -7   1   0 0.95    M    M  8.3 20 360   M    M   8 1      25 350
28  79  52  66  -6   0   1 0.00    M    M  4.6 10 240   M    M   1        15 200
29  75  62  69  -3   0   4 0.00    M    M  5.2 13 170   M    M   6        20 180
30  75  59  67  -5   0   2    T    M    M  6.9 18 300   M    M   7 1      23 290
================================================================================
SM 1842 1330        21  80  3.75    M    145.0          M      115
================================================================================
AV 76.8 57.8                               6.0 FASTST   M    M   5    MAX(MPH)
                                 MISC ---->  # 30 210               # 40  220
================================================================================
NOTES:
# LAST OF SEVERAL OCCURRENCES

COLUMN 17 PEAK WIND IN M.P.H.

PRELIMINARY LOCAL CLIMATOLOGICAL DATA (WS FORM: F-6) , PAGE 2

                                          STATION:  KALAMAZOO MI
                                          MONTH:    JUNE
                                          YEAR:     2015
                                          LATITUDE:   42 13 N
                                          LONGITUDE:  85 33 W

[TEMPERATURE DATA]      [PRECIPITATION DATA]       SYMBOLS USED IN COLUMN 16

AVERAGE MONTHLY: 67.3   TOTAL FOR MONTH:   3.75    1 = FOG OR MIST
DPTR FM NORMAL:  -0.9   DPTR FM NORMAL:    0.17    2 = FOG REDUCING VISIBILITY
HIGHEST:    86 ON 13,10 GRTST 24HR  1.31 ON  7- 8      TO 1/4 MILE OR LESS
LOWEST:     42 ON  2                               3 = THUNDER
                        SNOW, ICE PELLETS, HAIL    4 = ICE PELLETS
                        TOTAL MONTH:    M          5 = HAIL
                        GRTST 24HR    M  ON   M    6 = FREEZING RAIN OR DRIZZLE
                        GRTST DEPTH:  M  ON   M    7 = DUSTSTORM OR SANDSTORM:
                                                       VSBY 1/2 MILE OR LESS
                                                   8 = SMOKE OR HAZE
[NO. OF DAYS WITH]      [WEATHER - DAYS WITH]      9 = BLOWING SNOW
                                                   X = TORNADO
MAX 32 OR BELOW:   0    0.01 INCH OR MORE:  10
MAX 90 OR ABOVE:   0    0.10 INCH OR MORE:   6
MIN 32 OR BELOW:   0    0.50 INCH OR MORE:   4
MIN  0 OR BELOW:   0    1.00 INCH OR MORE:   0

[HDD (BASE 65) ]
TOTAL THIS MO.    21    CLEAR  (SCALE 0-3)   7
DPTR FM NORMAL   -27    PTCLDY (SCALE 4-7)  15
TOTAL FM JUL 1  6868    CLOUDY (SCALE 8-10)  2
DPTR FM NORMAL   452

[CDD (BASE 65) ]
TOTAL THIS MO.    80
DPTR FM NORMAL   -65    [PRESSURE DATA]
TOTAL FM JAN 1   147    HIGHEST SLP 30.27 ON  1
DPTR FM NORMAL   -39    LOWEST  SLP 29.62 ON  8

[REMARKS]
#FINAL-06-15#
