000
CXUS54 KEWX 300910
CF6BAZ
PRELIMINARY LOCAL CLIMATOLOGICAL DATA (WS FORM: F-6)

                                          STATION:   NEW BRAUNFELS
                                          MONTH:     JUNE
                                          YEAR:      2015
                                          LATITUDE:   29 43 N
                                          LONGITUDE:  98  3 W

  TEMPERATURE IN F:       :PCPN:    SNOW:  WIND      :SUNSHINE: SKY     :PK WND
================================================================================
1   2   3   4   5  6A  6B    7    8   9   10  11  12  13   14  15   16   17  18
                                     12Z  AVG MX 2MIN
DY MAX MIN AVG DEP HDD CDD  WTR  SNW DPTH SPD SPD DIR MIN PSBL S-S WX    SPD DR
================================================================================

 1  89  64  77  -3   0  12 0.00  0.0    0  4.6 13 150   M    M   0        15 150
 2  89  67  78  -2   0  13 0.00  0.0    0  5.8 14 130   M    M   2 12     18 190
 3  90  65  78  -2   0  13 0.00  0.0    0  6.0 15 140   M    M   3 1      24 140
 4  90  64  77  -3   0  12 0.00    M    0  5.3 14 140   M    M   3 12     18 130
 5  92  68  80   0   0  15 0.00  0.0    0  5.1 14 130   M    M   3 12     20 140
 6  91  66  79  -1   0  14 0.00  0.0    0  4.5 13 150   M    M   2 12     17 200
 7  91  66  79  -2   0  14 0.00  0.0    0  6.9 14 190   M    M   1 12     17 160
 8  92  68  80  -1   0  15 0.00  0.0    0  5.7 14 220   M    M   2 1      17 210
 9  93  69  81   0   0  16 0.00  0.0    0  5.7 10 180   M    M   1 1      14 230
10  93  68  81   0   0  16 0.00  0.0    0  6.6 13 180   M    M   1        16 160
11  94  71  83   2   0  18 0.00    M    0  9.8 20 150   M    M   4 1      24 160
12  94  75  85   4   0  20 0.00    M    0  9.6 21 150   M    M   5 1      24 140
13  95  74  85   3   0  20 0.00  0.0    0  7.9 30 120   M    M   5 1      36 120
14  86  72  79  -3   0  14 1.87  0.0    0  8.4 25 250   M    M   7 13     32 250
15  92  73  83   1   0  18 0.04  0.0    0  6.7 18 100   M    M   5 18     24  80
16   M   M   M   M   M   M 0.06    M    0 12.4 17  50   M    M   8 1      24 350
17   M   M   M   M   M   M 1.82    M    0  7.5 10 210   M    M   5 13     21 200
18  89  74  82   0   0  17 0.68  0.0    0  6.1 24 200   M    M   6 1      32 190
19  88  75  82   0   0  17 0.02  0.0    0  5.2 12 170   M    M   6 138    14 150
20  88  72  80  -2   0  15 0.06  0.0    0  7.1 43 180   M    M   7 13     50 170
21  87  73  80  -2   0  15 0.15  0.0    0  8.5 32 190   M    M   8 138    40 180
22  88  74  81  -1   0  16    T  0.0    0  8.9 16 150   M    M   7 1      20 140
23  93  75  84   1   0  19 0.00    M    0  7.4 16 150   M    M   4 1      21 140
24  92  73  83   0   0  18 0.03    M    0  5.3 24 140   M    M   4 13     29 160
25  93  71  82  -1   0  17 0.00  0.0    0  6.5 14 150   M    M   2 12     22 140
26  93  75  84   1   0  19 0.00  0.0    0  8.2 14 180   M    M   3 1      17 190
27  93  73  83   0   0  18 0.00  0.0    0  5.3 13  30   M    M   4 1      15 230
28  93  75  84   1   0  19    T  0.0    0  6.0 15 190   M    M   4 13     18 180
29  93  75  84   1   0  19 0.00  0.0    0  8.7 17 160   M    M   4 1      22 160
================================================================================
SM 2461 1915         0 439  4.73     0.0 201.7          M      116
================================================================================
AV 91.1 70.9                               7.0 FASTST   M    M   4    MAX(MPH)
                                 MISC ---->  # 43 180               # 50  170
================================================================================
NOTES:
# LAST OF SEVERAL OCCURRENCES

COLUMN 17 PEAK WIND IN M.P.H.

PRELIMINARY LOCAL CLIMATOLOGICAL DATA (WS FORM: F-6) , PAGE 2

                                          STATION:  NEW BRAUNFELS
                                          MONTH:    JUNE
                                          YEAR:     2015
                                          LATITUDE:   29 43 N
                                          LONGITUDE:  98  3 W

[TEMPERATURE DATA]      [PRECIPITATION DATA]       SYMBOLS USED IN COLUMN 16

AVERAGE MONTHLY: 81.0   TOTAL FOR MONTH:   4.73    1 = FOG OR MIST
DPTR FM NORMAL:  -0.6   DPTR FM NORMAL:    0.08    2 = FOG REDUCING VISIBILITY
HIGHEST:    95 ON 13    GRTST 24HR  1.87 ON 14-14      TO 1/4 MILE OR LESS
LOWEST:     64 ON  4, 1                            3 = THUNDER
                        SNOW, ICE PELLETS, HAIL    4 = ICE PELLETS
                        TOTAL MONTH:   0.0 INCH    5 = HAIL
                        GRTST 24HR     0.0         6 = FREEZING RAIN OR DRIZZLE
                        GRTST DEPTH:   0           7 = DUSTSTORM OR SANDSTORM:
                                                       VSBY 1/2 MILE OR LESS
                                                   8 = SMOKE OR HAZE
[NO. OF DAYS WITH]      [WEATHER - DAYS WITH]      9 = BLOWING SNOW
                                                   X = TORNADO
MAX 32 OR BELOW:   0    0.01 INCH OR MORE:   9
MAX 90 OR ABOVE:  19    0.10 INCH OR MORE:   4
MIN 32 OR BELOW:   0    0.50 INCH OR MORE:   3
MIN  0 OR BELOW:   0    1.00 INCH OR MORE:   2

[HDD (BASE 65) ]
TOTAL THIS MO.     0    CLEAR  (SCALE 0-3)  12
DPTR FM NORMAL     0    PTCLDY (SCALE 4-7)  17
TOTAL FM JUL 1  1592    CLOUDY (SCALE 8-10)  0
DPTR FM NORMAL    33

[CDD (BASE 65) ]
TOTAL THIS MO.   439
DPTR FM NORMAL   -44    [PRESSURE DATA]
TOTAL FM JAN 1  1069    HIGHEST SLP M ON M
DPTR FM NORMAL    -6    LOWEST  SLP 29.70 ON 11

[REMARKS]
