000
CXUS54 KEWX 200910
CF6BAZ
PRELIMINARY LOCAL CLIMATOLOGICAL DATA (WS FORM: F-6)

                                          STATION:   NEW BRAUNFELS
                                          MONTH:     DECEMBER
                                          YEAR:      2014
                                          LATITUDE:   29 43 N
                                          LONGITUDE:  98  3 W

  TEMPERATURE IN F:       :PCPN:    SNOW:  WIND      :SUNSHINE: SKY     :PK WND
================================================================================
1   2   3   4   5  6A  6B    7    8   9   10  11  12  13   14  15   16   17  18
                                     12Z  AVG MX 2MIN
DY MAX MIN AVG DEP HDD CDD  WTR  SNW DPTH SPD SPD DIR MIN PSBL S-S WX    SPD DR
================================================================================

 1  69  43  56   1   9   0    T    M    M 11.5 25  10   M    M  10 12     33 360
 2  52  42  47  -8  18   0 0.00    M    M  7.9 18  20   M    M  10 18     22  30
 3  64  48  56   1   9   0    T    M    M  2.1  6 350   M    M  10 18      7 170
 4  68  61  65  11   0   0    T    M    M  5.8 15 160   M    M   9 18     18 160
 5  79  59  69  15   0   4    T    M    M  8.3 18 230   M    M   7 1      23 210
 6  69  53  61   7   4   0 0.00    M    M  9.3 18  20   M    M   2        22  20
 7  62  50  56   2   9   0 0.00    M    M  8.0 15  10   M    M   7        18  20
 8  70  47  59   5   6   0 0.00    M    M  7.7 16  20   M    M   5 1      20  30
 9  71  43  57   4   8   0 0.00    M    M  3.5  8  80   M    M   1 18     11 120
10  70  50  60   7   5   0    T    M    M  4.9 14 160   M    M   9        18 160
11  70  58  64  11   1   0 0.02    M    M  5.9 15 160   M    M  10 1      18 170
12  73  57  65  12   0   0 0.02    M    M  5.9 15 180   M    M   9 1      21 190
13  76  51  64  12   1   0 0.00    M    M  4.9 14 170   M    M   6 12     16 170
14  76  57  67  15   0   2    T    M    M 10.6 22 190   M    M   9 1      28 180
15  77  52  65  13   0   0 0.00    M    M  7.8 15 320   M    M   3 18     18 320
16  66  47  57   5   8   0 0.00    M    M 10.3 18  30   M    M   4        23  30
17  57  51  54   2  11   0    T    M    M  8.3 14  80   M    M  10 1      16  90
18  65  53  59   7   6   0 0.34    M    M 10.5 18  50   M    M  10 13     23  50
19  64  50  57   5   8   0 0.14  0.0    0 13.8 20  30   M    M   9 138    25 360
================================================================================
SM 1298  972       103   6  0.52     0.0 147.0          M      140
================================================================================
AV 68.3 51.2                               7.7 FASTST   M    M   7    MAX(MPH)
                                 MISC ---->  # 25  10               # 33  360
================================================================================
NOTES:
# LAST OF SEVERAL OCCURRENCES

COLUMN 17 PEAK WIND IN M.P.H.

PRELIMINARY LOCAL CLIMATOLOGICAL DATA (WS FORM: F-6) , PAGE 2

                                          STATION:  NEW BRAUNFELS
                                          MONTH:    DECEMBER
                                          YEAR:     2014
                                          LATITUDE:   29 43 N
                                          LONGITUDE:  98  3 W

[TEMPERATURE DATA]      [PRECIPITATION DATA]       SYMBOLS USED IN COLUMN 16

AVERAGE MONTHLY: 59.7   TOTAL FOR MONTH:   0.52    1 = FOG OR MIST
DPTR FM NORMAL:   6.5   DPTR FM NORMAL:   -0.94    2 = FOG REDUCING VISIBILITY
HIGHEST:    79 ON  5    GRTST 24HR  0.48 ON 18-19      TO 1/4 MILE OR LESS
LOWEST:     42 ON  2                               3 = THUNDER
                        SNOW, ICE PELLETS, HAIL    4 = ICE PELLETS
                        TOTAL MONTH:   0.0 INCH    5 = HAIL
                        GRTST 24HR     0.0         6 = FREEZING RAIN OR DRIZZLE
                        GRTST DEPTH:   0           7 = DUSTSTORM OR SANDSTORM:
                                                       VSBY 1/2 MILE OR LESS
                                                   8 = SMOKE OR HAZE
[NO. OF DAYS WITH]      [WEATHER - DAYS WITH]      9 = BLOWING SNOW
                                                   X = TORNADO
MAX 32 OR BELOW:   0    0.01 INCH OR MORE:   4
MAX 90 OR ABOVE:   0    0.10 INCH OR MORE:   2
MIN 32 OR BELOW:   0    0.50 INCH OR MORE:   0
MIN  0 OR BELOW:   0    1.00 INCH OR MORE:   0

[HDD (BASE 65) ]
TOTAL THIS MO.   103    CLEAR  (SCALE 0-3)   2
DPTR FM NORMAL  -131    PTCLDY (SCALE 4-7)   6
TOTAL FM JUL 1   363    CLOUDY (SCALE 8-10) 11
DPTR FM NORMAL   -88

[CDD (BASE 65) ]
TOTAL THIS MO.     6
DPTR FM NORMAL    -2    [PRESSURE DATA]
TOTAL FM JAN 1  3100    HIGHEST SLP M ON M
DPTR FM NORMAL   139    LOWEST  SLP 29.81 ON 14

[REMARKS]
