000
CXUS54 KEWX 260910
CF6BAZ
PRELIMINARY LOCAL CLIMATOLOGICAL DATA (WS FORM: F-6)

                                          STATION:   NEW BRAUNFELS
                                          MONTH:     SEPTEMBER
                                          YEAR:      2016
                                          LATITUDE:   29 43 N
                                          LONGITUDE:  98  3 W

  TEMPERATURE IN F:       :PCPN:    SNOW:  WIND      :SUNSHINE: SKY     :PK WND
================================================================================
1   2   3   4   5  6A  6B    7    8   9   10  11  12  13   14  15   16   17  18
                                     12Z  AVG MX 2MIN
DY MAX MIN AVG DEP HDD CDD  WTR  SNW DPTH SPD SPD DIR MIN PSBL S-S WX    SPD DR
================================================================================

 1  95  73  84   1   0  19 0.00    M    0  7.8 15  40   M    M   1        19  30
 2  94  73  84   2   0  19 0.00    M    0  6.3 23  90   M    M   2 3      27  60
 3  94  71  83   1   0  18    T  0.0    0  5.1 20 130   M    M   2 18     23 130
 4  93  72  83   1   0  18 0.00  0.0    0  6.4 24 170   M    M   4 128    30 170
 5  91  70  81  -1   0  16 0.24  0.0    0  6.1 29 190   M    M   5 123    37 190
 6  93  75  84   2   0  19 0.07  0.0    0  8.6 21 160   M    M   5 1      28 180
 7  94  76  85   4   0  20 0.00  0.0    0  9.3 20 180   M    M   5 18     23 180
 8  93  74  84   3   0  19 0.00  0.0    0  8.6 16 180   M    M   4 1      22 170
 9  94  74  84   3   0  19 0.00  0.0    0  8.7 16 150   M    M   3        20 180
10  92  72  82   1   0  17 0.21  0.0    0  7.7 24  30   M    M   2 13     29  30
11  93  68  81   1   0  16 0.00  0.0    0  5.6 12  40   M    M   0        16  30
12  92  68  80   0   0  15    T  0.0    0  4.8 13 150   M    M   2        16 140
13  93  70  82   2   0  17 0.00  0.0    0  4.1 14 120   M    M   4 1      17 120
14  93  72  83   3   0  18 0.00  0.0    0  6.0 15  80   M    M   3 1      19  80
15  94  70  82   3   0  17 0.00  0.0    0  5.2 14  80   M    M   1 1      17  80
16  95  72  84   5   0  19 0.00  0.0    0  4.3 12 120   M    M   2        16  80
17  95  70  83   4   0  18 0.00    M    0  4.4 12  90   M    M   2 1      15  90
18  97  72  85   7   0  20 0.00    M    0  5.0 15 200   M    M   1 1      17 200
19  96  74  85   7   0  20 0.00    M    0  5.4 14 150   M    M   1 1      20 200
20  97  71  84   6   0  19 0.00    M    0  3.9 13 130   M    M   2 12     17  60
21  95  71  83   5   0  18 0.00    M    0  4.1 13 130   M    M   3 18     17 130
22  94  68  81   4   0  16    T  0.0    0  7.6 20 140   M    M   4 1      24 130
23  95  71  83   6   0  18 0.00  0.0    0  6.9 20 160   M    M   4 12     25 130
24  91  74  83   6   0  18 0.04  0.0    0  8.5 26 150   M    M   5 13     30 150
25  91  72  82   6   0  17 0.19  0.0    0  7.1 24 220   M    M   8 13     29 210
================================================================================
SM 2344 1793         0 450  0.75     0.0 157.5          M       75
================================================================================
AV 93.8 71.7                               6.3 FASTST   M    M   3    MAX(MPH)
                                 MISC ---->  # 29 190               # 37  190
================================================================================
NOTES:
# LAST OF SEVERAL OCCURRENCES

COLUMN 17 PEAK WIND IN M.P.H.

PRELIMINARY LOCAL CLIMATOLOGICAL DATA (WS FORM: F-6) , PAGE 2

                                          STATION:  NEW BRAUNFELS
                                          MONTH:    SEPTEMBER
                                          YEAR:     2016
                                          LATITUDE:   29 43 N
                                          LONGITUDE:  98  3 W

[TEMPERATURE DATA]      [PRECIPITATION DATA]       SYMBOLS USED IN COLUMN 16

AVERAGE MONTHLY: 82.7   TOTAL FOR MONTH:   0.75    1 = FOG OR MIST
DPTR FM NORMAL:   3.0   DPTR FM NORMAL:   -1.90    2 = FOG REDUCING VISIBILITY
HIGHEST:    97 ON 20,18 GRTST 24HR  0.24 ON  5- 5      TO 1/4 MILE OR LESS
LOWEST:     68 ON 22,12                            3 = THUNDER
                        SNOW, ICE PELLETS, HAIL    4 = ICE PELLETS
                        TOTAL MONTH:   0.0 INCH    5 = HAIL
                        GRTST 24HR     0.0         6 = FREEZING RAIN OR DRIZZLE
                        GRTST DEPTH:   0           7 = DUSTSTORM OR SANDSTORM:
                                                       VSBY 1/2 MILE OR LESS
                                                   8 = SMOKE OR HAZE
[NO. OF DAYS WITH]      [WEATHER - DAYS WITH]      9 = BLOWING SNOW
                                                   X = TORNADO
MAX 32 OR BELOW:   0    0.01 INCH OR MORE:   5
MAX 90 OR ABOVE:  25    0.10 INCH OR MORE:   3
MIN 32 OR BELOW:   0    0.50 INCH OR MORE:   0
MIN  0 OR BELOW:   0    1.00 INCH OR MORE:   0

[HDD (BASE 65) ]
TOTAL THIS MO.     0    CLEAR  (SCALE 0-3)  13
DPTR FM NORMAL     0    PTCLDY (SCALE 4-7)  12
TOTAL FM JUL 1     0    CLOUDY (SCALE 8-10)  0
DPTR FM NORMAL     0

[CDD (BASE 65) ]
TOTAL THIS MO.   450
DPTR FM NORMAL    81    [PRESSURE DATA]
TOTAL FM JAN 1  2848    HIGHEST SLP M ON M
DPTR FM NORMAL   213    LOWEST  SLP 29.82 ON 24

[REMARKS]
