000
CXUS54 KEWX 280910
CF6BAZ
PRELIMINARY LOCAL CLIMATOLOGICAL DATA (WS FORM: F-6)

                                          STATION:   NEW BRAUNFELS
                                          MONTH:     MAY
                                          YEAR:      2015
                                          LATITUDE:   29 43 N
                                          LONGITUDE:  98  3 W

  TEMPERATURE IN F:       :PCPN:    SNOW:  WIND      :SUNSHINE: SKY     :PK WND
================================================================================
1   2   3   4   5  6A  6B    7    8   9   10  11  12  13   14  15   16   17  18
                                     12Z  AVG MX 2MIN
DY MAX MIN AVG DEP HDD CDD  WTR  SNW DPTH SPD SPD DIR MIN PSBL S-S WX    SPD DR
================================================================================

 1  83  53  68  -5   0   3 0.00  0.0    0  5.5 14 140   M    M   1        17 150
 2  82  55  69  -4   0   4 0.00  0.0    0  6.7 17 130   M    M   0        24 150
 3  86  57  72  -1   0   7 0.00  0.0    0  9.1 20 150   M    M   2        26 170
 4  84  65  75   2   0  10    T  0.0    0 11.6 23 140   M    M   8 1      27 170
 5  87  67  77   3   0  12 0.07  0.0    0 13.8 25 170   M    M  10 1      33 170
 6  88  72  80   6   0  15 0.03  0.0    0 14.2 21 160   M    M   7 1      27 140
 7  84  72  78   4   0  13    T    M    0 12.9 23 150   M    M   9 18     28 150
 8  85  72  79   5   0  14 0.20  0.0    0 11.0 21 170   M    M   9 138    29 150
 9  89  73  81   7   0  16    T  0.0    0 14.9 26 160   M    M   8 18     32 170
10  88  76  82   7   0  17    T    M    0 15.9 26 160   M    M  10 18     31 170
11  78  69  74  -1   0   9    T  0.0    0 11.3 23  20   M    M   8 13     29  20
12  73  68  71  -4   0   6 0.02  0.0    0 10.7 17  50   M    M  10 1      21  40
13  73  67  70  -5   0   5 1.07  0.0    0  8.2 24 200   M    M  10 13     30 170
14  88  69  79   3   0  14 0.02    M    0  8.2 31 180   M    M   7 13     37 180
15  78  65  72  -4   0   7 0.71  0.0    0  5.8 23 140   M    M   5 13     29 150
16  90  67  79   3   0  14 0.00  0.0    0 13.7 26 160   M    M  10 12     32 160
17  82  68  75  -1   0  10    M  0.0    0  8.7 23  30   M    M   9 1238   28  30
18  90  73  82   6   0  17 0.03  0.0    0  8.1 18 140   M    M   7 18     22 130
19  91  74  83   6   0  18    T  0.0    0 11.5 25 170   M    M   5 18     32 170
20  90  72  81   4   0  16    T  0.0    0  8.3 15 130   M    M   7 1       M  M
21  76  64  70  -7   0   5 0.05  0.0    0 12.2 23 340   M    M   9 13     30  50
22  86  64  75  -2   0  10 0.03  0.0    0 10.1 18 120   M    M  10 128    23 120
23  90  65  78   0   0  13 2.17  0.0    0 10.8 35 270   M    M   9 13     42 270
24  84  65  75  -3   0  10 0.60  0.0    0 10.3 25 340   M    M   6 13     32 350
25  85  69  77  -1   0  12 0.75    M    0 10.9 32 180   M    M   8 13     46 250
26  91  69  80   2   0  15 0.00    M    0  9.0 18 160   M    M   7 13     23 160
27  92  72  82   4   0  17 0.00    M    0 11.7 22 170   M    M   7 18     27 160
================================================================================
SM 2293 1822         0 309  5.75     0.0 285.1          M      198
================================================================================
AV 84.9 67.5                              10.6 FASTST   M    M   7    MAX(MPH)
                                 MISC ---->  # 35 270               # 46  250
================================================================================
NOTES:
# LAST OF SEVERAL OCCURRENCES

COLUMN 17 PEAK WIND IN M.P.H.

PRELIMINARY LOCAL CLIMATOLOGICAL DATA (WS FORM: F-6) , PAGE 2

                                          STATION:  NEW BRAUNFELS
                                          MONTH:    MAY
                                          YEAR:     2015
                                          LATITUDE:   29 43 N
                                          LONGITUDE:  98  3 W

[TEMPERATURE DATA]      [PRECIPITATION DATA]       SYMBOLS USED IN COLUMN 16

AVERAGE MONTHLY: 76.2   TOTAL FOR MONTH:   5.75    1 = FOG OR MIST
DPTR FM NORMAL:   0.6   DPTR FM NORMAL:    2.45    2 = FOG REDUCING VISIBILITY
HIGHEST:    92 ON 27    GRTST 24HR  2.74 ON 23-24      TO 1/4 MILE OR LESS
LOWEST:     53 ON  1                               3 = THUNDER
                        SNOW, ICE PELLETS, HAIL    4 = ICE PELLETS
                        TOTAL MONTH:   0.0 INCH    5 = HAIL
                        GRTST 24HR     0.0         6 = FREEZING RAIN OR DRIZZLE
                        GRTST DEPTH:   0           7 = DUSTSTORM OR SANDSTORM:
                                                       VSBY 1/2 MILE OR LESS
                                                   8 = SMOKE OR HAZE
[NO. OF DAYS WITH]      [WEATHER - DAYS WITH]      9 = BLOWING SNOW
                                                   X = TORNADO
MAX 32 OR BELOW:   0    0.01 INCH OR MORE:  13
MAX 90 OR ABOVE:   7    0.10 INCH OR MORE:   6
MIN 32 OR BELOW:   0    0.50 INCH OR MORE:   5
MIN  0 OR BELOW:   0    1.00 INCH OR MORE:   2

[HDD (BASE 65) ]
TOTAL THIS MO.     0    CLEAR  (SCALE 0-3)   3
DPTR FM NORMAL     0    PTCLDY (SCALE 4-7)  12
TOTAL FM JUL 1  1592    CLOUDY (SCALE 8-10) 12
DPTR FM NORMAL    35

[CDD (BASE 65) ]
TOTAL THIS MO.   309
DPTR FM NORMAL    23    [PRESSURE DATA]
TOTAL FM JAN 1   578    HIGHEST SLP M ON M
DPTR FM NORMAL    43    LOWEST  SLP 29.67 ON 25

[REMARKS]
