000
CXUS55 KLBF 311200
CF6BBW
PRELIMINARY LOCAL CLIMATOLOGICAL DATA (WS FORM: F-6)

                                          STATION:   BROKEN BOW NE
                                          MONTH:     MAY
                                          YEAR:      2016
                                          LATITUDE:   41 26 N
                                          LONGITUDE:  99 39 W

  TEMPERATURE IN F:       :PCPN:    SNOW:  WIND      :SUNSHINE: SKY     :PK WND
================================================================================
1   2   3   4   5  6A  6B    7    8   9   10  11  12  13   14  15   16   17  18
                                     12Z  AVG MX 2MIN
DY MAX MIN AVG DEP HDD CDD  WTR  SNW DPTH SPD SPD DIR MIN PSBL S-S WX    SPD DR
================================================================================

 1  55  34  45  -8  20   0 0.32    M    M 14.7 25  10   M    M   8 1      32  10
 2  60  30  45  -9  20   0 0.00    M    M  3.1 12 310   M    M   1        15 310
 3  70  36  53  -1  12   0 0.00    M    M  7.9 20 310   M    M   1        24 330
 4  73  41  57   2   8   0 0.00    M    M  8.3 20 360   M    M   0        26 360
 5  81  37  59   4   6   0 0.00    M    M  7.8 20 170   M    M   0 8      25 190
 6  84  52  68  13   0   3 0.00    M    M 10.1 23 190   M    M   0        30 210
 7  70  50  60   4   5   0 0.30    M    M 14.2 28  70   M    M   4 138    33  70
 8  71  48  60   4   5   0 0.58    M    M 11.3 32 170   M    M   6 138    42 170
 9  68  45  57   1   8   0    T    M    M  4.6 15 150   M    M   5 13     21 130
10  75  46  61   4   4   0 0.30    M    M  8.7 28 330   M    M   4 1238   33 330
11  65  43  54  -3  11   0 0.43    M    M 11.9 31 310   M    M   2 1      39 320
12  71  37  54  -4  11   0 0.00    M    M  8.2 24 330   M    M   0        31 290
13  60  38  49  -9  16   0 0.00    M    M 17.2 37 360   M    M   1        49 360
14  58  34  46 -12  19   0 0.00    M    M  8.5 20  10   M    M   0        25 350
15  56  32  44 -15  21   0 0.00    M    M  8.1 21 190   M    M   7        28 200
16  51  41  46 -13  19   0 0.18    M    M  8.3 17  80   M    M   9 1      21  60
17  67  35  51  -8  14   0 0.00    M    M  6.5 16  30   M    M   1        21 360
18  70  34  52  -8  13   0 0.00    M    M  5.5 16 170   M    M   2        22 170
19  66  46  56  -4   9   0 0.00    M    M 15.5 28 180   M    M   5 8      37 180
20  61  50  56  -4   9   0 0.00    M    M 14.7 22 170   M    M  10 1      26 200
21  63  55  59  -2   6   0 0.00    M    M 18.7 29 140   M    M  10        38 140
22  80  62  71  10   0   6 0.03    M    M 23.4 36 160   M    M   8 13     44 150
23  78  52  65   4   0   0 0.36    M    M  7.2 23 340   M    M   3 13     28 350
24  81  47  64   2   1   0 0.31    M    M  7.3 36 300   M    M   0 13     47 320
25  79  56  68   6   0   3 0.25    M    M  9.1 35 280   M    M   2 13     43 280
26  78  51  65   3   0   0 0.54    M    M  8.1 21 100   M    M   3 13     26  90
27  70  55  63   1   2   0 1.00    M    M  7.7 22 210   M    M   8 13     29 220
28  75  55  65   2   0   0 0.23    M    M  7.6 18 310   M    M   4 1      24 320
29  80  51  66   3   0   1 0.16    M    M  5.7 26 220   M    M   0 3      33 210
30  82  56  69   5   0   4 0.35    M    M  9.9 30 290   M    M   2 13     39 290
================================================================================
SM 2098 1349       239  17  5.34    M    299.8          M      106
================================================================================
AV 69.9 45.0                              10.0 FASTST   M    M   4    MAX(MPH)
                                 MISC ---->  # 37 360               # 49  360
================================================================================
NOTES:
# LAST OF SEVERAL OCCURRENCES

COLUMN 17 PEAK WIND IN M.P.H.

PRELIMINARY LOCAL CLIMATOLOGICAL DATA (WS FORM: F-6) , PAGE 2

                                          STATION:  BROKEN BOW NE
                                          MONTH:    MAY
                                          YEAR:     2016
                                          LATITUDE:   41 26 N
                                          LONGITUDE:  99 39 W

[TEMPERATURE DATA]      [PRECIPITATION DATA]       SYMBOLS USED IN COLUMN 16

AVERAGE MONTHLY: 57.5   TOTAL FOR MONTH:   5.34    1 = FOG OR MIST
DPTR FM NORMAL:  -1.2   DPTR FM NORMAL:    1.58    2 = FOG REDUCING VISIBILITY
HIGHEST:    84 ON  6    GRTST 24HR  1.27 ON 30- 1      TO 1/4 MILE OR LESS
LOWEST:     30 ON  2                               3 = THUNDER
                        SNOW, ICE PELLETS, HAIL    4 = ICE PELLETS
                        TOTAL MONTH:    M          5 = HAIL
                        GRTST 24HR    M  ON   M    6 = FREEZING RAIN OR DRIZZLE
                        GRTST DEPTH:  M  ON   M    7 = DUSTSTORM OR SANDSTORM:
                                                       VSBY 1/2 MILE OR LESS
                                                   8 = SMOKE OR HAZE
[NO. OF DAYS WITH]      [WEATHER - DAYS WITH]      9 = BLOWING SNOW
                                                   X = TORNADO
MAX 32 OR BELOW:   0    0.01 INCH OR MORE:  15
MAX 90 OR ABOVE:   0    0.10 INCH OR MORE:  14
MIN 32 OR BELOW:   2    0.50 INCH OR MORE:   3
MIN  0 OR BELOW:   0    1.00 INCH OR MORE:   1

[HDD (BASE 65) ]
TOTAL THIS MO.   239    CLEAR  (SCALE 0-3)  16
DPTR FM NORMAL    18    PTCLDY (SCALE 4-7)   9
TOTAL FM JUL 1  5552    CLOUDY (SCALE 8-10)  5
DPTR FM NORMAL -1049

[CDD (BASE 65) ]
TOTAL THIS MO.    17
DPTR FM NORMAL   -13    [PRESSURE DATA]
TOTAL FM JAN 1    17    HIGHEST SLP M ON M
DPTR FM NORMAL   -14    LOWEST  SLP 29.49 ON  9

[REMARKS]
