000
CXUS51 KBOX 291200
CF6BDL
PRELIMINARY LOCAL CLIMATOLOGICAL DATA (WS FORM: F-6)

                                          STATION:   HARTFORD CT
                                          MONTH:     MARCH
                                          YEAR:      2015
                                          LATITUDE:   41 55 N
                                          LONGITUDE:  72 41 W

  TEMPERATURE IN F:       :PCPN:    SNOW:  WIND      :SUNSHINE: SKY     :PK WND
================================================================================
1   2   3   4   5  6A  6B    7    8   9   10  11  12  13   14  15   16   17  18
                                     12Z  AVG MX 2MIN
DY MAX MIN AVG DEP HDD CDD  WTR  SNW DPTH SPD SPD DIR MIN PSBL S-S WX    SPD DR
================================================================================

 1  28   2  15 -18  50   0 0.28  2.9   22  4.9 14 200   M    M   8 1      18 200
 2  35  22  29  -4  36   0    T    T   24 11.0 33 300   M    M   7 18     42 300
 3  35  14  25  -9  40   0 0.52  1.6   23  8.3 21 180   M    M   6 146    25 180
 4  43  35  39   5  26   0 0.03  0.0   24  6.3 15 290   M    M  10 18     18 200
 5  38  18  28  -6  37   0    T    T   22 11.4 20 320   M    M   9        28 330
 6  27   6  17 -17  48   0 0.00  0.0   22  6.8 20 320   M    M   2        26 320
 7  39   8  24 -11  41   0 0.00  0.0   22  8.4 21 250   M    M   5        25 250
 8  44  20  32  -3  33   0    T    T   21  7.4 29 300   M    M   5        36 300
 9  48  19  34  -1  31   0 0.00  0.0   20  6.4 21 300   M    M   2        26 310
10  52  22  37   1  28   0 0.13  0.0   19  3.8 18 190   M    M   7 12     23 180
11  57  36  47  11  18   0 0.01    M   16  7.9 21 290   M    M   6 12     26 320
12  43  28  36   0  29   0 0.00  0.0   12 15.5 30 320   M    M   2        40 310
13  42  21  32  -5  33   0 0.00  0.0   12  6.9 17 190   M    M   6        21 180
14  38  32  35  -2  30   0 0.72  0.0   11  6.0 12 360   M    M  10 1      14  10
15  43  33  38   1  27   0 0.00  0.0   10 13.5 31 320   M    M   8 1      39 330
16  49  27  38   0  27   0 0.00  0.0    9  5.7 16 340   M    M   6        22 330
17  52  31  42   4  23   0 0.04  0.0    7 13.8 40 310   M    M   7 18     57 320
18  33  20  27 -11  38   0 0.00  0.0    4 19.2 44 310   M    M   3        54 310
19  37  17  27 -12  38   0 0.00  0.0    4 10.1 24 300   M    M   2        31 300
20  31  21  26 -13  39   0 0.13  2.8    3  2.8  9  10   M    M  10 1      11 250
21  46  27  37  -2  28   0 0.08  0.8    6  6.6 29 310   M    M   8 1      37 300
22  37  20  29 -11  36   0 0.00  0.0    1 15.7 32 300   M    M   2        42 310
23  32  17  25 -15  40   0 0.00  0.0    1 11.8 25 320   M    M   1        34 320
24  41  18  30 -11  35   0 0.00  0.0    0  4.8 10  40   M    M   4        14  20
25  50  19  35  -6  30   0 0.09    T    0  6.4 23 170   M    M   6 14     28 170
26  48  37  43   2  22   0 0.35  0.0    0  7.2 15 190   M    M  10 128    20 180
27  45  38  42   0  23   0 0.14  0.0    0  5.8 13 310   M    M   9        15 330
28  38  28  33  -9  32   0 0.14  0.9    0 10.0 17 320   M    M  10 18     23 360
================================================================================
SM 1151  636       918   0  2.66     9.0 244.4          M      171
================================================================================
AV 41.1 22.7                               8.7 FASTST   M    M   6    MAX(MPH)
                                 MISC ---->  # 44 310               # 57  320
================================================================================
NOTES:
# LAST OF SEVERAL OCCURRENCES

COLUMN 17 PEAK WIND IN M.P.H.

PRELIMINARY LOCAL CLIMATOLOGICAL DATA (WS FORM: F-6) , PAGE 2

                                          STATION:  HARTFORD CT
                                          MONTH:    MARCH
                                          YEAR:     2015
                                          LATITUDE:   41 55 N
                                          LONGITUDE:  72 41 W

[TEMPERATURE DATA]      [PRECIPITATION DATA]       SYMBOLS USED IN COLUMN 16

AVERAGE MONTHLY: 31.9   TOTAL FOR MONTH:   2.66    1 = FOG OR MIST
DPTR FM NORMAL:  -5.3   DPTR FM NORMAL:   -0.60    2 = FOG REDUCING VISIBILITY
HIGHEST:    57 ON 11    GRTST 24HR  0.72 ON 14-14      TO 1/4 MILE OR LESS
LOWEST:      2 ON  1                               3 = THUNDER
                        SNOW, ICE PELLETS, HAIL    4 = ICE PELLETS
                        TOTAL MONTH:   9.0 INCHES  5 = HAIL
                        GRTST 24HR   2.9 ON   M    6 = FREEZING RAIN OR DRIZZLE
                        GRTST DEPTH:  24 ON  4, 2  7 = DUSTSTORM OR SANDSTORM:
                                                       VSBY 1/2 MILE OR LESS
                                                   8 = SMOKE OR HAZE
[NO. OF DAYS WITH]      [WEATHER - DAYS WITH]      9 = BLOWING SNOW
                                                   X = TORNADO
MAX 32 OR BELOW:   4    0.01 INCH OR MORE:  13
MAX 90 OR ABOVE:   0    0.10 INCH OR MORE:   8
MIN 32 OR BELOW:  23    0.50 INCH OR MORE:   2
MIN  0 OR BELOW:   0    1.00 INCH OR MORE:   0

[HDD (BASE 65) ]
TOTAL THIS MO.   918    CLEAR  (SCALE 0-3)   7
DPTR FM NORMAL   141    PTCLDY (SCALE 4-7)  14
TOTAL FM JUL 1  5563    CLOUDY (SCALE 8-10)  7
DPTR FM NORMAL   348

[CDD (BASE 65) ]
TOTAL THIS MO.     0
DPTR FM NORMAL     0    [PRESSURE DATA]
TOTAL FM JAN 1     0    HIGHEST SLP M ON M
DPTR FM NORMAL     0    LOWEST  SLP 29.37 ON 17

[REMARKS]
