000
CXUS51 KBOX 311200
CF6BDL
PRELIMINARY LOCAL CLIMATOLOGICAL DATA (WS FORM: F-6)

                                          STATION:   HARTFORD CT
                                          MONTH:     JULY
                                          YEAR:      2015
                                          LATITUDE:   41 55 N
                                          LONGITUDE:  72 41 W

  TEMPERATURE IN F:       :PCPN:    SNOW:  WIND      :SUNSHINE: SKY     :PK WND
================================================================================
1   2   3   4   5  6A  6B    7    8   9   10  11  12  13   14  15   16   17  18
                                     12Z  AVG MX 2MIN
DY MAX MIN AVG DEP HDD CDD  WTR  SNW DPTH SPD SPD DIR MIN PSBL S-S WX    SPD DR
================================================================================

 1  83  64  74   2   0   9 0.81  0.0    0  9.2 22 230   M    M   9 13     30 240
 2  78  58  68  -5   0   3 0.00  0.0    0  4.6 10 260   M    M   6        14 280
 3  80  56  68  -5   0   3 0.00  0.0    0  5.6 12 210   M    M   4        15  20
 4  71  57  64  -9   1   0 0.02  0.0    0  3.5 12 360   M    M   8 1      13  20
 5  86  54  70  -3   0   5 0.00  0.0    0  3.6 10 320   M    M   1 18     14 220
 6  86  60  73   0   0   8 0.00  0.0    0  5.2 16 200   M    M   5 18     20 190
 7  85  69  77   4   0  12 0.25  0.0    0  8.1 21 190   M    M   8 18     27 200
 8  88  66  77   4   0  12    T  0.0    0  6.9 14 320   M    M   6 18     17 310
 9  78  64  71  -3   0   6 0.17  0.0    0  7.2 15 150   M    M   9 1      17 150
10  84  65  75   1   0  10 0.35  0.0    0  7.4 18  20   M    M   5 1      25  20
11  87  60  74   0   0   9 0.00  0.0    0  4.6 10 280   M    M   3        14  40
12  89  62  76   2   0  11 0.00  0.0    0  4.9 16 240   M    M   5        21 260
13  87  65  76   2   0  11 0.00  0.0    0  6.2 14 180   M    M   6 18     17 190
14  83  66  75   1   0  10 0.63  0.0    0  6.4 17 190   M    M   9 1      22 190
15  85  63  74   0   0   9 0.07  0.0    0  7.2 20  20   M    M   9 13     23  10
16  78  56  67  -7   0   2 0.00  0.0    0  7.1 18  20   M    M   4        23  30
17  82  54  68  -6   0   3 0.00  0.0    0  6.9 15 200   M    M   7        20 200
18  83  67  75   1   0  10 0.05  0.0    0  9.7 17 190   M    M   9 38     20 180
19  92  70  81   7   0  16 0.00  0.0    0  5.6 15 210   M    M   8 128    19 200
20  92  71  82   8   0  17 0.00  0.0    0  5.2 14 310   M    M   6 1      19 280
21  89  66  78   4   0  13 0.01  0.0    0  4.8 28 310   M    M   7 3      36 320
22  83  60  72  -2   0   7 0.00  0.0    0  7.7 21 290   M    M   2        28 280
23  84  57  71  -3   0   6 0.00  0.0    0  6.3 18 320   M    M   3        25 320
24  84  54  69  -5   0   4 0.02  0.0    0  3.3 18 290   M    M   3        26 280
25  84  57  71  -3   0   6 0.00  0.0    0  5.5 17 150   M    M   6        20 150
26  85  67  76   2   0  11 0.03  0.0    0  8.3 16 190   M    M   9 1      22 180
27  86  66  76   2   0  11 0.00  0.0    0  7.1 17 190   M    M   7        23 200
28  93  68  81   7   0  16 0.00  0.0    0  4.6 15 290   M    M   5 18     19 290
29  95  66  81   7   0  16 0.00  0.0    0  4.1 13 240   M    M   5        18 280
30  90  71  81   7   0  16 0.67  0.0    0  8.3 20 190   M    M   6 138    25 210
================================================================================
SM 2550 1879         1 272  3.08     0.0 185.1          M      180
================================================================================
AV 85.0 62.6                               6.2 FASTST   M    M   6    MAX(MPH)
                                 MISC ---->  # 28 310               # 36  320
================================================================================
NOTES:
# LAST OF SEVERAL OCCURRENCES

COLUMN 17 PEAK WIND IN M.P.H.

PRELIMINARY LOCAL CLIMATOLOGICAL DATA (WS FORM: F-6) , PAGE 2

                                          STATION:  HARTFORD CT
                                          MONTH:    JULY
                                          YEAR:     2015
                                          LATITUDE:   41 55 N
                                          LONGITUDE:  72 41 W

[TEMPERATURE DATA]      [PRECIPITATION DATA]       SYMBOLS USED IN COLUMN 16

AVERAGE MONTHLY: 73.8   TOTAL FOR MONTH:   3.08    1 = FOG OR MIST
DPTR FM NORMAL:   0.2   DPTR FM NORMAL:   -0.95    2 = FOG REDUCING VISIBILITY
HIGHEST:    95 ON 29    GRTST 24HR  0.81 ON  1- 1      TO 1/4 MILE OR LESS
LOWEST:     54 ON 24,17                            3 = THUNDER
                        SNOW, ICE PELLETS, HAIL    4 = ICE PELLETS
                        TOTAL MONTH:   0.0 INCH    5 = HAIL
                        GRTST 24HR     0.0         6 = FREEZING RAIN OR DRIZZLE
                        GRTST DEPTH:   0           7 = DUSTSTORM OR SANDSTORM:
                                                       VSBY 1/2 MILE OR LESS
                                                   8 = SMOKE OR HAZE
[NO. OF DAYS WITH]      [WEATHER - DAYS WITH]      9 = BLOWING SNOW
                                                   X = TORNADO
MAX 32 OR BELOW:   0    0.01 INCH OR MORE:  12
MAX 90 OR ABOVE:   5    0.10 INCH OR MORE:   6
MIN 32 OR BELOW:   0    0.50 INCH OR MORE:   3
MIN  0 OR BELOW:   0    1.00 INCH OR MORE:   0

[HDD (BASE 65) ]
TOTAL THIS MO.     1    CLEAR  (SCALE 0-3)   4
DPTR FM NORMAL     1    PTCLDY (SCALE 4-7)  19
TOTAL FM JUL 1     1    CLOUDY (SCALE 8-10)  7
DPTR FM NORMAL     1

[CDD (BASE 65) ]
TOTAL THIS MO.   272
DPTR FM NORMAL    10    [PRESSURE DATA]
TOTAL FM JAN 1   521    HIGHEST SLP M ON M
DPTR FM NORMAL    76    LOWEST  SLP 29.53 ON 21

[REMARKS]
