000
CXUS51 KOKX 310703
CF6BDR
PRELIMINARY LOCAL CLIMATOLOGICAL DATA (WS FORM: F-6)

                                          STATION:   BRIDGEPORT CT
                                          MONTH:     JULY
                                          YEAR:      2016
                                          LATITUDE:   41 10 N
                                          LONGITUDE:  73  8 W

  TEMPERATURE IN F:       :PCPN:    SNOW:  WIND      :SUNSHINE: SKY     :PK WND
================================================================================
1   2   3   4   5  6A  6B    7    8   9   10  11  12  13   14  15   16   17  18
                                     12Z  AVG MX 2MIN
DY MAX MIN AVG DEP HDD CDD  WTR  SNW DPTH SPD SPD DIR MIN PSBL S-S WX    SPD DR
================================================================================

 1  80  68  74   1   0   9 0.10  0.0    0  6.5 16 230   M    M   4 13     21 230
 2  80  66  73   0   0   8 0.00  0.0    0  8.2 20 310   M    M   2        26 310
 3  82  61  72  -1   0   7 0.00  0.0    0  7.6 16 210   M    M   0        20 220
 4  86  63  75   2   0  10 0.03  0.0    0  8.7 17 200   M    M   2 1      23 200
 5  84  68  76   3   0  11 0.69  0.0    0  5.9 15 210   M    M   6 1      17 220
 6  90  71  81   7   0  16 0.00  0.0    0  6.6 16 190   M    M   0        20 190
 7  88  73  81   7   0  16 1.75  0.0    0  5.5 20 280   M    M   0 123    29 270
 8  78  68  73  -1   0   8 0.00  0.0    0  9.3 18 100   M    M   8 18     23 100
 9  69  65  67  -7   0   2 0.01  0.0    0  9.0 17 100   M    M  10 18     21 110
10  77  65  71  -3   0   6 0.05  0.0    0  6.1 16 340   M    M   6 1      22 360
11  77  66  72  -2   0   7 0.00  0.0    0  6.1 16  10   M    M   4        23  20
12  83  64  74   0   0   9 0.00  0.0    0  8.1 16 200   M    M   2        20 200
13  85  71  78   4   0  13 0.00  0.0    0  8.8 16 190   M    M   1        21 200
14  86  73  80   6   0  15 0.47  0.0    0  7.1 32 220   M    M   5 138    39 210
15  93  74  84  10   0  19 0.00  0.0    0  5.8 12 210   M    M   0 18     15 210
16  89  73  81   6   0  16 0.00  0.0    0  6.1 13 330   M    M   1        16 330
17  89  74  82   7   0  17 0.00  0.0    0  5.7 15 190   M    M   1 1      19 180
18  94  73  84   9   0  19 0.53  0.0    0  7.6 32 330   M    M   0 38     47 320
19  85  69  77   2   0  12 0.00  0.0    0  8.6 20 340   M    M   2        25 300
20  83  64  74  -1   0   9 0.00  0.0    0  7.1 16 210   M    M   1        18 210
21  90  66  78   3   0  13 0.00  0.0    0  7.3 18 200   M    M   0        23 200
22  91  73  82   7   0  17 0.00  0.0    0 12.0 22 190   M    M   0        30 190
23  97  76  87  12   0  22 0.00  0.0    0  9.4 20 290   M    M   0        26 290
24  88  73  81   6   0  16 0.00  0.0    0  8.0 16 220   M    M   0        19 210
25  88  73  81   6   0  16 0.63  0.0    0  7.4 28 320   M    M   2 13     37 320
26  92  71  82   7   0  17 0.00  0.0    0  8.2 17 220   M    M   2        23 300
27  89  70  80   5   0  15 0.00  0.0    0  6.5 14 190   M    M   0        18 190
28  92  72  82   7   0  17 0.00  0.0    0  5.1 15 210   M    M   1        19 210
29  81  72  77   2   0  12 0.26  0.0    0  6.0 14  50   M    M   5 1      17  50
30  83  72  78   3   0  13 0.04  0.0    0  6.1 14 100   M    M   3 1      17 100
================================================================================
SM 2569 2087         0 387  4.56     0.0 220.4          M       68
================================================================================
AV 85.6 69.6                               7.3 FASTST   M    M   2    MAX(MPH)
                                 MISC ---->  # 32 220               # 47  320
================================================================================
NOTES:
# LAST OF SEVERAL OCCURRENCES

COLUMN 17 PEAK WIND IN M.P.H.

PRELIMINARY LOCAL CLIMATOLOGICAL DATA (WS FORM: F-6) , PAGE 2

                                          STATION:  BRIDGEPORT CT
                                          MONTH:    JULY
                                          YEAR:     2016
                                          LATITUDE:   41 10 N
                                          LONGITUDE:  73  8 W

[TEMPERATURE DATA]      [PRECIPITATION DATA]       SYMBOLS USED IN COLUMN 16

AVERAGE MONTHLY: 77.6   TOTAL FOR MONTH:   4.56    1 = FOG OR MIST
DPTR FM NORMAL:   3.3   DPTR FM NORMAL:    1.24    2 = FOG REDUCING VISIBILITY
HIGHEST:    97 ON 23    GRTST 24HR  1.75 ON  7- 7      TO 1/4 MILE OR LESS
LOWEST:     61 ON  3                               3 = THUNDER
                        SNOW, ICE PELLETS, HAIL    4 = ICE PELLETS
                        TOTAL MONTH:   0.0 INCH    5 = HAIL
                        GRTST 24HR     0.0         6 = FREEZING RAIN OR DRIZZLE
                        GRTST DEPTH:   0           7 = DUSTSTORM OR SANDSTORM:
                                                       VSBY 1/2 MILE OR LESS
                                                   8 = SMOKE OR HAZE
[NO. OF DAYS WITH]      [WEATHER - DAYS WITH]      9 = BLOWING SNOW
                                                   X = TORNADO
MAX 32 OR BELOW:   0    0.01 INCH OR MORE:  11
MAX 90 OR ABOVE:   8    0.10 INCH OR MORE:   7
MIN 32 OR BELOW:   0    0.50 INCH OR MORE:   4
MIN  0 OR BELOW:   0    1.00 INCH OR MORE:   1

[HDD (BASE 65) ]
TOTAL THIS MO.     0    CLEAR  (SCALE 0-3)  22
DPTR FM NORMAL     0    PTCLDY (SCALE 4-7)   7
TOTAL FM JUL 1     0    CLOUDY (SCALE 8-10)  1
DPTR FM NORMAL     0

[CDD (BASE 65) ]
TOTAL THIS MO.   387
DPTR FM NORMAL   105    [PRESSURE DATA]
TOTAL FM JAN 1   617    HIGHEST SLP M ON M
DPTR FM NORMAL   168    LOWEST  SLP 29.71 ON  7

[REMARKS]
