000
CXUS55 KBOU 291105
CF6BDU
PRELIMINARY LOCAL CLIMATOLOGICAL DATA (WS FORM: F-6)

                                          STATION:   Boulder Airport
                                          MONTH:     JULY
                                          YEAR:      2014
                                          LATITUDE:   40  2 N
                                          LONGITUDE: 105 14 W

  TEMPERATURE IN F:       :PCPN:    SNOW:  WIND      :SUNSHINE: SKY     :PK WND
================================================================================
1   2   3   4   5  6A  6B    7    8   9   10  11  12  13   14  15   16   17  18
                                     12Z  AVG MX 2MIN
DY MAX MIN AVG DEP HDD CDD  WTR  SNW DPTH SPD SPD DIR MIN PSBL S-S WX    SPD DR
================================================================================

 1  77  54  66   M   0   1    M    M    M  4.6 10 360   M    M   4         M  M
 2  81  59  70   M   0   5    M    M    M  2.8  7  40   M    M   4         M  M
 3  86  59  73   M   0   8    M    M    M  3.9 10 240   M    M   0 3       M  M
 4  90  61  76   M   0  11    M    M    M  5.9 24 290   M    M   2        33 290
 5  91  59  75   M   0  10    M    M    M  4.4 14 270   M    M   0        28 250
 6  93  63  78   M   0  13    M    M    M  5.5 17 260   M    M   0 3      23 260
 7  97  61  79   M   0  14    M    M    M  4.4 21 360   M    M   2 3      28 360
 8  79  63  71   M   0   6    M    M    M  2.1  6 130   M    M   6         M  M
 9  86  61  74   M   0   9    M    M    M  6.1 20 240   M    M   0        31 250
10  91  63  77   M   0  12    M    M    M  5.7 21 250   M    M   1        29 210
11  86  64  75   M   0  10    M    M    M  3.5 10 260   M    M   1 3       M  M
12  82  63  73   M   0   8    M    M    M  2.9 10 350   M    M   5 3       M  M
13  86  57  72   M   0   7    M    M    M  3.7 15  30   M    M   2 3       M  M
14  82  59  71   M   0   6    M    M    M  4.2 13  80   M    M   3 3      23  80
15  77  59  68   M   0   3    M    M    M  2.7  8 110   M    M   2 3       M  M
16  72  55  64   M   1   0    M    M    M  2.5  8  50   M    M   7 13      M  M
17  77  54  66   M   0   1    M    M    M  1.8  7  70   M    M   4 1       M  M
18  88  55  72   M   0   7    M    M    M  3.9 18 270   M    M   1        27  40
19  95  59  77   M   0  12    M    M    M  4.1 10 160   M    M   0         M  M
20  97  64  81   M   0  16    M    M    M  5.8 14 240   M    M   1        24 240
21  97  66  82   M   0  17    M    M    M  4.8 15 250   M    M   0        22 260
22  91  63  77   M   0  12    M    M    M  4.0  8  10   M    M   0         M  M
23  88  64  76   M   0  11    M    M    M  5.3 15 180   M    M   2        24 180
24  97  64  81   M   0  16    M    M    M  4.0 16 150   M    M   0 3      24 150
25  93  68  81   M   0  16    M    M    M  5.6 14 170   M    M   1 3      27 170
26  90  64  77   M   0  12    M    M    M  4.8 13 220   M    M   2        24 170
27  82  61  72   M   0   7    M    M    M  4.4 13 360   M    M   3        17 360
28  82  61  72   M   0   7    M    M    M  2.8  8 120   M    M   1 3       M  M
================================================================================
SM 2433 1703         1 257    M     M    116.2          M       54
================================================================================
AV 86.9 60.8                               4.2 FASTST   M    M   2    MAX(MPH)
                                 MISC ---->    24   M                 33    M
================================================================================
NOTES:
# LAST OF SEVERAL OCCURRENCES

COLUMN 17 PEAK WIND IN M.P.H.

PRELIMINARY LOCAL CLIMATOLOGICAL DATA (WS FORM: F-6) , PAGE 2

                                          STATION:  Boulder Airport
                                          MONTH:    JULY
                                          YEAR:     2014
                                          LATITUDE:   40  2 N
                                          LONGITUDE: 105 14 W

[TEMPERATURE DATA]      [PRECIPITATION DATA]       SYMBOLS USED IN COLUMN 16

AVERAGE MONTHLY: 73.9   TOTAL FOR MONTH:      M    1 = FOG OR MIST
DPTR FM NORMAL:     M   DPTR FM NORMAL:       M    2 = FOG REDUCING VISIBILITY
HIGHEST:    97 ON 24,21 GRTST 24HR    M  ON   M        TO 1/4 MILE OR LESS
LOWEST:     54 ON 17, 1                            3 = THUNDER
                        SNOW, ICE PELLETS, HAIL    4 = ICE PELLETS
                        TOTAL MONTH:    M          5 = HAIL
                        GRTST 24HR    M  ON   M    6 = FREEZING RAIN OR DRIZZLE
                        GRTST DEPTH:  M  ON   M    7 = DUSTSTORM OR SANDSTORM:
                                                       VSBY 1/2 MILE OR LESS
                                                   8 = SMOKE OR HAZE
[NO. OF DAYS WITH]      [WEATHER - DAYS WITH]      9 = BLOWING SNOW
                                                   X = TORNADO
MAX 32 OR BELOW:   0    0.01 INCH OR MORE:   0
MAX 90 OR ABOVE:  12    0.10 INCH OR MORE:   0
MIN 32 OR BELOW:   0    0.50 INCH OR MORE:   0
MIN  0 OR BELOW:   0    1.00 INCH OR MORE:   0

[HDD (BASE 65) ]
TOTAL THIS MO.     1    CLEAR  (SCALE 0-3)  22
DPTR FM NORMAL     M    PTCLDY (SCALE 4-7)   6
TOTAL FM JUL 1     1    CLOUDY (SCALE 8-10)  0
DPTR FM NORMAL     M

[CDD (BASE 65) ]
TOTAL THIS MO.   257
DPTR FM NORMAL     M    [PRESSURE DATA]
TOTAL FM JAN 1   366    HIGHEST SLP M ON M
DPTR FM NORMAL     M    LOWEST  SLP M ON M

[REMARKS]
