000
CXUS55 KCYS 221000
CF6BFF
PRELIMINARY LOCAL CLIMATOLOGICAL DATA (WS FORM: F-6)

                                          STATION:   SCOTTSBLUFF NE AIRPORT
                                          MONTH:     OCTOBER
                                          YEAR:      2014
                                          LATITUDE:   41 52 N
                                          LONGITUDE: 103 36 W

  TEMPERATURE IN F:       :PCPN:    SNOW:  WIND      :SUNSHINE: SKY     :PK WND
================================================================================
1   2   3   4   5  6A  6B    7    8   9   10  11  12  13   14  15   16   17  18
                                     12Z  AVG MX 2MIN
DY MAX MIN AVG DEP HDD CDD  WTR  SNW DPTH SPD SPD DIR MIN PSBL S-S WX    SPD DR
================================================================================

 1  67  42  55   1  10   0 0.02  0.0    0  7.6 26 310   M    M   3        33 310
 2  67  37  52  -2  13   0 0.02  0.0    0 11.8 36 340   M    M   3        46 350
 3  56  32  44  -9  21   0    T  0.0    0 12.3 26 310   M    M   0        34 310
 4  72  31  52  -1  13   0 0.00  0.0    0  7.7 21 330   M    M   3        28 330
 5  70  42  56   3   9   0    T  0.0    0 11.6 37 320   M    M   4        48 320
 6  77  39  58   6   7   0 0.00  0.0    0  8.2 22 320   M    M   2        31 310
 7  78  45  62  10   3   0 0.00  0.0    0  6.0 15  70   M    M   1 8      20  70
 8  80  40  60   9   5   0 0.00  0.0    0  6.2 14  30   M    M   0 8      17  30
 9  64  42  53   2  12   0 0.00  0.0    0  7.1 15 110   M    M   3        19 110
10  67  42  55   4  10   0 0.00  0.0    0  9.5 16 210   M    M   6        20 130
11  76  40  58   8   7   0 0.00  0.0    0  8.6 17 120   M    M   1 18     21 120
12  63  40  52   2  13   0 0.01    M    0 14.8 31 330   M    M   5 1      40 330
13  64  31  48  -2  17   0 0.00  0.0    0  9.5 23 320   M    M   1        29 300
14  76  27  52   3  13   0 0.00  0.0    0  5.1 10 280   M    M   0        13 320
15  85  35  60  11   5   0 0.00  0.0    0  5.3 12 150   M    M   0 1      13 150
16  69  40  55   7  10   0 0.00  0.0    0  9.5 18 300   M    M   0        25 300
17  65  32  49   1  16   0 0.00  0.0    0  4.9 10  90   M    M   0 8      13  90
18  73  36  55   7  10   0 0.00  0.0    0 10.4 21 150   M    M   0        25 140
19  76  38  57  10   8   0 0.00  0.0    0  6.0 15 310   M    M   0        17 310
20  81  35  58  11   7   0 0.00  0.0    0  8.1 20 190   M    M   0        25 190
21  79  42  61  14   4   0 0.02    M    0  7.6 21 260   M    M   2        27 260
================================================================================
SM 1505  788       213   0  0.07     0.0 177.8          M       34
================================================================================
AV 71.7 37.5                               8.5 FASTST   M    M   2    MAX(MPH)
                                 MISC ---->  # 37 320               # 48  320
================================================================================
NOTES:
# LAST OF SEVERAL OCCURRENCES

COLUMN 17 PEAK WIND IN M.P.H.

PRELIMINARY LOCAL CLIMATOLOGICAL DATA (WS FORM: F-6) , PAGE 2

                                          STATION:  SCOTTSBLUFF NE AIRPORT
                                          MONTH:    OCTOBER
                                          YEAR:     2014
                                          LATITUDE:   41 52 N
                                          LONGITUDE: 103 36 W

[TEMPERATURE DATA]      [PRECIPITATION DATA]       SYMBOLS USED IN COLUMN 16

AVERAGE MONTHLY: 54.6   TOTAL FOR MONTH:   0.07    1 = FOG OR MIST
DPTR FM NORMAL:   4.3   DPTR FM NORMAL:   -0.76    2 = FOG REDUCING VISIBILITY
HIGHEST:    85 ON 15    GRTST 24HR  0.22 ON 30- 1      TO 1/4 MILE OR LESS
LOWEST:     27 ON 14                               3 = THUNDER
                        SNOW, ICE PELLETS, HAIL    4 = ICE PELLETS
                        TOTAL MONTH:   0.0 INCH    5 = HAIL
                        GRTST 24HR     0.0         6 = FREEZING RAIN OR DRIZZLE
                        GRTST DEPTH:   0           7 = DUSTSTORM OR SANDSTORM:
                                                       VSBY 1/2 MILE OR LESS
                                                   8 = SMOKE OR HAZE
[NO. OF DAYS WITH]      [WEATHER - DAYS WITH]      9 = BLOWING SNOW
                                                   X = TORNADO
MAX 32 OR BELOW:   0    0.01 INCH OR MORE:   4
MAX 90 OR ABOVE:   0    0.10 INCH OR MORE:   0
MIN 32 OR BELOW:   5    0.50 INCH OR MORE:   0
MIN  0 OR BELOW:   0    1.00 INCH OR MORE:   0

[HDD (BASE 65) ]
TOTAL THIS MO.   213    CLEAR  (SCALE 0-3)  17
DPTR FM NORMAL   -96    PTCLDY (SCALE 4-7)   4
TOTAL FM JUL 1   337    CLOUDY (SCALE 8-10)  0
DPTR FM NORMAL  -151

[CDD (BASE 65) ]
TOTAL THIS MO.     0
DPTR FM NORMAL     0    [PRESSURE DATA]
TOTAL FM JAN 1   719    HIGHEST SLP  0.00 ON  2
DPTR FM NORMAL    -4    LOWEST  SLP 29.53 ON 12

[REMARKS]
