485
CXUS54 KAMA 211015
CF6BGD
PRELIMINARY LOCAL CLIMATOLOGICAL DATA (WS FORM: F-6)

                                          STATION:   BORGER
                                          MONTH:     NOVEMBER
                                          YEAR:      2017
                                          LATITUDE:   35 42 N
                                          LONGITUDE: 101 24 W

  TEMPERATURE IN F:       :PCPN:    SNOW:  WIND      :SUNSHINE: SKY     :PK WND
================================================================================
1   2   3   4   5  6A  6B    7    8   9   10  11  12  13   14  15   16   17  18
                                     12Z  AVG MX 2MIN
DY MAX MIN AVG DEP HDD CDD  WTR  SNW DPTH SPD SPD DIR MIN PSBL S-S WX    SPD DR
================================================================================

 1  82  47  65  10   0   0 0.00  0.0    0 10.5 21 240   M    M   0        26 250
 2  63  44  54   0  11   0 0.00  0.0    0 11.7 20  20   M    M   1        25  10
 3  72  47  60   6   5   0 0.00    M    0  8.0 20 170   M    M   5        27 170
 4  82  56  69  16   0   4 0.00  0.0    0  9.9 21 250   M    M   0        26 250
 5  70  42  56   3   9   0 0.00  0.0    0 10.9 17  30   M    M   0        24 260
 6  55  37  46  -7  19   0 0.00  0.0    0  6.0 15  90   M    M   6 8      21 100
 7  48  34  41 -11  24   0    T  0.0    0 10.2 17  30   M    M   6        22  20
 8  47  29  38 -14  27   0 0.06  0.8    1  5.0 15  20   M    M   6 1      18 360
 9  63  32  48  -3  17   0 0.00  0.0    0  7.5 16 160   M    M   0        24 150
10  64  40  52   1  13   0 0.00  0.0    0 12.5 23 170   M    M   4        29 200
11  71  46  59   8   6   0 0.00  0.0    0 10.1 20 200   M    M   3        30 210
12  50  45  48  -2  17   0 0.00  0.0    0  8.0 18  20   M    M   9        22  10
13  68  48  58   8   7   0 0.00  0.0    0 11.0 24 230   M    M   6        36 240
14  81  47  64  15   1   0 0.00  0.0    0  7.6 15 230   M    M   0 1      23 230
15  61  46  54   5  11   0 0.00  0.0    0 11.3 25  30   M    M   0        32  30
16  74  41  58  10   7   0 0.00  0.0    0 11.8 21 170   M    M   0        31 170
17  85  54  70  22   0   5 0.00  0.0    0 14.7 32 240   M    M   0        41 250
18  70  33  52   4  13   0    T  0.0    0 16.9 37 350   M    M   2        47 350
19  62  29  46  -1  19   0 0.00  0.0    0 10.3 21 230   M    M   0        32 220
20  67  37  52   5  13   0 0.00  0.0    0  9.6 18 250   M    M   0        23 220
================================================================================
SM 1335  834       219   9  0.06     0.8 203.5          M       48
================================================================================
AV 66.8 41.7                              10.2 FASTST   M    M   2    MAX(MPH)
                                 MISC ---->  # 37 350               # 47  350
================================================================================
NOTES:
# LAST OF SEVERAL OCCURRENCES

COLUMN 17 PEAK WIND IN M.P.H.

PRELIMINARY LOCAL CLIMATOLOGICAL DATA (WS FORM: F-6) , PAGE 2

                                          STATION:  BORGER
                                          MONTH:    NOVEMBER
                                          YEAR:     2017
                                          LATITUDE:   35 42 N
                                          LONGITUDE: 101 24 W

[TEMPERATURE DATA]      [PRECIPITATION DATA]       SYMBOLS USED IN COLUMN 16

AVERAGE MONTHLY: 54.2   TOTAL FOR MONTH:   0.06    1 = FOG OR MIST
DPTR FM NORMAL:   3.5   DPTR FM NORMAL:   -0.56    2 = FOG REDUCING VISIBILITY
HIGHEST:    85 ON 17    GRTST 24HR  0.06 ON  8- 8      TO 1/4 MILE OR LESS
LOWEST:     29 ON 19, 8                            3 = THUNDER
                        SNOW, ICE PELLETS, HAIL    4 = ICE PELLETS
                        TOTAL MONTH:   0.8 INCH    5 = HAIL
                        GRTST 24HR   0.8 ON  8- 8  6 = FREEZING RAIN OR DRIZZLE
                        GRTST DEPTH:   0           7 = DUSTSTORM OR SANDSTORM:
                                                       VSBY 1/2 MILE OR LESS
                                                   8 = SMOKE OR HAZE
[NO. OF DAYS WITH]      [WEATHER - DAYS WITH]      9 = BLOWING SNOW
                                                   X = TORNADO
MAX 32 OR BELOW:   0    0.01 INCH OR MORE:   1
MAX 90 OR ABOVE:   0    0.10 INCH OR MORE:   0
MIN 32 OR BELOW:   3    0.50 INCH OR MORE:   0
MIN  0 OR BELOW:   0    1.00 INCH OR MORE:   0

[HDD (BASE 65) ]
TOTAL THIS MO.   219    CLEAR  (SCALE 0-3)  13
DPTR FM NORMAL   -70    PTCLDY (SCALE 4-7)   6
TOTAL FM JUL 1   418    CLOUDY (SCALE 8-10)  1
DPTR FM NORMAL   -92

[CDD (BASE 65) ]
TOTAL THIS MO.     9
DPTR FM NORMAL     9    [PRESSURE DATA]
TOTAL FM JAN 1  2001    HIGHEST SLP M ON M
DPTR FM NORMAL   166    LOWEST  SLP 29.50 ON  1

[REMARKS]
