000
CXUS54 KAMA 291015
CF6BGD
PRELIMINARY LOCAL CLIMATOLOGICAL DATA (WS FORM: F-6)

                                          STATION:   BORGER
                                          MONTH:     JULY
                                          YEAR:      2014
                                          LATITUDE:   35 42 N
                                          LONGITUDE: 101 24 W

  TEMPERATURE IN F:       :PCPN:    SNOW:  WIND      :SUNSHINE: SKY     :PK WND
================================================================================
1   2   3   4   5  6A  6B    7    8   9   10  11  12  13   14  15   16   17  18
                                     12Z  AVG MX 2MIN
DY MAX MIN AVG DEP HDD CDD  WTR  SNW DPTH SPD SPD DIR MIN PSBL S-S WX    SPD DR
================================================================================

 1  84  66  75  -5   0  10 0.70  0.0    0 10.7 30 140   M    M   3 13     38 140
 2  76  65  71 -10   0   6 0.20  0.0    0  7.4 15 120   M    M   6 13     19  70
 3  86  64  75  -6   0  10 0.00  0.0    0 10.6 20 170   M    M   3        26 160
 4  92  67  80  -1   0  15 0.00  0.0    0 13.6 22 170   M    M   2        31 160
 5  95  68  82   1   0  17 0.00  0.0    0 14.1 22 180   M    M   0        31 220
 6  97  75  86   5   0  21 0.00  0.0    0 11.5 18 200   M    M   1        24 190
 7  99  75  87   6   0  22 0.00  0.0    0 10.8 18 180   M    M   1        25 220
 8  91  73  82   0   0  17 0.00  0.0    0 11.8 24  30   M    M   0        30  30
 9  97  67  82   0   0  17 0.00  0.0    0 11.5 23 190   M    M   1 3      30 200
10  98  76  87   5   0  22 0.00  0.0    0 13.9 21 200   M    M   0        30 210
11  96  72  84   2   0  19 0.00  0.0    0 13.0 21 160   M    M   0        28 160
12  93  72  83   1   0  18 0.00  0.0    0 12.5 22 220   M    M   1        32 210
13  96  72  84   2   0  19 0.08  0.0    0  6.5 22 240   M    M   2 3      27 260
14  94  70  82   0   0  17 0.02  0.0    0  5.5 14 240   M    M   3 3      22 330
15  80  67  74  -8   0   9 0.00  0.0    0  9.9 21 110   M    M   4        27 140
16  83  61  72 -10   0   7 1.52  0.0    0 13.7 26 120   M    M   5 13     34 120
17  69  58  64 -18   1   0    T  0.0    0  7.5 15  60   M    M  10 1      19  60
18  81  63  72 -10   0   7 0.00  0.0    0  8.0 17 170   M    M   7        24 170
19  91  65  78  -4   0  13 0.00  0.0    0 11.0 20 170   M    M   2        28 170
20  97  72  85   3   0  20 0.00  0.0    0 13.4 21 170   M    M   0        28 160
21  98  76  87   5   0  22 0.00  0.0    0 13.1 23 170   M    M   0        33 170
22  97  74  86   4   0  21    T  0.0    0  6.0 16 140   M    M   0 3      22 170
23  99  70  85   3   0  20 0.00  0.0    0  6.0 15 140   M    M   0        19 150
24 100  73  87   5   0  22 0.00  0.0    0 10.8 23 170   M    M   0        33 160
25 104  77  91   9   0  26 0.00  0.0    0 16.1 24 220   M    M   0        35 190
26 104  75  90   8   0  25 0.00  0.0    0 11.3 23 240   M    M   0        29 250
27  96  76  86   4   0  21 0.00  0.0    0 11.6 24  70   M    M   1        30  50
28  77  63  70 -12   0   5 0.64  0.0    0  8.7 23 330   M    M   5 13     31 330
================================================================================
SM 2570 1952         1 448  3.16     0.0 300.5          M       57
================================================================================
AV 91.8 69.7                              10.7 FASTST   M    M   2    MAX(MPH)
                                 MISC ---->  # 30 140               # 38  140
================================================================================
NOTES:
# LAST OF SEVERAL OCCURRENCES

COLUMN 17 PEAK WIND IN M.P.H.

PRELIMINARY LOCAL CLIMATOLOGICAL DATA (WS FORM: F-6) , PAGE 2

                                          STATION:  BORGER
                                          MONTH:    JULY
                                          YEAR:     2014
                                          LATITUDE:   35 42 N
                                          LONGITUDE: 101 24 W

[TEMPERATURE DATA]      [PRECIPITATION DATA]       SYMBOLS USED IN COLUMN 16

AVERAGE MONTHLY: 80.8   TOTAL FOR MONTH:   3.16    1 = FOG OR MIST
DPTR FM NORMAL:  -1.0   DPTR FM NORMAL:    0.95    2 = FOG REDUCING VISIBILITY
HIGHEST:   104 ON 26,25 GRTST 24HR  1.52 ON 16-16      TO 1/4 MILE OR LESS
LOWEST:     58 ON 17                               3 = THUNDER
                        SNOW, ICE PELLETS, HAIL    4 = ICE PELLETS
                        TOTAL MONTH:   0.0 INCH    5 = HAIL
                        GRTST 24HR     0.0         6 = FREEZING RAIN OR DRIZZLE
                        GRTST DEPTH:   0           7 = DUSTSTORM OR SANDSTORM:
                                                       VSBY 1/2 MILE OR LESS
                                                   8 = SMOKE OR HAZE
[NO. OF DAYS WITH]      [WEATHER - DAYS WITH]      9 = BLOWING SNOW
                                                   X = TORNADO
MAX 32 OR BELOW:   0    0.01 INCH OR MORE:   6
MAX 90 OR ABOVE:  20    0.10 INCH OR MORE:   4
MIN 32 OR BELOW:   0    0.50 INCH OR MORE:   3
MIN  0 OR BELOW:   0    1.00 INCH OR MORE:   1

[HDD (BASE 65) ]
TOTAL THIS MO.     1    CLEAR  (SCALE 0-3)  20
DPTR FM NORMAL     1    PTCLDY (SCALE 4-7)   7
TOTAL FM JUL 1     1    CLOUDY (SCALE 8-10)  1
DPTR FM NORMAL     1

[CDD (BASE 65) ]
TOTAL THIS MO.   448
DPTR FM NORMAL   -23    [PRESSURE DATA]
TOTAL FM JAN 1  1169    HIGHEST SLP M ON M
DPTR FM NORMAL   143    LOWEST  SLP 29.75 ON 16

[REMARKS]
