000
CXUS51 KBGM 310800
CF6BGM
PRELIMINARY LOCAL CLIMATOLOGICAL DATA (WS FORM: F-6)

                                          STATION:   BINGHAMTON NY
                                          MONTH:     JULY
                                          YEAR:      2016
                                          LATITUDE:   42 13 N
                                          LONGITUDE:  75 59 W

  TEMPERATURE IN F:       :PCPN:    SNOW:  WIND      :SUNSHINE: SKY     :PK WND
================================================================================
1   2   3   4   5  6A  6B    7    8   9   10  11  12  13   14  15   16   17  18
                                     12Z  AVG MX 2MIN
DY MAX MIN AVG DEP HDD CDD  WTR  SNW DPTH SPD SPD DIR MIN PSBL S-S WX    SPD DR
================================================================================

 1  75  57  66  -2   0   1 0.10  0.0    0  8.1 18 280   M    M   4 138    26 190
 2  73  54  64  -4   1   0 0.00  0.0    0 10.2 22 340   M    M   4        31 340
 3  75  53  64  -4   1   0 0.00  0.0    0  5.7 13 240   M    M   2        19 240
 4  79  55  67  -1   0   2 0.00  0.0    0  5.2 13 190   M    M   2        19 130
 5  83  65  74   6   0   9 0.00  0.0    0  5.0 13 280   M    M   8        17 290
 6  86  64  75   7   0  10 0.00  0.0    0  4.5 12 220   M    M   3        16 220
 7  85  70  78  10   0  13 0.00  0.0    0  6.4 14 360   M    M   3        17 350
 8  85  64  75   7   0  10 0.16  0.0    0  5.0 12 150   M    M   3 123    17 150
 9  84  62  73   4   0   8 0.01  0.0    0  8.6 18 280   M    M   6 13     28 300
10  68  59  64  -5   1   0 0.02  0.0    0  8.3 18 340   M    M   5 1      24 330
11  78  53  66  -3   0   1 0.00  0.0    0  5.2 10 100   M    M   1 1      14 350
12  85  56  71   2   0   6 0.00  0.0    0  6.3 13 240   M    M   3        18 250
13  85  66  76   7   0  11 0.00  0.0    0  8.2 17 220   M    M   2        23 210
14  86  68  77   8   0  12 0.12  0.0    0  9.8 15 230   M    M   4 13     39 270
15  87  65  76   7   0  11 0.05  0.0    0  7.5 22 260   M    M   3        29 270
16  79  62  71   2   0   6 0.07  0.0    0  4.7 13 360   M    M   5 13     16  30
17  82  60  71   2   0   6    T  0.0    0  5.9 16 260   M    M   4 13     21 260
18  80  65  73   4   0   8 0.09  0.0    0  8.5 22 250   M    M   2 13     29 260
19  76  57  67  -2   0   2 0.00  0.0    0  8.0 20 300   M    M   3        28 300
20  81  52  67  -2   0   2 0.00  0.0    0  3.1 13 290   M    M   1        17 300
21  87  55  71   2   0   6 0.00  0.0    0  4.8 14 240   M    M   0        25 220
22  93  71  82  13   0  17 0.00  0.0    0 10.0 18 300   M    M   3        26 290
23  88  66  77   8   0  12 0.00  0.0    0 10.1 22 300   M    M   1        31 290
24  90  65  78   9   0  13 0.00  0.0    0  4.7 13 280   M    M   0        16 280
25  84  65  75   6   0  10 0.86  0.0    0  6.1 22 320   M    M   2 138    33 330
26  82  64  73   4   0   8 0.00  0.0    0  7.2 16 350   M    M   3 12     20 350
27  86  60  73   4   0   8 0.00  0.0    0  4.3 12 330   M    M   1        16 270
28  85  63  74   5   0   9 0.00  0.0    0  3.3  9  20   M    M   0        12 300
29  84  65  75   6   0  10 0.00  0.0    0  7.7 16 350   M    M   2        20  10
30  70  61  66  -3   0   1 0.52  0.0    0  6.2 15  50   M    M   8 1      19  60
================================================================================
SM 2461 1842         3 212  2.00     0.0 198.6          M       88
================================================================================
AV 82.0 61.4                               6.6 FASTST   M    M   3    MAX(MPH)
                                 MISC ---->  # 22 340                 39    M
================================================================================
NOTES:
# LAST OF SEVERAL OCCURRENCES

COLUMN 17 PEAK WIND IN M.P.H.

PRELIMINARY LOCAL CLIMATOLOGICAL DATA (WS FORM: F-6) , PAGE 2

                                          STATION:  BINGHAMTON NY
                                          MONTH:    JULY
                                          YEAR:     2016
                                          LATITUDE:   42 13 N
                                          LONGITUDE:  75 59 W

[TEMPERATURE DATA]      [PRECIPITATION DATA]       SYMBOLS USED IN COLUMN 16

AVERAGE MONTHLY: 71.7   TOTAL FOR MONTH:   2.00    1 = FOG OR MIST
DPTR FM NORMAL:   3.0   DPTR FM NORMAL:   -1.58    2 = FOG REDUCING VISIBILITY
HIGHEST:    93 ON 22    GRTST 24HR  0.86 ON 24-25      TO 1/4 MILE OR LESS
LOWEST:     52 ON 20                               3 = THUNDER
                        SNOW, ICE PELLETS, HAIL    4 = ICE PELLETS
                        TOTAL MONTH:   0.0 INCH    5 = HAIL
                        GRTST 24HR     0.0         6 = FREEZING RAIN OR DRIZZLE
                        GRTST DEPTH:   0           7 = DUSTSTORM OR SANDSTORM:
                                                       VSBY 1/2 MILE OR LESS
                                                   8 = SMOKE OR HAZE
[NO. OF DAYS WITH]      [WEATHER - DAYS WITH]      9 = BLOWING SNOW
                                                   X = TORNADO
MAX 32 OR BELOW:   0    0.01 INCH OR MORE:  10
MAX 90 OR ABOVE:   2    0.10 INCH OR MORE:   5
MIN 32 OR BELOW:   0    0.50 INCH OR MORE:   2
MIN  0 OR BELOW:   0    1.00 INCH OR MORE:   0

[HDD (BASE 65) ]
TOTAL THIS MO.     3    CLEAR  (SCALE 0-3)  18
DPTR FM NORMAL   -27    PTCLDY (SCALE 4-7)  12
TOTAL FM JUL 1     3    CLOUDY (SCALE 8-10)  0
DPTR FM NORMAL   -27

[CDD (BASE 65) ]
TOTAL THIS MO.   212
DPTR FM NORMAL    75    [PRESSURE DATA]
TOTAL FM JAN 1   321    HIGHEST SLP M ON M
DPTR FM NORMAL    87    LOWEST  SLP 29.70 ON  9

[REMARKS]
