000
CXUS51 KCAR 280600
CF6BGR
PRELIMINARY LOCAL CLIMATOLOGICAL DATA (WS FORM: F-6)

                                          STATION:   BANGOR ME
                                          MONTH:     NOVEMBER
                                          YEAR:      2014
                                          LATITUDE:   44 47 N
                                          LONGITUDE:  68 49 W

  TEMPERATURE IN F:       :PCPN:    SNOW:  WIND      :SUNSHINE: SKY     :PK WND
================================================================================
1   2   3   4   5  6A  6B    7    8   9   10  11  12  13   14  15   16   17  18
                                     12Z  AVG MX 2MIN
DY MAX MIN AVG DEP HDD CDD  WTR  SNW DPTH SPD SPD DIR MIN PSBL S-S WX    SPD DR
================================================================================

 1  45  35  40  -2  25   0 0.20    T    0 14.0 24 360   M    M  10 1      33  20
 2  35  31  33  -9  32   0 0.59 12.0    0 24.4 37 350   M    M   9 12     47 350
 3  43  30  37  -4  28   0 0.00  0.0   10  8.9 22 320   M    M   5 1      29 310
 4  42  17  30 -11  35   0 0.00  0.0    9  3.0  8 150   M    M   6        11 280
 5  53  32  43   2  22   0 0.03  0.0    6  3.2 16 310   M    M   6 1      19 310
 6  47  31  39  -1  26   0 0.16  0.0    2  2.4 12 290   M    M   8 1      16 280
 7  41  34  38  -2  27   0 0.28    T    T 13.9 24 340   M    M  10 1      30 340
 8  40  28  34  -6  31   0 0.00  0.0    0  7.2 22 310   M    M   6        31 320
 9  50  30  40   1  25   0 0.00  0.0    0  2.7 10 340   M    M   8        12 190
10  52  26  39   0  26   0 0.00  0.0    0  2.4 15 220   M    M   5 1      22 210
11  57  28  43   4  22   0 0.00  0.0    0  7.2 22 180   M    M   7 12     27 170
12  55  35  45   7  20   0 0.03  0.0    0  6.1 21 320   M    M   9 1      23 320
13  45  27  36  -2  29   0    T    T    0  3.9 12 320   M    M   5 1      18 280
14  36  27  32  -6  33   0 0.26  2.7    3  5.2 21 320   M    M   7 18     27 320
15  33  19  26 -11  39   0 0.00  0.0    2  6.3 16 310   M    M   1        21 310
16  38  15  27 -10  38   0 0.00  0.0    2  5.8 15 190   M    M   7        22 210
17  37  32  35  -1  30   0 0.43    T    1  4.5 13  40   M    M  10 14     14  40
18  36  24  30  -6  35   0 0.01    T    0  6.8 20 310   M    M   6 1      29 190
19  34  17  26 -10  39   0 0.00  0.0    0  7.0 16 270   M    M   2 1      23 250
20  40  21  31  -4  34   0 0.00  0.0    0  6.4 17 210   M    M   7        23 210
21  32  19  26  -9  39   0 0.00  0.0    0 10.0 23 320   M    M   2        33 320
22  36  13  25 -10  40   0 0.00  0.0    0  6.8 17 190   M    M   7        23 220
23  50  32  41   7  24   0 0.00  0.0    0  2.5  9 200   M    M   8        14 210
24  59  34  47  13  18   0 0.43  0.0    0 13.0 28 190   M    M   9 1      37 180
25  62  42  52  18  13   0 0.00  0.0    0  7.4 16 240   M    M   6        23 260
26  44  30  37   4  28   0 0.69  9.5    0  8.7 29  10   M    M   9 1      35  20
27  33   9  21 -12  44   0 0.09  1.7   10 14.6 31 360   M    M   8 1      40  10
================================================================================
SM 1175  718       802   0  3.20    25.9 204.3          M      183
================================================================================
AV 43.5 26.6                               7.6 FASTST   M    M   7    MAX(MPH)
                                 MISC ---->  # 37 350               # 47  350
================================================================================
NOTES:
# LAST OF SEVERAL OCCURRENCES

COLUMN 17 PEAK WIND IN M.P.H.

PRELIMINARY LOCAL CLIMATOLOGICAL DATA (WS FORM: F-6) , PAGE 2

                                          STATION:  BANGOR ME
                                          MONTH:    NOVEMBER
                                          YEAR:     2014
                                          LATITUDE:   44 47 N
                                          LONGITUDE:  68 49 W

[TEMPERATURE DATA]      [PRECIPITATION DATA]       SYMBOLS USED IN COLUMN 16

AVERAGE MONTHLY: 35.1   TOTAL FOR MONTH:   3.20    1 = FOG OR MIST
DPTR FM NORMAL:  -2.5   DPTR FM NORMAL:   -0.57    2 = FOG REDUCING VISIBILITY
HIGHEST:    62 ON 25    GRTST 24HR  0.78 ON 26-27      TO 1/4 MILE OR LESS
LOWEST:      9 ON 27                               3 = THUNDER
                        SNOW, ICE PELLETS, HAIL    4 = ICE PELLETS
                        TOTAL MONTH:  25.9 INCHES  5 = HAIL
                        GRTST 24HR  12.0 ON  2- 2  6 = FREEZING RAIN OR DRIZZLE
                        GRTST DEPTH:  10 ON 27, 3  7 = DUSTSTORM OR SANDSTORM:
                                                       VSBY 1/2 MILE OR LESS
                                                   8 = SMOKE OR HAZE
[NO. OF DAYS WITH]      [WEATHER - DAYS WITH]      9 = BLOWING SNOW
                                                   X = TORNADO
MAX 32 OR BELOW:   1    0.01 INCH OR MORE:  12
MAX 90 OR ABOVE:   0    0.10 INCH OR MORE:   8
MIN 32 OR BELOW:  22    0.50 INCH OR MORE:   2
MIN  0 OR BELOW:   0    1.00 INCH OR MORE:   0

[HDD (BASE 65) ]
TOTAL THIS MO.   802    CLEAR  (SCALE 0-3)   3
DPTR FM NORMAL    60    PTCLDY (SCALE 4-7)  15
TOTAL FM JUL 1  1448    CLOUDY (SCALE 8-10)  9
DPTR FM NORMAL  -120

[CDD (BASE 65) ]
TOTAL THIS MO.     0
DPTR FM NORMAL     0    [PRESSURE DATA]
TOTAL FM JAN 1   363    HIGHEST SLP M ON M
DPTR FM NORMAL    45    LOWEST  SLP 29.27 ON 18

[REMARKS]
