000
CXUS55 KBYZ 241055
CF6BHK
PRELIMINARY LOCAL CLIMATOLOGICAL DATA (WS FORM: F-6)

                                          STATION:   BAKER MT
                                          MONTH:     FEBRUARY
                                          YEAR:      2017
                                          LATITUDE:   46 20 N
                                          LONGITUDE: 104 15 W

  TEMPERATURE IN F:       :PCPN:    SNOW:  WIND      :SUNSHINE: SKY     :PK WND
================================================================================
1   2   3   4   5  6A  6B    7    8   9   10  11  12  13   14  15   16   17  18
                                     12Z  AVG MX 2MIN
DY MAX MIN AVG DEP HDD CDD  WTR  SNW DPTH SPD SPD DIR MIN PSBL S-S WX    SPD DR
================================================================================

 1  15   6  11  -8  54   0    T    M    M 13.9 24 310   M    M  10 18     28 300
 2  12  -5   4 -15  61   0    T    M    M  9.0 17 240   M    M   3 1      20 320
 3  14 -11   2 -17  63   0 0.00    M    M 12.7 25 140   M    M   1 8      29 140
 4  17   2  10  -9  55   0    T    M    M 10.5 23 310   M    M   8 18     27 310
 5  25  -2  12  -8  53   0 0.00    M    M 11.4 25 150   M    M   3 18     28 150
 6  11   5   8 -12  57   0    T    M    M 11.5 21 110   M    M  10 18     24 110
 7   6  -7   0 -20  65   0    T    M    M  4.9 13 310   M    M   6 18     15 310
 8   5 -10  -2 -22  67   0    T    M    M  8.1 14 280   M    M   6 18     17 280
 9  45   4  25   5  40   0 0.00    M    M 15.0 24 230   M    M   5        29 220
10  43  36  40  20  25   0    T    M    M 11.2 23 260   M    M   8        43 310
11  41  21  31  10  34   0    T    M    M 14.1 32 320   M    M   4        42 310
12  39  21  30   9  35   0 0.00    M    M 11.5 20 220   M    M   0        24 300
13  39  24  32  11  33   0 0.00    M    M 11.4 20 280   M    M   0        35 190
14  41  22  32  11  33   0 0.00    M    M  5.8 16 220   M    M   2        19 220
15  49  26  38  16  27   0 0.00    M    M  8.7 21 260   M    M   0        23 250
16  58  33  46  24  19   0 0.00    M    M  6.7 16 250   M    M   0        20 230
17  54  27  41  19  24   0 0.00    M    M 10.8 24 270   M    M   3        31 290
18  51  30  41  19  24   0 0.00    M    M  8.9 16 100   M    M   3        21 110
19  59  29  44  21  21   0 0.00    M    M  7.2 14 130   M    M   2        15 130
20  55  34  45  22  20   0 0.00    M    M  8.5 20 250   M    M   3        24 250
21  60  33  47  24  18   0 0.07    M    M  8.0 46 310   M    M   1 13     60 310
22  38  26  32   8  33   0 0.08    M    M  9.6 16 340   M    M  10 12     20 280
23  31  21  26   2  39   0    T    M    M 11.1 18  70   M    M  10 18     22  70
================================================================================
SM  808  365       900   0  0.15    M    230.5          M       98
================================================================================
AV 35.1 15.9                              10.0 FASTST   M    M   4    MAX(MPH)
                                 MISC ---->  # 46 310               # 60  310
================================================================================
NOTES:
# LAST OF SEVERAL OCCURRENCES

COLUMN 17 PEAK WIND IN M.P.H.

PRELIMINARY LOCAL CLIMATOLOGICAL DATA (WS FORM: F-6) , PAGE 2

                                          STATION:  BAKER MT
                                          MONTH:    FEBRUARY
                                          YEAR:     2017
                                          LATITUDE:   46 20 N
                                          LONGITUDE: 104 15 W

[TEMPERATURE DATA]      [PRECIPITATION DATA]       SYMBOLS USED IN COLUMN 16

AVERAGE MONTHLY: 25.5   TOTAL FOR MONTH:   0.15    1 = FOG OR MIST
DPTR FM NORMAL:   4.4   DPTR FM NORMAL:   -0.08    2 = FOG REDUCING VISIBILITY
HIGHEST:    60 ON 21    GRTST 24HR  0.08 ON 22-22      TO 1/4 MILE OR LESS
LOWEST:    -11 ON  3                               3 = THUNDER
                        SNOW, ICE PELLETS, HAIL    4 = ICE PELLETS
                        TOTAL MONTH:    M          5 = HAIL
                        GRTST 24HR    M  ON   M    6 = FREEZING RAIN OR DRIZZLE
                        GRTST DEPTH:  M  ON   M    7 = DUSTSTORM OR SANDSTORM:
                                                       VSBY 1/2 MILE OR LESS
                                                   8 = SMOKE OR HAZE
[NO. OF DAYS WITH]      [WEATHER - DAYS WITH]      9 = BLOWING SNOW
                                                   X = TORNADO
MAX 32 OR BELOW:   9    0.01 INCH OR MORE:   2
MAX 90 OR ABOVE:   0    0.10 INCH OR MORE:   0
MIN 32 OR BELOW:  19    0.50 INCH OR MORE:   0
MIN  0 OR BELOW:   5    1.00 INCH OR MORE:   0

[HDD (BASE 65) ]
TOTAL THIS MO.   900    CLEAR  (SCALE 0-3)  13
DPTR FM NORMAL  -111    PTCLDY (SCALE 4-7)   5
TOTAL FM JUL 1  5801    CLOUDY (SCALE 8-10)  5
DPTR FM NORMAL  -155

[CDD (BASE 65) ]
TOTAL THIS MO.     0
DPTR FM NORMAL     0    [PRESSURE DATA]
TOTAL FM JAN 1     0    HIGHEST SLP  0.00 ON 16
DPTR FM NORMAL     0    LOWEST  SLP  0.00 ON 16

[REMARKS]
