000
CXUS55 KBYZ 201055
CF6BHK
PRELIMINARY LOCAL CLIMATOLOGICAL DATA (WS FORM: F-6)

                                          STATION:   BAKER MT
                                          MONTH:     JANUARY
                                          YEAR:      2017
                                          LATITUDE:   46 20 N
                                          LONGITUDE: 104 15 W

  TEMPERATURE IN F:       :PCPN:    SNOW:  WIND      :SUNSHINE: SKY     :PK WND
================================================================================
1   2   3   4   5  6A  6B    7    8   9   10  11  12  13   14  15   16   17  18
                                     12Z  AVG MX 2MIN
DY MAX MIN AVG DEP HDD CDD  WTR  SNW DPTH SPD SPD DIR MIN PSBL S-S WX    SPD DR
================================================================================

 1  17  -2   8  -9  57   0    T    M    M 15.2 26  90   M    M   8 1      31  90
 2  10  -9   1 -16  64   0    T    M    M 13.1 22  60   M    M   9 128    25  60
 3  -5 -23 -14 -31  79   0 0.00    M    M  6.8 17 310   M    M   5 18     21 300
 4   1 -20  -9 -26  74   0    T    M    M 11.7 23 290   M    M   8 8      30 290
 5   2 -11  -4 -21  69   0    T    M    M 13.4 25 290   M    M   6 189    30 290
 6  11 -14  -1 -18  66   0    T    M    M  9.3 21 240   M    M   7 18     24 240
 7   3 -16  -6 -23  71   0 0.00    M    M 16.1 29 150   M    M   7 18     32 140
 8   6  -4   1 -16  64   0    T    M    M 15.0 30 290   M    M   4 189    37 300
 9  17   1   9  -8  56   0 0.07    M    M 17.2 32 120   M    M   7 189    36 130
10   7  -2   3 -14  62   0    T    M    M 13.3 25 310   M    M  10 189    30 310
11   0 -15  -7 -24  72   0    T    M    M 12.3 22 290   M    M   4 8      26 300
12   2 -11  -4 -21  69   0 0.00    M    M 12.0 24 140   M    M   1        27 130
13  19 -11   4 -13  61   0 0.00    M    M  8.1 20 140   M    M   0        21 130
14  14 -10   2 -15  63   0 0.00    M    M  1.0 12 260   M    M   0        12 240
15  31  -9  11  -6  54   0 0.00    M    M  5.8 20 240   M    M   0        23 240
16  20   0  10  -7  55   0 0.00    M    M  8.1 22 270   M    M   0        23 270
17  36   2  19   2  46   0 0.00    M    M 16.3 25 250   M    M   0        30 250
18  44  16  30  12  35   0 0.00    M    M  4.4 21 220   M    M   0        39 230
19  38  11  25   7  40   0 0.00    M    M  3.3 13 260   M    M   0        13 270
================================================================================
SM  273 -127      1157   0  0.07    M    202.4          M       76
================================================================================
AV 14.4 -6.7                              10.7 FASTST   M    M   4    MAX(MPH)
                                 MISC ---->  # 32 120               # 39  230
================================================================================
NOTES:
# LAST OF SEVERAL OCCURRENCES

COLUMN 17 PEAK WIND IN M.P.H.

PRELIMINARY LOCAL CLIMATOLOGICAL DATA (WS FORM: F-6) , PAGE 2

                                          STATION:  BAKER MT
                                          MONTH:    JANUARY
                                          YEAR:     2017
                                          LATITUDE:   46 20 N
                                          LONGITUDE: 104 15 W

[TEMPERATURE DATA]      [PRECIPITATION DATA]       SYMBOLS USED IN COLUMN 16

AVERAGE MONTHLY:  3.8   TOTAL FOR MONTH:   0.07    1 = FOG OR MIST
DPTR FM NORMAL: -13.3   DPTR FM NORMAL:   -0.15    2 = FOG REDUCING VISIBILITY
HIGHEST:    44 ON 18    GRTST 24HR  0.07 ON  9- 9      TO 1/4 MILE OR LESS
LOWEST:    -23 ON  3                               3 = THUNDER
                        SNOW, ICE PELLETS, HAIL    4 = ICE PELLETS
                        TOTAL MONTH:    M          5 = HAIL
                        GRTST 24HR    M  ON   M    6 = FREEZING RAIN OR DRIZZLE
                        GRTST DEPTH:  M  ON   M    7 = DUSTSTORM OR SANDSTORM:
                                                       VSBY 1/2 MILE OR LESS
                                                   8 = SMOKE OR HAZE
[NO. OF DAYS WITH]      [WEATHER - DAYS WITH]      9 = BLOWING SNOW
                                                   X = TORNADO
MAX 32 OR BELOW:  16    0.01 INCH OR MORE:   1
MAX 90 OR ABOVE:   0    0.10 INCH OR MORE:   0
MIN 32 OR BELOW:  19    0.50 INCH OR MORE:   0
MIN  0 OR BELOW:  15    1.00 INCH OR MORE:   0

[HDD (BASE 65) ]
TOTAL THIS MO.  1157    CLEAR  (SCALE 0-3)   8
DPTR FM NORMAL   247    PTCLDY (SCALE 4-7)   8
TOTAL FM JUL 1  4397    CLOUDY (SCALE 8-10)  3
DPTR FM NORMAL    15

[CDD (BASE 65) ]
TOTAL THIS MO.     0
DPTR FM NORMAL     0    [PRESSURE DATA]
TOTAL FM JAN 1     0    HIGHEST SLP M ON M
DPTR FM NORMAL     0    LOWEST  SLP 29.46 ON  9

[REMARKS]
