000
CXUS53 KBIS 260726
CF6BIS
PRELIMINARY LOCAL CLIMATOLOGICAL DATA (WS FORM: F-6)

                                          STATION:   BISMARCK ND
                                          MONTH:     FEBRUARY
                                          YEAR:      2015
                                          LATITUDE:   46 46 N
                                          LONGITUDE: 100 45 W

  TEMPERATURE IN F:       :PCPN:    SNOW:  WIND      :SUNSHINE: SKY     :PK WND
================================================================================
1   2   3   4   5  6A  6B    7    8   9   10  11  12  13   14  15   16   17  18
                                     12Z  AVG MX 2MIN
DY MAX MIN AVG DEP HDD CDD  WTR  SNW DPTH SPD SPD DIR MIN PSBL S-S WX    SPD DR
================================================================================

 1   5 -10  -2 -16  67   0 0.04  0.5    2  7.0 15  20   M    M   4 8      18  20
 2  19  -6   7  -7  58   0 0.00  0.0    2  6.8 21 330   M    M   4        27 320
 3  15   3   9  -6  56   0 0.10  2.0    2  6.9 13 310   M    M   9 1      17 310
 4   8  -9   0 -15  65   0 0.00  0.0    3  8.2 15 330   M    M   0        18 310
 5  35  -2  17   2  48   0 0.00  0.0    3  5.4 14 220   M    M   4        20 190
 6  28  17  23   8  42   0 0.00  0.0    2 10.8 16  90   M    M   2        20 100
 7  48  13  31  15  34   0 0.04  0.0    2  3.8 14  40   M    M   3 18     17  40
 8  31  18  25   9  40   0 0.02  0.0    T  8.8 14  60   M    M  10 16     17  60
 9  28  20  24   8  41   0    T  0.0    T  9.9 18 110   M    M  10 16     22 100
10  34  14  24   8  41   0 0.04    T    T 15.2 32 320   M    M  10 16     42 320
11  14  -4   5 -12  60   0    T    T    T 15.1 26 320   M    M   5 8      32 320
12  18  -5   7 -10  58   0 0.05  0.5    T  8.7 20 170   M    M   4 8      22 160
13  38   5  22   5  43   0 0.01  0.2    T  5.2 18  20   M    M   7 1      22  20
14  18  -5   7 -11  58   0    T    T    T 14.4 23  50   M    M   7 1      30  60
15  24   4  14  -4  51   0    T    T    T  8.0 17 280   M    M   9 18     21 320
16  25   5  15  -3  50   0    T  0.1    T  9.5 26 320   M    M   9 18     34 320
17  12  -2   5 -14  60   0    T    T    T 18.2 32 320   M    M   3 9      43 320
18  13  -6   4 -15  61   0 0.00  0.0    T  8.9 21 330   M    M   0        25 330
19  27  -5  11  -8  54   0 0.01  0.2    T  8.4 20 180   M    M   9        23 180
20  36  19  28   8  37   0 0.01  0.2    T  8.1 16 320   M    M  10 1      20 340
21  20  -4   8 -12  57   0 0.01  0.4    1 12.3 23 340   M    M   6 18     29 340
22   5 -14  -4 -24  69   0 0.00  0.0    T  7.2 22 340   M    M   0 8      27 350
23  38  -9  15  -6  50   0 0.00  0.0    T 10.1 35 320   M    M   3        43 320
24  32  20  26   5  39   0 0.01  0.2    T 11.3 22 310   M    M  10 1      30 320
25  20  -3   9 -13  56   0 0.05  1.1    T 13.5 24  90   M    M   7 18     29  90
================================================================================
SM  591   54      1295   0  0.39     5.4 241.7          M      145
================================================================================
AV 23.6  2.2                               9.7 FASTST   M    M   6    MAX(MPH)
                                 MISC ---->  # 35 320               # 43  320
================================================================================
NOTES:
# LAST OF SEVERAL OCCURRENCES

COLUMN 17 PEAK WIND IN M.P.H.

PRELIMINARY LOCAL CLIMATOLOGICAL DATA (WS FORM: F-6) , PAGE 2

                                          STATION:  BISMARCK ND
                                          MONTH:    FEBRUARY
                                          YEAR:     2015
                                          LATITUDE:   46 46 N
                                          LONGITUDE: 100 45 W

[TEMPERATURE DATA]      [PRECIPITATION DATA]       SYMBOLS USED IN COLUMN 16

AVERAGE MONTHLY: 12.9   TOTAL FOR MONTH:   0.39    1 = FOG OR MIST
DPTR FM NORMAL:  -4.6   DPTR FM NORMAL:   -0.04    2 = FOG REDUCING VISIBILITY
HIGHEST:    48 ON  7    GRTST 24HR  0.12 ON 31- 1      TO 1/4 MILE OR LESS
LOWEST:    -14 ON 22                               3 = THUNDER
                        SNOW, ICE PELLETS, HAIL    4 = ICE PELLETS
                        TOTAL MONTH:   5.4 INCHES  5 = HAIL
                        GRTST 24HR   2.0 ON  3- 3  6 = FREEZING RAIN OR DRIZZLE
                        GRTST DEPTH:   3 ON  5, 4  7 = DUSTSTORM OR SANDSTORM:
                                                       VSBY 1/2 MILE OR LESS
                                                   8 = SMOKE OR HAZE
[NO. OF DAYS WITH]      [WEATHER - DAYS WITH]      9 = BLOWING SNOW
                                                   X = TORNADO
MAX 32 OR BELOW:  19    0.01 INCH OR MORE:  12
MAX 90 OR ABOVE:   0    0.10 INCH OR MORE:   1
MIN 32 OR BELOW:  25    0.50 INCH OR MORE:   0
MIN  0 OR BELOW:  14    1.00 INCH OR MORE:   0

[HDD (BASE 65) ]
TOTAL THIS MO.  1295    CLEAR  (SCALE 0-3)   6
DPTR FM NORMAL   109    PTCLDY (SCALE 4-7)  10
TOTAL FM JUL 1  6180    CLOUDY (SCALE 8-10)  9
DPTR FM NORMAL  -124

[CDD (BASE 65) ]
TOTAL THIS MO.     0
DPTR FM NORMAL     0    [PRESSURE DATA]
TOTAL FM JAN 1     0    HIGHEST SLP M ON M
DPTR FM NORMAL     0    LOWEST  SLP 29.57 ON  7

[REMARKS]
