000
CXUS53 KBIS 221139
CF6BIS
PRELIMINARY LOCAL CLIMATOLOGICAL DATA (WS FORM: F-6)

                                          STATION:   BISMARCK ND
                                          MONTH:     APRIL
                                          YEAR:      2017
                                          LATITUDE:   46 46 N
                                          LONGITUDE: 100 45 W

  TEMPERATURE IN F:       :PCPN:    SNOW:  WIND      :SUNSHINE: SKY     :PK WND
================================================================================
1   2   3   4   5  6A  6B    7    8   9   10  11  12  13   14  15   16   17  18
                                     12Z  AVG MX 2MIN
DY MAX MIN AVG DEP HDD CDD  WTR  SNW DPTH SPD SPD DIR MIN PSBL S-S WX    SPD DR
================================================================================

 1  66  42  54  17  11   0 0.00  0.0    0  8.8 18 200   M    M   5 1      24 170
 2  59  40  50  12  15   0 0.00  0.0    0  7.9 20 320   M    M   2        25 320
 3  61  27  44   6  21   0 0.00  0.0    0  5.8 18  40   M    M   1 18     21  30
 4  50  38  44   5  21   0 0.02  0.0    0  6.4 16 320   M    M   9        18 320
 5  56  30  43   4  22   0 0.00  0.0    0  7.7 24 360   M    M   5        31 350
 6  59  20  40   0  25   0 0.00  0.0    0  9.2 22 160   M    M   0 1      27 160
 7  76  41  59  19   6   0 0.00  0.0    0 12.3 25 170   M    M   0        31 170
 8  74  44  59  18   6   0    T  0.0    0 10.3 24 320   M    M   4        30 320
 9  58  30  44   3  21   0 0.00  0.0    0 13.7 25  50   M    M   1        32  30
10  48  26  37  -5  28   0 0.00  0.0    0 10.2 24  40   M    M   3        29  40
11  65  23  44   2  21   0 0.01  0.0    0  6.8 24 290   M    M   2        30 280
12  66  29  48   6  17   0 0.00  0.0    0  3.6  9  60   M    M   0        13  90
13  68  34  51   8  14   0 0.00  0.0    0 16.9 33 160   M    M   1        40 150
14  76  48  62  19   3   0 0.00  0.0    0 19.3 31 160   M    M   4 18     39 150
15  60  37  49   5  16   0 0.07  0.0    0  8.2 36 280   M    M   6 38     45 290
16  58  32  45   1  20   0 0.00  0.0    0 12.2 24 340   M    M   2        31 290
17  54  20  37  -8  28   0 0.15  0.0    0 11.1 24  60   M    M   3 1358   31  90
18  50  37  44  -1  21   0 0.40  0.0    0  7.2 28  70   M    M   9 1358   33  60
19  51  33  42  -4  23   0 0.16  0.0    0  7.1 15 150   M    M   5 1      20 130
20  57  36  47   1  18   0 0.02  0.0    0  4.6 14 270   M    M   8 1      16 270
21  65  32  49   3  16   0 0.00  0.0    0  3.3 13  60   M    M   6 12     14  60
================================================================================
SM 1277  699       373   0  0.83     0.0 192.6          M       76
================================================================================
AV 60.8 33.3                               9.2 FASTST   M    M   4    MAX(MPH)
                                 MISC ---->  # 36 280               # 45  290
================================================================================
NOTES:
# LAST OF SEVERAL OCCURRENCES

COLUMN 17 PEAK WIND IN M.P.H.

PRELIMINARY LOCAL CLIMATOLOGICAL DATA (WS FORM: F-6) , PAGE 2

                                          STATION:  BISMARCK ND
                                          MONTH:    APRIL
                                          YEAR:     2017
                                          LATITUDE:   46 46 N
                                          LONGITUDE: 100 45 W

[TEMPERATURE DATA]      [PRECIPITATION DATA]       SYMBOLS USED IN COLUMN 16

AVERAGE MONTHLY: 47.1   TOTAL FOR MONTH:   0.83    1 = FOG OR MIST
DPTR FM NORMAL:   5.1   DPTR FM NORMAL:    0.04    2 = FOG REDUCING VISIBILITY
HIGHEST:    76 ON 14, 7 GRTST 24HR  0.40 ON 18-18      TO 1/4 MILE OR LESS
LOWEST:     20 ON 17, 6                            3 = THUNDER
                        SNOW, ICE PELLETS, HAIL    4 = ICE PELLETS
                        TOTAL MONTH:   0.0 INCH    5 = HAIL
                        GRTST 24HR     0.0         6 = FREEZING RAIN OR DRIZZLE
                        GRTST DEPTH:   0           7 = DUSTSTORM OR SANDSTORM:
                                                       VSBY 1/2 MILE OR LESS
                                                   8 = SMOKE OR HAZE
[NO. OF DAYS WITH]      [WEATHER - DAYS WITH]      9 = BLOWING SNOW
                                                   X = TORNADO
MAX 32 OR BELOW:   0    0.01 INCH OR MORE:   7
MAX 90 OR ABOVE:   0    0.10 INCH OR MORE:   3
MIN 32 OR BELOW:  10    0.50 INCH OR MORE:   0
MIN  0 OR BELOW:   0    1.00 INCH OR MORE:   0

[HDD (BASE 65) ]
TOTAL THIS MO.   373    CLEAR  (SCALE 0-3)  10
DPTR FM NORMAL  -113    PTCLDY (SCALE 4-7)   9
TOTAL FM JUL 1  7418    CLOUDY (SCALE 8-10)  2
DPTR FM NORMAL  -587

[CDD (BASE 65) ]
TOTAL THIS MO.     0
DPTR FM NORMAL     0    [PRESSURE DATA]
TOTAL FM JAN 1     0    HIGHEST SLP M ON M
DPTR FM NORMAL     0    LOWEST  SLP 29.43 ON  8

[REMARKS]
