000
CXUS53 KGRR 171017
CF6BIV
PRELIMINARY LOCAL CLIMATOLOGICAL DATA (WS FORM: F-6)

                                          STATION:   HOLLAND
                                          MONTH:     JANUARY
                                          YEAR:      2018
                                          LATITUDE:   42 49 N
                                          LONGITUDE:  86 10 W

  TEMPERATURE IN F:       :PCPN:    SNOW:  WIND      :SUNSHINE: SKY     :PK WND
================================================================================
1   2   3   4   5  6A  6B    7    8   9   10  11  12  13   14  15   16   17  18
                                     12Z  AVG MX 2MIN
DY MAX MIN AVG DEP HDD CDD  WTR  SNW DPTH SPD SPD DIR MIN PSBL S-S WX    SPD DR
================================================================================

 1  16  10  13 -15  52   0 0.01    M    M  9.7 16 300   M    M  10 18     22 320
 2  20   4  12 -15  53   0 0.01    M    M 16.2 26 250   M    M   8 18     37 250
 3  21   5  13 -14  52   0 0.13    M    M  9.8 29 250   M    M  10 128    38 260
 4  17  -2   8 -19  57   0    T    M    M  5.6 14 330   M    M   7 8      20 350
 5  11  -4   4 -23  61   0    T    M    M  4.7 12 100   M    M   8 18     14 110
 6  14   8  11 -16  54   0 0.01    M    M  6.6 14 170   M    M  10 18     17 180
 7  31  10  21  -6  44   0 0.07    M    M 15.2 22 210   M    M   9 16     29 200
 8  37  31  34   8  31   0 0.08    M    M 15.3 25 250   M    M   6 18     34 250
 9  35  23  29   3  36   0 0.00    M    M  4.6 12 140   M    M   2 12     14 150
10  50  26  38  12  27   0    T    M    M 13.0 21 210   M    M   7 12     30 210
11  57  34  46  20  19   0 0.41    M    0 13.5 22 210   M    M  10 1      29 200
12  34  17  26   0  39   0 0.03    M    0 12.8 20 350   M    M   8 1      30  30
13  18  15  17  -9  48   0    T    M    0  7.2 16 340   M    M  10 8      24  20
14  20  15  18  -8  47   0    T    M    0 11.5 21 190   M    M   7 18     25 190
15  21  16  19  -7  46   0 0.02    M    M  9.4 16 140   M    M  10 18     21 140
16  21   4  13 -13  52   0 0.04    M    M  3.8 12 220   M    M   8 18     15 220
================================================================================
SM  423  212       718   0  0.81    M    158.9          M      130
================================================================================
AV 26.4 13.3                               9.9 FASTST   M    M   8    MAX(MPH)
                                 MISC ---->  # 29 250               # 38  260
================================================================================
NOTES:
# LAST OF SEVERAL OCCURRENCES

COLUMN 17 PEAK WIND IN M.P.H.

PRELIMINARY LOCAL CLIMATOLOGICAL DATA (WS FORM: F-6) , PAGE 2

                                          STATION:  HOLLAND
                                          MONTH:    JANUARY
                                          YEAR:     2018
                                          LATITUDE:   42 49 N
                                          LONGITUDE:  86 10 W

[TEMPERATURE DATA]      [PRECIPITATION DATA]       SYMBOLS USED IN COLUMN 16

AVERAGE MONTHLY: 19.8   TOTAL FOR MONTH:   0.81    1 = FOG OR MIST
DPTR FM NORMAL:  -6.7   DPTR FM NORMAL:   -0.27    2 = FOG REDUCING VISIBILITY
HIGHEST:    57 ON 11    GRTST 24HR  0.41 ON 11-11      TO 1/4 MILE OR LESS
LOWEST:     -4 ON  5                               3 = THUNDER
                        SNOW, ICE PELLETS, HAIL    4 = ICE PELLETS
                        TOTAL MONTH:    M          5 = HAIL
                        GRTST 24HR    M  ON   M    6 = FREEZING RAIN OR DRIZZLE
                        GRTST DEPTH:   0           7 = DUSTSTORM OR SANDSTORM:
                                                       VSBY 1/2 MILE OR LESS
                                                   8 = SMOKE OR HAZE
[NO. OF DAYS WITH]      [WEATHER - DAYS WITH]      9 = BLOWING SNOW
                                                   X = TORNADO
MAX 32 OR BELOW:  11    0.01 INCH OR MORE:  10
MAX 90 OR ABOVE:   0    0.10 INCH OR MORE:   2
MIN 32 OR BELOW:  15    0.50 INCH OR MORE:   0
MIN  0 OR BELOW:   2    1.00 INCH OR MORE:   0

[HDD (BASE 65) ]
TOTAL THIS MO.   718    CLEAR  (SCALE 0-3)   1
DPTR FM NORMAL   103    PTCLDY (SCALE 4-7)   8
TOTAL FM JUL 1  3058    CLOUDY (SCALE 8-10)  7
DPTR FM NORMAL   175

[CDD (BASE 65) ]
TOTAL THIS MO.     0
DPTR FM NORMAL     0    [PRESSURE DATA]
TOTAL FM JAN 1     0    HIGHEST SLP M ON M
DPTR FM NORMAL     0    LOWEST  SLP 29.64 ON 11

[REMARKS]
